103.115.24.125 - - [22/Dec/2025:16:12:09 +0000] "GET /wp-content/themes/imedica/js/bootstrap.min.js HTTP/1.1" 200 8558 "http://delta-hospital.com/?fbclid=IwY2xjawO2TPZleHRuA2FlbQIxMQBzcnRjBmFwcF9pZAwzNTA2ODU1MzE3MjgAAR48lUjBqxnBC6zYSJASkqTRpOK8s-dkdimLZFydfZce32q6jKCNQjV_we9moQ_aem_TJ8TsbEB6IPBRWTjgQt9IQ" "Mozilla/5.0 (Linux; Android 16; Pixel 6a Build/BP4A.251205.006; wv) AppleWebKit/537.36 (KHTML, like Gecko) Version/4.0 Chrome/143.0.7499.114 Mobile Safari/537.36 [FB_IAB/FB4A;FBAV/543.0.0.5.73;IABMV/1;]"
103.115.24.125 - - [22/Dec/2025:16:12:13 +0000] "GET /wp-content/plugins/Ultimate_VC_Addons/assets/img/cross.png HTTP/1.1" 200 1163 "http://delta-hospital.com/wp-content/plugins/Ultimate_VC_Addons/assets/min-css/ultimate.min.css" "Mozilla/5.0 (Linux; Android 16; Pixel 6a Build/BP4A.251205.006; wv) AppleWebKit/537.36 (KHTML, like Gecko) Version/4.0 Chrome/143.0.7499.114 Mobile Safari/537.36 [FB_IAB/FB4A;FBAV/543.0.0.5.73;IABMV/1;]"
103.115.24.125 - - [22/Dec/2025:16:12:14 +0000] "GET /wp-content/plugins/ml-slider/assets/sliders/flexslider/bg_direction_nav.png HTTP/1.1" 200 1866 "http://delta-hospital.com/wp-content/plugins/ml-slider/assets/metaslider/public.css" "Mozilla/5.0 (Linux; Android 16; Pixel 6a Build/BP4A.251205.006; wv) AppleWebKit/537.36 (KHTML, like Gecko) Version/4.0 Chrome/143.0.7499.114 Mobile Safari/537.36 [FB_IAB/FB4A;FBAV/543.0.0.5.73;IABMV/1;]"
103.115.24.125 - - [22/Dec/2025:16:12:10 +0000] "GET /wp-content/plugins/ml-slider/assets/sliders/flexslider/jquery.flexslider.min.js HTTP/1.1" 200 6573 "http://delta-hospital.com/?fbclid=IwY2xjawO2TPZleHRuA2FlbQIxMQBzcnRjBmFwcF9pZAwzNTA2ODU1MzE3MjgAAR48lUjBqxnBC6zYSJASkqTRpOK8s-dkdimLZFydfZce32q6jKCNQjV_we9moQ_aem_TJ8TsbEB6IPBRWTjgQt9IQ" "Mozilla/5.0 (Linux; Android 16; Pixel 6a Build/BP4A.251205.006; wv) AppleWebKit/537.36 (KHTML, like Gecko) Version/4.0 Chrome/143.0.7499.114 Mobile Safari/537.36 [FB_IAB/FB4A;FBAV/543.0.0.5.73;IABMV/1;]"
103.115.24.125 - - [22/Dec/2025:16:12:13 +0000] "GET /wp-content/plugins/post-slider-carousel/images/bx_loader.gif HTTP/1.1" 200 8581 "http://delta-hospital.com/wp-content/plugins/post-slider-carousel/css/p_s_c_bx.css" "Mozilla/5.0 (Linux; Android 16; Pixel 6a Build/BP4A.251205.006; wv) AppleWebKit/537.36 (KHTML, like Gecko) Version/4.0 Chrome/143.0.7499.114 Mobile Safari/537.36 [FB_IAB/FB4A;FBAV/543.0.0.5.73;IABMV/1;]"
103.115.24.125 - - [22/Dec/2025:16:12:17 +0000] "GET /wp-content/uploads/2018/02/logo-medical3.png HTTP/1.1" 200 4579 "http://delta-hospital.com/?fbclid=IwY2xjawO2TPZleHRuA2FlbQIxMQBzcnRjBmFwcF9pZAwzNTA2ODU1MzE3MjgAAR48lUjBqxnBC6zYSJASkqTRpOK8s-dkdimLZFydfZce32q6jKCNQjV_we9moQ_aem_TJ8TsbEB6IPBRWTjgQt9IQ" "Mozilla/5.0 (Linux; Android 16; Pixel 6a Build/BP4A.251205.006; wv) AppleWebKit/537.36 (KHTML, like Gecko) Version/4.0 Chrome/143.0.7499.114 Mobile Safari/537.36 [FB_IAB/FB4A;FBAV/543.0.0.5.73;IABMV/1;]"
43.173.176.84 - - [22/Dec/2025:16:16:33 +0000] "GET / HTTP/1.1" 200 93928 "-" "Mozilla/5.0 (Windows NT 6.1; Win64; x64) AppleWebKit/537.36 (KHTML, like Gecko) Chrome/126.0.6478.114 Safari/537.36"
43.173.179.27 - - [22/Dec/2025:16:16:44 +0000] "GET / HTTP/1.1" 200 93896 "-" "Mozilla/5.0 (Windows NT 10.0; Win64; x64) AppleWebKit/537.36 (KHTML, like Gecko) Chrome/106.0.5249.119 Safari/537.36"
103.115.24.125 - - [22/Dec/2025:16:18:55 +0000] "GET /wp-content/uploads/2018/02/logo-medical2.png HTTP/1.1" 200 3060 "fbapp://350685531728/unknown" "[FBAN/FB4A;FBAV/543.0.0.5.73;FBBV/842059546;FBDM/{density=2.625,width=1080,height=2400};FBLC/en_Qaau_US;FBRV/0;FBCR/Airtel;FBMF/Google;FBBD/google;FBPN/com.facebook.katana;FBDV/Pixel 6a;FBSV/16;FBOP/1;FBCA/arm64-v8a:;]"
114.119.156.74 - - [22/Dec/2025:16:27:34 +0000] "GET /wp-includes/global-styles-and-settings.php HTTP/1.1" 302 0 "http://delta-hospital.com/wp-includes/?SD" "Mozilla/5.0 (Linux; Android 7.0;) AppleWebKit/537.36 (KHTML, like Gecko) Mobile Safari/537.36 (compatible; PetalBot;+https://webmaster.petalsearch.com/site/petalbot)"
114.119.156.74 - - [22/Dec/2025:16:27:34 +0000] "GET /amp.php HTTP/1.1" 200 14631 "http://delta-hospital.com/wp-includes/?SD" "Mozilla/5.0 (Linux; Android 7.0;) AppleWebKit/537.36 (KHTML, like Gecko) Mobile Safari/537.36 (compatible; PetalBot;+https://webmaster.petalsearch.com/site/petalbot)"
114.119.151.89 - - [22/Dec/2025:16:28:56 +0000] "GET /wp-includes/ID3/module.audio.dts.php HTTP/1.1" 500 0 "http://delta-hospital.com/wp-includes/ID3/?NA" "Mozilla/5.0 (Linux; Android 7.0;) AppleWebKit/537.36 (KHTML, like Gecko) Mobile Safari/537.36 (compatible; PetalBot;+https://webmaster.petalsearch.com/site/petalbot)"
104.165.79.40 - - [22/Dec/2025:16:41:02 +0000] "GET /doctor/shahrin-akram/ HTTP/1.1" 200 69610 "-" "Mozilla/5.0 (Macintosh; Intel Mac OS X 10_15_7) AppleWebKit/537.36 (KHTML, like Gecko) Chrome/139.0.0.0 Safari/537.36"
111.225.148.81 - - [22/Dec/2025:16:46:23 +0000] "GET /robots.txt HTTP/1.1" 200 225 "-" "Mozilla/5.0 (Linux; Android 5.0) AppleWebKit/537.36 (KHTML, like Gecko) Mobile Safari/537.36 (compatible; Bytespider; https://zhanzhang.toutiao.com/)"
57.141.6.10 - - [22/Dec/2025:16:51:06 +0000] "GET /doctor/dr-mohammad-rifat-zia-hossain/ HTTP/1.1" 200 400423 "-" "meta-externalagent/1.1 (+https://developers.facebook.com/docs/sharing/webmasters/crawler)"
82.25.224.237 - - [22/Dec/2025:16:41:00 +0000] "GET /doctor/shahrin-akram/ HTTP/1.1" 200 69689 "-" "Mozilla/5.0 (Macintosh; Intel Mac OS X 10_15_7) AppleWebKit/537.36 (KHTML, like Gecko) Chrome/139.0.0.0 Safari/537.36"
112.86.225.65 - - [22/Dec/2025:16:50:00 +0000] "GET /department/oncology/ HTTP/1.1" 302 0 "-" "Sogou web spider/4.0(+http://www.sogou.com/docs/help/webmasters.htm#07)"
112.86.225.65 - - [22/Dec/2025:16:50:01 +0000] "GET /amp.php HTTP/1.1" 200 14631 "-" "Sogou web spider/4.0(+http://www.sogou.com/docs/help/webmasters.htm#07)"
173.252.82.5 - - [22/Dec/2025:16:37:47 +0000] "GET /robots.txt HTTP/1.1" 206 288 "-" "facebookexternalhit/1.1 (+http://www.facebook.com/externalhit_uatext.php)"
16.144.226.240 - - [22/Dec/2025:16:41:02 +0000] "GET /doctor/shahrin-akram/ HTTP/1.1" 200 69627 "-" "Mozilla/5.0 (Macintosh; Intel Mac OS X 10_15_7) AppleWebKit/537.36 (KHTML, like Gecko) Chrome/139.0.0.0 Safari/537.36"
35.91.163.206 - - [22/Dec/2025:16:41:00 +0000] "GET /doctor/shahrin-akram/ HTTP/1.1" 200 69687 "-" "Mozilla/5.0 (Windows NT 10.0; Win64; x64) AppleWebKit/537.36 (KHTML, like Gecko) Chrome/139.0.0.0 Safari/537.36"
57.141.6.2 - - [22/Dec/2025:16:45:33 +0000] "GET /doctor/dr-momena-begum/ HTTP/1.1" 200 400262 "-" "meta-externalagent/1.1 (+https://developers.facebook.com/docs/sharing/webmasters/crawler)"
49.0.4.72 - - [22/Dec/2025:16:59:31 +0000] "GET /wp-content/plugins/contact-form-7/includes/css/styles.css?ver=5.2.1 HTTP/1.1" 304 0 "http://delta-hospital.com/services/pathology-services/" "Mozilla/5.0 (Linux; Android 11; SM-A107F) AppleWebKit/537.36 (KHTML, like Gecko) Chrome/114.0.0.0 Mobile Safari/537.36"
49.0.4.72 - - [22/Dec/2025:16:59:31 +0000] "GET /wp-content/plugins/imedica-core/framework/static/libs/font-awesome/css/font-awesome.min.css?ver=2.5.2 HTTP/1.1" 304 0 "http://delta-hospital.com/services/pathology-services/" "Mozilla/5.0 (Linux; Android 11; SM-A107F) AppleWebKit/537.36 (KHTML, like Gecko) Chrome/114.0.0.0 Mobile Safari/537.36"
49.0.4.72 - - [22/Dec/2025:16:59:32 +0000] "GET /wp-content/uploads/smile_fonts/Defaults/Defaults.css?ver=5.9.2 HTTP/1.1" 304 0 "http://delta-hospital.com/services/pathology-services/" "Mozilla/5.0 (Linux; Android 11; SM-A107F) AppleWebKit/537.36 (KHTML, like Gecko) Chrome/114.0.0.0 Mobile Safari/537.36"
49.0.4.72 - - [22/Dec/2025:16:59:32 +0000] "GET /wp-content/plugins/js_composer/assets/css/js_composer.min.css?ver=5.0.1 HTTP/1.1" 304 0 "http://delta-hospital.com/services/pathology-services/" "Mozilla/5.0 (Linux; Android 11; SM-A107F) AppleWebKit/537.36 (KHTML, like Gecko) Chrome/114.0.0.0 Mobile Safari/537.36"
49.0.4.72 - - [22/Dec/2025:16:59:32 +0000] "GET /wp-includes/js/jquery/jquery-migrate.min.js?ver=3.3.2 HTTP/1.1" 304 0 "http://delta-hospital.com/services/pathology-services/" "Mozilla/5.0 (Linux; Android 11; SM-A107F) AppleWebKit/537.36 (KHTML, like Gecko) Chrome/114.0.0.0 Mobile Safari/537.36"
49.0.4.72 - - [22/Dec/2025:16:59:32 +0000] "GET /wp-content/plugins/Ultimate_VC_Addons/assets/min-js/ultimate-params.min.js?ver=3.16.7 HTTP/1.1" 304 0 "http://delta-hospital.com/services/pathology-services/" "Mozilla/5.0 (Linux; Android 11; SM-A107F) AppleWebKit/537.36 (KHTML, like Gecko) Chrome/114.0.0.0 Mobile Safari/537.36"
49.0.4.72 - - [22/Dec/2025:16:59:32 +0000] "GET /wp-content/themes/imedica/js/appear.js HTTP/1.1" 304 0 "http://delta-hospital.com/services/pathology-services/" "Mozilla/5.0 (Linux; Android 11; SM-A107F) AppleWebKit/537.36 (KHTML, like Gecko) Chrome/114.0.0.0 Mobile Safari/537.36"
49.0.4.72 - - [22/Dec/2025:16:59:32 +0000] "GET /wp-includes/js/jquery/jquery.min.js?ver=3.6.0 HTTP/1.1" 404 83088 "http://delta-hospital.com/services/pathology-services/" "Mozilla/5.0 (Linux; Android 11; SM-A107F) AppleWebKit/537.36 (KHTML, like Gecko) Chrome/114.0.0.0 Mobile Safari/537.36"
49.0.4.72 - - [22/Dec/2025:16:59:33 +0000] "GET /wp-content/plugins/fancy-gallery/assets/js/gallery-manager.js?ver=1.6.55 HTTP/1.1" 304 0 "http://delta-hospital.com/services/pathology-services/" "Mozilla/5.0 (Linux; Android 11; SM-A107F) AppleWebKit/537.36 (KHTML, like Gecko) Chrome/114.0.0.0 Mobile Safari/537.36"
49.0.4.72 - - [22/Dec/2025:16:59:34 +0000] "GET /wp-includes/js/masonry.min.js?ver=4.2.2 HTTP/1.1" 304 0 "http://delta-hospital.com/services/pathology-services/" "Mozilla/5.0 (Linux; Android 11; SM-A107F) AppleWebKit/537.36 (KHTML, like Gecko) Chrome/114.0.0.0 Mobile Safari/537.36"
49.0.4.72 - - [22/Dec/2025:16:59:34 +0000] "GET /wp-includes/js/jquery/jquery.masonry.min.js?ver=3.1.2b HTTP/1.1" 304 0 "http://delta-hospital.com/services/pathology-services/" "Mozilla/5.0 (Linux; Android 11; SM-A107F) AppleWebKit/537.36 (KHTML, like Gecko) Chrome/114.0.0.0 Mobile Safari/537.36"
49.0.4.72 - - [22/Dec/2025:16:59:34 +0000] "GET /wp-content/themes/imedica/js/jquery.justifiedGallery.min.js HTTP/1.1" 304 0 "http://delta-hospital.com/services/pathology-services/" "Mozilla/5.0 (Linux; Android 11; SM-A107F) AppleWebKit/537.36 (KHTML, like Gecko) Chrome/114.0.0.0 Mobile Safari/537.36"
49.0.4.72 - - [22/Dec/2025:16:59:34 +0000] "GET /wp-content/themes/imedica/js/custom.js HTTP/1.1" 304 0 "http://delta-hospital.com/services/pathology-services/" "Mozilla/5.0 (Linux; Android 11; SM-A107F) AppleWebKit/537.36 (KHTML, like Gecko) Chrome/114.0.0.0 Mobile Safari/537.36"
216.244.66.233 - - [22/Dec/2025:16:54:23 +0000] "GET /robots.txt HTTP/1.1" 200 288 "-" "Mozilla/5.0 (compatible; DotBot/1.2; +https://opensiteexplorer.org/dotbot; help@moz.com)"
57.141.6.17 - - [22/Dec/2025:16:54:43 +0000] "GET /doctor/dr-sufia-begum-shampy/ HTTP/1.1" 200 400470 "-" "meta-externalagent/1.1 (+https://developers.facebook.com/docs/sharing/webmasters/crawler)"
49.0.4.72 - - [22/Dec/2025:16:59:31 +0000] "GET /wp-content/plugins/fancy-gallery/assets/css/gallery-manager.css?ver=5.9.2 HTTP/1.1" 304 0 "http://delta-hospital.com/services/pathology-services/" "Mozilla/5.0 (Linux; Android 11; SM-A107F) AppleWebKit/537.36 (KHTML, like Gecko) Chrome/114.0.0.0 Mobile Safari/537.36"
49.0.4.72 - - [22/Dec/2025:16:59:32 +0000] "GET /wp-content/themes/imedica/style.css HTTP/1.1" 304 0 "http://delta-hospital.com/services/pathology-services/" "Mozilla/5.0 (Linux; Android 11; SM-A107F) AppleWebKit/537.36 (KHTML, like Gecko) Chrome/114.0.0.0 Mobile Safari/537.36"
49.0.4.72 - - [22/Dec/2025:16:59:32 +0000] "GET /wp-content/plugins/Ultimate_VC_Addons/assets/min-js/slick.min.js?ver=3.16.7 HTTP/1.1" 304 0 "http://delta-hospital.com/services/pathology-services/" "Mozilla/5.0 (Linux; Android 11; SM-A107F) AppleWebKit/537.36 (KHTML, like Gecko) Chrome/114.0.0.0 Mobile Safari/537.36"
49.0.4.72 - - [22/Dec/2025:16:59:31 +0000] "GET /wp-includes/css/dist/block-library/style.min.css?ver=5.9.2 HTTP/1.1" 404 83119 "http://delta-hospital.com/services/pathology-services/" "Mozilla/5.0 (Linux; Android 11; SM-A107F) AppleWebKit/537.36 (KHTML, like Gecko) Chrome/114.0.0.0 Mobile Safari/537.36"
49.0.4.72 - - [22/Dec/2025:16:59:34 +0000] "GET /wp-content/themes/imedica/js/bootstrap.min.js HTTP/1.1" 304 0 "http://delta-hospital.com/services/pathology-services/" "Mozilla/5.0 (Linux; Android 11; SM-A107F) AppleWebKit/537.36 (KHTML, like Gecko) Chrome/114.0.0.0 Mobile Safari/537.36"
49.0.4.72 - - [22/Dec/2025:16:59:34 +0000] "GET /wp-content/themes/imedica/js/slick.min.js HTTP/1.1" 304 0 "http://delta-hospital.com/services/pathology-services/" "Mozilla/5.0 (Linux; Android 11; SM-A107F) AppleWebKit/537.36 (KHTML, like Gecko) Chrome/114.0.0.0 Mobile Safari/537.36"
49.0.4.72 - - [22/Dec/2025:16:59:35 +0000] "GET /wp-content/plugins/imedica-core/framework/static/libs/font-awesome/fonts/fontawesome-webfont.woff2?v=4.4.0 HTTP/1.1" 200 64464 "http://delta-hospital.com/wp-content/plugins/imedica-core/framework/static/libs/font-awesome/css/font-awesome.min.css?ver=2.5.2" "Mozilla/5.0 (Linux; Android 11; SM-A107F) AppleWebKit/537.36 (KHTML, like Gecko) Chrome/114.0.0.0 Mobile Safari/537.36"
49.0.4.72 - - [22/Dec/2025:16:59:36 +0000] "GET /wp-content/uploads/2018/02/logo-medical3.png HTTP/1.1" 200 4579 "http://delta-hospital.com/services/pathology-services/" "Mozilla/5.0 (Linux; Android 11; SM-A107F) AppleWebKit/537.36 (KHTML, like Gecko) Chrome/114.0.0.0 Mobile Safari/537.36"
57.141.6.26 - - [22/Dec/2025:16:59:49 +0000] "GET /department/surgical-oncology/ HTTP/1.1" 200 400161 "-" "meta-externalagent/1.1 (+https://developers.facebook.com/docs/sharing/webmasters/crawler)"
216.244.66.233 - - [22/Dec/2025:17:01:41 +0000] "GET /doctor/dr-a-k-m-khairul-anam-chowdhury/ HTTP/1.1" 200 400338 "-" "Mozilla/5.0 (compatible; DotBot/1.2; +https://opensiteexplorer.org/dotbot; help@moz.com)"
170.10.162.208 - - [22/Dec/2025:17:03:14 +0000] "POST /wp-cron.php?doing_wp_cron=1766422994.9146749973297119140625 HTTP/1.1" 200 0 "http://delta-hospital.com/wp-cron.php?doing_wp_cron=1766422994.9146749973297119140625" "QVzDx7TB53Et"
216.244.66.233 - - [22/Dec/2025:17:03:14 +0000] "GET /doctor/dr-md-shahed-ul-matin/ HTTP/1.1" 200 400397 "-" "Mozilla/5.0 (compatible; DotBot/1.2; +https://opensiteexplorer.org/dotbot; help@moz.com)"
124.243.136.46 - - [22/Dec/2025:17:05:32 +0000] "GET /department/endocrinology/ HTTP/1.1" 200 83545 "-" "Mozilla/5.0 (Macintosh; Intel Mac OS X 10_15_7) AppleWebKit/537.36 (KHTML, like Gecko) Chrome/132.0.0.0 Safari/537.36"
49.0.4.72 - - [22/Dec/2025:16:59:33 +0000] "GET /wp-content/themes/imedica/vc_templates/js/jquery.bxslider.min.js?ver=5.9.2 HTTP/1.1" 304 0 "http://delta-hospital.com/services/pathology-services/" "Mozilla/5.0 (Linux; Android 11; SM-A107F) AppleWebKit/537.36 (KHTML, like Gecko) Chrome/114.0.0.0 Mobile Safari/537.36"
49.0.4.72 - - [22/Dec/2025:16:59:33 +0000] "GET /wp-content/plugins/contact-form-7/includes/js/scripts.js?ver=5.2.1 HTTP/1.1" 304 0 "http://delta-hospital.com/services/pathology-services/" "Mozilla/5.0 (Linux; Android 11; SM-A107F) AppleWebKit/537.36 (KHTML, like Gecko) Chrome/114.0.0.0 Mobile Safari/537.36"
49.0.4.72 - - [22/Dec/2025:16:59:34 +0000] "GET /wp-includes/js/imagesloaded.min.js?ver=4.1.4 HTTP/1.1" 304 0 "http://delta-hospital.com/services/pathology-services/" "Mozilla/5.0 (Linux; Android 11; SM-A107F) AppleWebKit/537.36 (KHTML, like Gecko) Chrome/114.0.0.0 Mobile Safari/537.36"
49.0.4.72 - - [22/Dec/2025:16:59:34 +0000] "GET /wp-content/uploads/2018/02/logo-medical2.png HTTP/1.1" 200 3060 "http://delta-hospital.com/services/pathology-services/" "Mozilla/5.0 (Linux; Android 11; SM-A107F) AppleWebKit/537.36 (KHTML, like Gecko) Chrome/114.0.0.0 Mobile Safari/537.36"
49.0.4.72 - - [22/Dec/2025:16:59:34 +0000] "GET /wp-content/uploads/2018/02/6.jpg HTTP/1.1" 304 0 "http://delta-hospital.com/services/pathology-services/" "Mozilla/5.0 (Linux; Android 11; SM-A107F) AppleWebKit/537.36 (KHTML, like Gecko) Chrome/114.0.0.0 Mobile Safari/537.36"
49.0.4.72 - - [22/Dec/2025:16:59:35 +0000] "GET /wp-content/themes/imedica/vc_templates/js/imedica_info_box.js HTTP/1.1" 304 0 "http://delta-hospital.com/services/pathology-services/" "Mozilla/5.0 (Linux; Android 11; SM-A107F) AppleWebKit/537.36 (KHTML, like Gecko) Chrome/114.0.0.0 Mobile Safari/537.36"
216.244.66.233 - - [22/Dec/2025:17:03:52 +0000] "GET /doctor/dr-rubaiyat-ferdush/ HTTP/1.1" 200 400335 "-" "Mozilla/5.0 (compatible; DotBot/1.2; +https://opensiteexplorer.org/dotbot; help@moz.com)"
57.141.6.13 - - [22/Dec/2025:17:07:24 +0000] "GET /doctor/dr-md-shariful-islam/ HTTP/1.1" 200 400362 "-" "meta-externalagent/1.1 (+https://developers.facebook.com/docs/sharing/webmasters/crawler)"
57.141.6.23 - - [22/Dec/2025:17:09:48 +0000] "GET /wp-json/oembed/1.0/embed?url=http%3A%2F%2Fdelta-hospital.com%2Fdoctor%2Fdr-tangera-akter%2F HTTP/1.1" 200 2452 "-" "meta-externalagent/1.1 (+https://developers.facebook.com/docs/sharing/webmasters/crawler)"
170.10.162.208 - - [22/Dec/2025:17:22:29 +0000] "POST /wp-cron.php?doing_wp_cron=1766424149.7338008880615234375000 HTTP/1.1" 200 0 "http://delta-hospital.com/wp-cron.php?doing_wp_cron=1766424149.7338008880615234375000" "g9HUXcAXXoDV"
47.128.37.79 - - [22/Dec/2025:17:48:21 +0000] "GET /robots.txt HTTP/1.1" 200 225 "-" "Mozilla/5.0 (Linux; Android 5.0) AppleWebKit/537.36 (KHTML, like Gecko) Mobile Safari/537.36 (compatible; Bytespider; spider-feedback@bytedance.com)"
4.189.136.213 - - [22/Dec/2025:17:49:17 +0000] "POST /ALFA_DATA/alfacgiapi/perl.alfa HTTP/1.1" 404 394319 "www.google.com" "Mozlila/5.0 (Linux; Android 7.0; SM-G892A Bulid/NRD90M; wv) AppleWebKit/537.36 (KHTML, like Gecko) Version/4.0 Chrome/60.0.3112.107 Moblie Safari/537.36"
4.189.136.213 - - [22/Dec/2025:17:49:17 +0000] "GET / HTTP/1.1" 200 508230 "-" "Mozlila/5.0 (Linux; Android 7.0; SM-G892A Bulid/NRD90M; wv) AppleWebKit/537.36 (KHTML, like Gecko) Version/4.0 Chrome/60.0.3112.107 Moblie Safari/537.36"
4.189.136.213 - - [22/Dec/2025:17:49:18 +0000] "POST /alfacgiapi/perl.alfa HTTP/1.1" 404 394280 "www.google.com" "Mozlila/5.0 (Linux; Android 7.0; SM-G892A Bulid/NRD90M; wv) AppleWebKit/537.36 (KHTML, like Gecko) Version/4.0 Chrome/60.0.3112.107 Moblie Safari/537.36"
4.189.136.213 - - [22/Dec/2025:17:49:18 +0000] "GET /wp-content/plugins/apikey/apikey.php?test=hello HTTP/1.1" 404 394325 "-" "Mozlila/5.0 (Linux; Android 7.0; SM-G892A Bulid/NRD90M; wv) AppleWebKit/537.36 (KHTML, like Gecko) Version/4.0 Chrome/60.0.3112.107 Moblie Safari/537.36"
103.151.52.4 - - [22/Dec/2025:17:07:15 +0000] "POST /wp-json/contact-form-7/v1/contact-forms/4/feedback HTTP/1.0" 200 106 "http://delta-hospital.com/contact-us/" "Mozilla/5.0 (Windows NT 10.0; Win64; x64) AppleWebKit/537.36 (KHTML, like Gecko) Chrome/131.0.0.0 Safari/537.36 Avast/131.0.0.0"
136.243.228.193 - - [22/Dec/2025:17:09:11 +0000] "GET /feed/ HTTP/1.1" 200 620 "-" "Mozilla/5.0 (compatible; DataForSeoBot/1.0; +https://dataforseo.com/dataforseo-bot)"
169.150.203.235 - - [22/Dec/2025:17:15:39 +0000] "GET / HTTP/1.1" 200 508245 "-" "Mozilla/5.0 (Windows NT 10.0; Win64; x64) AppleWebKit/537.36 (KHTML, like Gecko) Chrome/78.0.3904.108 Safari/537.36"
169.150.203.235 - - [22/Dec/2025:17:15:39 +0000] "GET /?author=1 HTTP/1.1" 301 0 "-" "Mozilla/5.0 (Windows NT 10.0; Win64; x64) AppleWebKit/537.36 (KHTML, like Gecko) Chrome/78.0.3904.108 Safari/537.36"
169.150.203.235 - - [22/Dec/2025:17:15:40 +0000] "GET /?author=2 HTTP/1.1" 200 394524 "-" "Mozilla/5.0 (Windows NT 10.0; Win64; x64) AppleWebKit/537.36 (KHTML, like Gecko) Chrome/78.0.3904.108 Safari/537.36"
169.150.203.235 - - [22/Dec/2025:17:15:40 +0000] "GET /wp-json/wp/v2/users/ HTTP/1.1" 200 602 "-" "Mozilla/5.0 (Windows NT 10.0; Win64; x64) AppleWebKit/537.36 (KHTML, like Gecko) Chrome/78.0.3904.108 Safari/537.36"
169.150.203.235 - - [22/Dec/2025:17:15:40 +0000] "POST /xmlrpc.php HTTP/1.1" 200 401 "-" "Mozilla/5.0 (Windows NT 10.0; Win64; x64) AppleWebKit/537.36 (KHTML, like Gecko) Chrome/78.0.3904.108 Safari/537.36"
169.150.203.235 - - [22/Dec/2025:17:15:40 +0000] "POST /xmlrpc.php HTTP/1.1" 200 401 "-" "Mozilla/5.0 (Windows NT 10.0; Win64; x64) AppleWebKit/537.36 (KHTML, like Gecko) Chrome/78.0.3904.108 Safari/537.36"
169.150.203.235 - - [22/Dec/2025:17:15:41 +0000] "POST /xmlrpc.php HTTP/1.1" 200 401 "-" "Mozilla/5.0 (Windows NT 10.0; Win64; x64) AppleWebKit/537.36 (KHTML, like Gecko) Chrome/78.0.3904.108 Safari/537.36"
169.150.203.235 - - [22/Dec/2025:17:15:41 +0000] "POST /xmlrpc.php HTTP/1.1" 200 401 "-" "Mozilla/5.0 (Windows NT 10.0; Win64; x64) AppleWebKit/537.36 (KHTML, like Gecko) Chrome/78.0.3904.108 Safari/537.36"
169.150.203.235 - - [22/Dec/2025:17:15:42 +0000] "POST /xmlrpc.php HTTP/1.1" 403 401 "-" "Mozilla/5.0 (Windows NT 10.0; Win64; x64) AppleWebKit/537.36 (KHTML, like Gecko) Chrome/78.0.3904.108 Safari/537.36"
66.249.69.96 - - [22/Dec/2025:17:26:10 +0000] "GET /assets/favicon.png HTTP/1.1" 302 0 "-" "Googlebot-Image/1.0"
66.249.69.97 - - [22/Dec/2025:17:26:10 +0000] "GET /amp.php HTTP/1.1" 200 12792 "-" "Googlebot-Image/1.0"
57.141.6.18 - - [22/Dec/2025:17:35:07 +0000] "GET /department/dental-unit/ HTTP/1.1" 200 398002 "-" "meta-externalagent/1.1 (+https://developers.facebook.com/docs/sharing/webmasters/crawler)"
166.1.209.116 - - [22/Dec/2025:17:36:37 +0000] "GET / HTTP/1.1" 200 74278 "-" "Mozilla/5.0 (Windows NT 10.0; Win64; x64) AppleWebKit/537.36 Chrome/120.0"
57.141.6.33 - - [22/Dec/2025:17:47:41 +0000] "GET /doctor/dr-mirza-md-shakhawat-hossain/ HTTP/1.1" 200 400358 "-" "meta-externalagent/1.1 (+https://developers.facebook.com/docs/sharing/webmasters/crawler)"
4.189.136.213 - - [22/Dec/2025:17:49:17 +0000] "POST /wp-plain.php HTTP/1.1" 404 394263 "www.google.com" "Mozilla/5.0 (Linux; Android 7.0; SM-G892A Bulid/NRD90M; wv) AppleWebKit/537.36 (KHTML, like Gecko) Version/4.0 Chrome/60.0.3112.107 Moblie Safari/537.36"
4.189.136.213 - - [22/Dec/2025:17:49:18 +0000] "GET /bcllqwwq.php?Fox=d3wL7 HTTP/1.1" 404 394290 "www.google.com" "Mozilla/5.0 (Linux; Android 7.0; SM-G892A Bulid/NRD90M; wv) AppleWebKit/537.36 (KHTML, like Gecko) Version/4.0 Chrome/60.0.3112.107 Moblie Safari/537.36"
57.141.6.2 - - [22/Dec/2025:17:49:24 +0000] "GET /doctor/supta-mondal/ HTTP/1.1" 200 400208 "-" "meta-externalagent/1.1 (+https://developers.facebook.com/docs/sharing/webmasters/crawler)"
110.249.202.106 - - [22/Dec/2025:17:53:44 +0000] "GET /robots.txt HTTP/1.1" 200 225 "-" "Mozilla/5.0 (Linux; Android 5.0) AppleWebKit/537.36 (KHTML, like Gecko) Mobile Safari/537.36 (compatible; Bytespider; https://zhanzhang.toutiao.com/)"
49.0.4.72 - - [22/Dec/2025:16:59:34 +0000] "GET /wp-content/themes/imedica/js/jquery.colorbox-min.js HTTP/1.1" 304 0 "http://delta-hospital.com/services/pathology-services/" "Mozilla/5.0 (Linux; Android 11; SM-A107F) AppleWebKit/537.36 (KHTML, like Gecko) Chrome/114.0.0.0 Mobile Safari/537.36"
49.0.4.72 - - [22/Dec/2025:16:59:34 +0000] "GET /wp-content/themes/imedica/vc_templates/js/imedica-buttons.js HTTP/1.1" 304 0 "http://delta-hospital.com/services/pathology-services/" "Mozilla/5.0 (Linux; Android 11; SM-A107F) AppleWebKit/537.36 (KHTML, like Gecko) Chrome/114.0.0.0 Mobile Safari/537.36"
49.0.4.72 - - [22/Dec/2025:16:59:35 +0000] "GET /wp-content/themes/imedica/vc_templates/js/imedica_feature_box.js HTTP/1.1" 304 0 "http://delta-hospital.com/services/pathology-services/" "Mozilla/5.0 (Linux; Android 11; SM-A107F) AppleWebKit/537.36 (KHTML, like Gecko) Chrome/114.0.0.0 Mobile Safari/537.36"
49.0.4.72 - - [22/Dec/2025:16:59:35 +0000] "GET /wp-includes/js/wp-emoji-release.min.js?ver=5.9.2 HTTP/1.1" 304 0 "http://delta-hospital.com/services/pathology-services/" "Mozilla/5.0 (Linux; Android 11; SM-A107F) AppleWebKit/537.36 (KHTML, like Gecko) Chrome/114.0.0.0 Mobile Safari/537.36"
49.0.4.72 - - [22/Dec/2025:16:59:34 +0000] "GET /services/pathology-services/ HTTP/1.1" 200 54691 "http://delta-hospital.com/services/pathology-services/" "Mozilla/5.0 (Linux; Android 11; SM-A107F) AppleWebKit/537.36 (KHTML, like Gecko) Chrome/114.0.0.0 Mobile Safari/537.36"
216.244.66.233 - - [22/Dec/2025:17:01:33 +0000] "GET /about-us/mission/ HTTP/1.1" 200 395675 "-" "Mozilla/5.0 (compatible; DotBot/1.2; +https://opensiteexplorer.org/dotbot; help@moz.com)"
216.244.66.233 - - [22/Dec/2025:17:02:05 +0000] "GET /doctor/dr-nibedita-paul/ HTTP/1.1" 200 400423 "-" "Mozilla/5.0 (compatible; DotBot/1.2; +https://opensiteexplorer.org/dotbot; help@moz.com)"
103.151.52.4 - - [22/Dec/2025:17:07:13 +0000] "GET /contact-us/ HTTP/1.0" 200 402710 "http://delta-hospital.com/contact-us/" "Mozilla/5.0 (Windows NT 10.0; Win64; x64) AppleWebKit/537.36 (KHTML, like Gecko) Chrome/131.0.0.0 Safari/537.36 Avast/131.0.0.0"
170.10.162.208 - - [22/Dec/2025:17:15:39 +0000] "POST /wp-cron.php?doing_wp_cron=1766423739.3399760723114013671875 HTTP/1.1" 200 0 "http://delta-hospital.com/wp-cron.php?doing_wp_cron=1766423739.3399760723114013671875" "LdRafyOFWRX5"
173.244.207.37 - - [22/Dec/2025:17:22:05 +0000] "GET /wp-login.php HTTP/1.1" 404 394316 "-" "Mozilla/6.0 (Windows NT 11.0; Win64; x64) AppleWebKit/537.36 (KHTML, like Gecko) Chrome/135.7.43.25 Safari/537.36"
173.244.207.37 - - [22/Dec/2025:17:22:31 +0000] "POST /xmlrpc.php HTTP/1.1" 200 401 "-" "Mozilla/6.0 (Windows NT 11.0; Win64; x64) AppleWebKit/537.36 (KHTML, like Gecko) Chrome/135.7.43.25 Safari/537.36"
57.141.6.22 - - [22/Dec/2025:17:37:11 +0000] "GET /department/internal-medicine-pulmonology/ HTTP/1.1" 200 398158 "-" "meta-externalagent/1.1 (+https://developers.facebook.com/docs/sharing/webmasters/crawler)"
216.244.66.233 - - [22/Dec/2025:17:39:28 +0000] "GET /robots.txt HTTP/1.1" 200 288 "-" "Mozilla/5.0 (compatible; DotBot/1.2; +https://opensiteexplorer.org/dotbot; help@moz.com)"
57.141.6.34 - - [22/Dec/2025:17:39:42 +0000] "GET /department/gastroenterology/ HTTP/1.1" 200 399071 "-" "meta-externalagent/1.1 (+https://developers.facebook.com/docs/sharing/webmasters/crawler)"
216.244.66.233 - - [22/Dec/2025:17:46:35 +0000] "GET /news-media/media/ HTTP/1.1" 200 394745 "-" "Mozilla/5.0 (compatible; DotBot/1.2; +https://opensiteexplorer.org/dotbot; help@moz.com)"
4.189.136.213 - - [22/Dec/2025:17:49:17 +0000] "GET /wp-content/themes/seotheme/db.php?u HTTP/1.1" 404 394313 "www.google.com" "Mozlila/5.0 (Linux; Android 7.0; SM-G892A Bulid/NRD90M; wv) AppleWebKit/537.36 (KHTML, like Gecko) Version/4.0 Chrome/60.0.3112.107 Moblie Safari/537.36"
34.106.134.75 - - [22/Dec/2025:17:58:42 +0000] "HEAD / HTTP/1.1" 200 0 "http://mail.delta-hospital.com/" "Mozilla/5.0 (Linux; Android 14; Samsung SM-A546B) AppleWebKit/537.36 (KHTML, like Gecko) Chrome/126.0.6478.14 Mobile Safari/537.36"
4.189.136.213 - - [22/Dec/2025:17:49:19 +0000] "GET /plugins/content/apismtp/apismtp.php?test=hello HTTP/1.1" 404 394326 "-" "Mozlila/5.0 (Linux; Android 7.0; SM-G892A Bulid/NRD90M; wv) AppleWebKit/537.36 (KHTML, like Gecko) Version/4.0 Chrome/60.0.3112.107 Moblie Safari/537.36"
4.189.136.213 - - [22/Dec/2025:17:49:19 +0000] "GET /wp-content/plugins/apikey/apikey.php.suspected?test=hello HTTP/1.1" 404 394293 "-" "Mozlila/5.0 (Linux; Android 7.0; SM-G892A Bulid/NRD90M; wv) AppleWebKit/537.36 (KHTML, like Gecko) Version/4.0 Chrome/60.0.3112.107 Moblie Safari/537.36"
4.189.136.213 - - [22/Dec/2025:17:49:19 +0000] "GET /plugins/content/apismtp/apismtp.php.suspected?test=hello HTTP/1.1" 404 394314 "-" "Mozlila/5.0 (Linux; Android 7.0; SM-G892A Bulid/NRD90M; wv) AppleWebKit/537.36 (KHTML, like Gecko) Version/4.0 Chrome/60.0.3112.107 Moblie Safari/537.36"
34.106.134.75 - - [22/Dec/2025:17:58:41 +0000] "HEAD /wordpress/ HTTP/1.1" 404 0 "-" "Mozilla/5.0 (Linux; Android 11; moto g31) AppleWebKit/537.36 (KHTML, like Gecko) Chrome/122.0.6261.96 Mobile Safari/537.36"
34.106.134.75 - - [22/Dec/2025:17:58:42 +0000] "HEAD /backup/ HTTP/1.1" 404 0 "-" "Mozilla/5.0 (Linux; Android 14; SM-A146P) AppleWebKit/537.36 (KHTML, like Gecko) SamsungBrowser/25.0 Chrome/123.0.6312.120 Mobile Safari/537.36"
34.106.134.75 - - [22/Dec/2025:17:58:42 +0000] "HEAD /wp/ HTTP/1.1" 404 0 "-" "Mozilla/5.0 (Linux; Android 14; Samsung SM-A546B) AppleWebKit/537.36 (KHTML, like Gecko) Chrome/126.0.6478.14 Mobile Safari/537.36"
34.106.134.75 - - [22/Dec/2025:17:58:42 +0000] "HEAD / HTTP/1.1" 301 0 "-" "Mozilla/5.0 (Linux; Android 14; Samsung SM-A546B) AppleWebKit/537.36 (KHTML, like Gecko) Chrome/126.0.6478.14 Mobile Safari/537.36"
34.106.134.75 - - [22/Dec/2025:17:58:42 +0000] "HEAD /blog/ HTTP/1.1" 404 0 "-" "Mozilla/5.0 (Linux; Android 13; Pixel 7a) AppleWebKit/537.36 (KHTML, like Gecko) Chrome/124.0.6367.82 Mobile Safari/537.36"
34.106.134.75 - - [22/Dec/2025:17:58:43 +0000] "HEAD /new/ HTTP/1.1" 404 0 "-" "Mozilla/5.0 (Windows NT 10.0; WOW64) AppleWebKit/537.36 (KHTML, like Gecko) Chrome/118.0.5993.90 Safari/537.36"
34.106.134.75 - - [22/Dec/2025:17:58:43 +0000] "HEAD /old/ HTTP/1.1" 404 0 "-" "Mozilla/5.0 (iPhone; CPU iPhone OS 17_5 like Mac OS X) AppleWebKit/605.1.15 (KHTML, like Gecko) Version/17.5 Mobile/15E148 Safari/604.1"
66.249.69.107 - - [22/Dec/2025:18:11:26 +0000] "GET /doctor/ HTTP/1.1" 302 0 "-" "Mozilla/5.0 (Linux; Android 6.0.1; Nexus 5X Build/MMB29P) AppleWebKit/537.36 (KHTML, like Gecko) Chrome/141.0.7390.122 Mobile Safari/537.36 (compatible; Googlebot/2.1; +http://www.google.com/bot.html)"
66.249.69.107 - - [22/Dec/2025:18:16:31 +0000] "GET /index/info-2.svg HTTP/1.1" 302 0 "http://delta-hospital.com/amp.php" "Mozilla/5.0 (Linux; Android 6.0.1; Nexus 5X Build/MMB29P) AppleWebKit/537.36 (KHTML, like Gecko) Chrome/141.0.7390.122 Mobile Safari/537.36 (compatible; Googlebot/2.1; +http://www.google.com/bot.html)"
43.130.15.147 - - [22/Dec/2025:18:02:19 +0000] "GET / HTTP/1.1" 200 78882 "-" "Mozilla/5.0 (iPhone; CPU iPhone OS 13_2_3 like Mac OS X) AppleWebKit/605.1.15 (KHTML, like Gecko) Version/13.0.3 Mobile/15E148 Safari/604.1"
138.199.35.8 - - [22/Dec/2025:18:03:38 +0000] "GET / HTTP/1.1" 200 508269 "-" "Mozilla/5.0 (Windows NT 10.0; Win64; x64) AppleWebKit/537.36 (KHTML, like Gecko) Chrome/78.0.3904.108 Safari/537.36"
138.199.35.8 - - [22/Dec/2025:18:03:39 +0000] "GET /?author=1 HTTP/1.1" 301 0 "-" "Mozilla/5.0 (Windows NT 10.0; Win64; x64) AppleWebKit/537.36 (KHTML, like Gecko) Chrome/78.0.3904.108 Safari/537.36"
138.199.35.8 - - [22/Dec/2025:18:03:39 +0000] "GET /?author=2 HTTP/1.1" 200 394411 "-" "Mozilla/5.0 (Windows NT 10.0; Win64; x64) AppleWebKit/537.36 (KHTML, like Gecko) Chrome/78.0.3904.108 Safari/537.36"
138.199.35.8 - - [22/Dec/2025:18:03:39 +0000] "GET /wp-json/wp/v2/users/ HTTP/1.1" 200 602 "-" "Mozilla/5.0 (Windows NT 10.0; Win64; x64) AppleWebKit/537.36 (KHTML, like Gecko) Chrome/78.0.3904.108 Safari/537.36"
138.199.35.8 - - [22/Dec/2025:18:03:40 +0000] "POST /xmlrpc.php HTTP/1.1" 200 401 "-" "Mozilla/5.0 (Windows NT 10.0; Win64; x64) AppleWebKit/537.36 (KHTML, like Gecko) Chrome/78.0.3904.108 Safari/537.36"
138.199.35.8 - - [22/Dec/2025:18:03:40 +0000] "POST /xmlrpc.php HTTP/1.1" 200 401 "-" "Mozilla/5.0 (Windows NT 10.0; Win64; x64) AppleWebKit/537.36 (KHTML, like Gecko) Chrome/78.0.3904.108 Safari/537.36"
138.199.35.8 - - [22/Dec/2025:18:03:40 +0000] "POST /xmlrpc.php HTTP/1.1" 200 401 "-" "Mozilla/5.0 (Windows NT 10.0; Win64; x64) AppleWebKit/537.36 (KHTML, like Gecko) Chrome/78.0.3904.108 Safari/537.36"
138.199.35.8 - - [22/Dec/2025:18:03:40 +0000] "POST /xmlrpc.php HTTP/1.1" 200 401 "-" "Mozilla/5.0 (Windows NT 10.0; Win64; x64) AppleWebKit/537.36 (KHTML, like Gecko) Chrome/78.0.3904.108 Safari/537.36"
138.199.35.8 - - [22/Dec/2025:18:03:42 +0000] "POST /xmlrpc.php HTTP/1.1" 403 401 "-" "Mozilla/5.0 (Windows NT 10.0; Win64; x64) AppleWebKit/537.36 (KHTML, like Gecko) Chrome/78.0.3904.108 Safari/537.36"
66.249.69.97 - - [22/Dec/2025:18:16:28 +0000] "GET /doctor/prof-dr-md-abdul-bari/ HTTP/1.1" 302 0 "-" "Mozilla/5.0 (Linux; Android 6.0.1; Nexus 5X Build/MMB29P) AppleWebKit/537.36 (KHTML, like Gecko) Chrome/141.0.7390.122 Mobile Safari/537.36 (compatible; Googlebot/2.1; +http://www.google.com/bot.html)"
216.244.66.233 - - [22/Dec/2025:18:24:15 +0000] "GET /robots.txt HTTP/1.1" 200 288 "-" "Mozilla/5.0 (compatible; DotBot/1.2; +https://opensiteexplorer.org/dotbot; help@moz.com)"
54.145.186.166 - - [22/Dec/2025:18:25:42 +0000] "GET /robots.txt HTTP/1.1" 200 288 "-" "TerraCotta https://github.com/CeramicTeam/CeramicTerracotta"
139.177.229.4 - - [22/Dec/2025:18:26:00 +0000] "GET /wp-json/wp/v2/posts HTTP/1.1" 200 587 "-" "Mozilla/5.0 (Windows NT 10.0; Win64; x64) AppleWebKit/537.36 (KHTML, like Gecko) Chrome/120.0.0.0 Safari/537.36"
216.244.66.233 - - [22/Dec/2025:18:31:10 +0000] "GET /doctor/dr-afia-akhter/ HTTP/1.1" 200 400284 "-" "Mozilla/5.0 (compatible; DotBot/1.2; +https://opensiteexplorer.org/dotbot; help@moz.com)"
57.141.6.28 - - [22/Dec/2025:17:58:50 +0000] "GET /doctor/dr-mehjabeen-tasnuva-aslam/ HTTP/1.1" 200 400371 "-" "meta-externalagent/1.1 (+https://developers.facebook.com/docs/sharing/webmasters/crawler)"
43.153.107.22 - - [22/Dec/2025:18:16:26 +0000] "GET / HTTP/1.1" 200 0 "-" "Mozilla/5.0 (iPhone; CPU iPhone OS 13_2_3 like Mac OS X) AppleWebKit/605.1.15 (KHTML, like Gecko) Version/13.0.3 Mobile/15E148 Safari/604.1"
66.249.69.96 - - [22/Dec/2025:18:21:25 +0000] "GET / HTTP/1.1" 302 0 "-" "Mozilla/5.0 (Linux; Android 6.0.1; Nexus 5X Build/MMB29P) AppleWebKit/537.36 (KHTML, like Gecko) Chrome/141.0.7390.122 Mobile Safari/537.36 (compatible; Googlebot/2.1; +http://www.google.com/bot.html)"
139.177.229.4 - - [22/Dec/2025:18:26:01 +0000] "POST /wp-comments-post.php HTTP/1.1" 302 0 "-" "Mozilla/5.0 (Windows NT 10.0; Win64; x64) AppleWebKit/537.36 (KHTML, like Gecko) Chrome/120.0.0.0 Safari/537.36"
170.10.162.208 - - [22/Dec/2025:18:31:11 +0000] "POST /wp-cron.php?doing_wp_cron=1766428271.9839088916778564453125 HTTP/1.1" 200 0 "http://delta-hospital.com/wp-cron.php?doing_wp_cron=1766428271.9839088916778564453125" "x44GYNvKeiJz"
216.244.66.233 - - [22/Dec/2025:18:32:57 +0000] "GET /doctor/dr-hasina-alam/ HTTP/1.1" 200 400240 "-" "Mozilla/5.0 (compatible; DotBot/1.2; +https://opensiteexplorer.org/dotbot; help@moz.com)"
169.150.203.242 - - [22/Dec/2025:18:44:51 +0000] "GET / HTTP/1.1" 200 508247 "-" "Mozilla/5.0 (Windows NT 10.0; Win64; x64) AppleWebKit/537.36 (KHTML, like Gecko) Chrome/78.0.3904.108 Safari/537.36"
169.150.203.242 - - [22/Dec/2025:18:45:21 +0000] "GET /?author=1 HTTP/1.1" 301 0 "-" "Mozilla/5.0 (Windows NT 10.0; Win64; x64) AppleWebKit/537.36 (KHTML, like Gecko) Chrome/78.0.3904.108 Safari/537.36"
169.150.203.242 - - [22/Dec/2025:18:45:23 +0000] "GET /?author=2 HTTP/1.1" 200 394436 "-" "Mozilla/5.0 (Windows NT 10.0; Win64; x64) AppleWebKit/537.36 (KHTML, like Gecko) Chrome/78.0.3904.108 Safari/537.36"
169.150.203.242 - - [22/Dec/2025:18:45:23 +0000] "GET /wp-json/wp/v2/users/ HTTP/1.1" 200 602 "-" "Mozilla/5.0 (Windows NT 10.0; Win64; x64) AppleWebKit/537.36 (KHTML, like Gecko) Chrome/78.0.3904.108 Safari/537.36"
169.150.203.242 - - [22/Dec/2025:18:45:23 +0000] "POST /xmlrpc.php HTTP/1.1" 200 401 "-" "Mozilla/5.0 (Windows NT 10.0; Win64; x64) AppleWebKit/537.36 (KHTML, like Gecko) Chrome/78.0.3904.108 Safari/537.36"
169.150.203.242 - - [22/Dec/2025:18:45:24 +0000] "POST /xmlrpc.php HTTP/1.1" 200 401 "-" "Mozilla/5.0 (Windows NT 10.0; Win64; x64) AppleWebKit/537.36 (KHTML, like Gecko) Chrome/78.0.3904.108 Safari/537.36"
169.150.203.242 - - [22/Dec/2025:18:45:24 +0000] "POST /xmlrpc.php HTTP/1.1" 200 401 "-" "Mozilla/5.0 (Windows NT 10.0; Win64; x64) AppleWebKit/537.36 (KHTML, like Gecko) Chrome/78.0.3904.108 Safari/537.36"
169.150.203.242 - - [22/Dec/2025:18:45:24 +0000] "POST /xmlrpc.php HTTP/1.1" 200 401 "-" "Mozilla/5.0 (Windows NT 10.0; Win64; x64) AppleWebKit/537.36 (KHTML, like Gecko) Chrome/78.0.3904.108 Safari/537.36"
169.150.203.242 - - [22/Dec/2025:18:45:25 +0000] "POST /xmlrpc.php HTTP/1.1" 403 401 "-" "Mozilla/5.0 (Windows NT 10.0; Win64; x64) AppleWebKit/537.36 (KHTML, like Gecko) Chrome/78.0.3904.108 Safari/537.36"
57.141.6.31 - - [22/Dec/2025:18:40:23 +0000] "GET /department/pathology/ HTTP/1.1" 200 405372 "-" "meta-externalagent/1.1 (+https://developers.facebook.com/docs/sharing/webmasters/crawler)"
34.227.234.246 - - [22/Dec/2025:18:41:25 +0000] "GET /doctor/dr-russel-ahmed-khan-lodi/ HTTP/1.1" 200 84388 "-" "Mozilla/5.0 AppleWebKit/537.36 (KHTML, like Gecko; compatible; Amazonbot/0.1; +https://developer.amazon.com/support/amazonbot) Chrome/119.0.6045.214 Safari/537.36"

Batosay - 2023
IDNSEO Team