27.115.124.70 - - [26/Dec/2025:06:32:49 +0000] "GET /wp-content/uploads/psc_post_slider_carousel/Dr.-Shahed-ul-Matin_220_220.jpeg HTTP/1.1" 200 4914 "http://delta-hospital.com/" "Mozilla/5.0 (Linux; Android 10; HUAWEI P30 Pro) AppleWebKit/537.36 (KHTML, like Gecko) Chrome/89.0.4389.105 Mobile Safari/537.36"
27.115.124.70 - - [26/Dec/2025:06:32:50 +0000] "GET /wp-content/uploads/psc_post_slider_carousel/20190527_132219_220_220.jpg HTTP/1.1" 200 12739 "http://delta-hospital.com/" "Mozilla/5.0 (Linux; Android 10; HUAWEI P30 Pro) AppleWebKit/537.36 (KHTML, like Gecko) Chrome/89.0.4389.105 Mobile Safari/537.36"
27.115.124.70 - - [26/Dec/2025:06:32:50 +0000] "GET /wp-content/uploads/psc_post_slider_carousel/Fouzia-Sultana_220_220.jpg HTTP/1.1" 200 9829 "http://delta-hospital.com/" "Mozilla/5.0 (Linux; Android 10; HUAWEI P30 Pro) AppleWebKit/537.36 (KHTML, like Gecko) Chrome/89.0.4389.105 Mobile Safari/537.36"
27.115.124.70 - - [26/Dec/2025:06:32:50 +0000] "GET /wp-content/uploads/psc_post_slider_carousel/Dr.-Shariful-Islam-Jony_220_220.jpg HTTP/1.1" 200 6627 "http://delta-hospital.com/" "Mozilla/5.0 (Linux; Android 10; HUAWEI P30 Pro) AppleWebKit/537.36 (KHTML, like Gecko) Chrome/89.0.4389.105 Mobile Safari/537.36"
27.115.124.70 - - [26/Dec/2025:06:32:50 +0000] "GET /wp-includes/js/imagesloaded.min.js HTTP/1.1" 200 2471 "http://delta-hospital.com/" "Mozilla/5.0 (Linux; Android 10; HUAWEI P30 Pro) AppleWebKit/537.36 (KHTML, like Gecko) Chrome/89.0.4389.105 Mobile Safari/537.36"
27.115.124.70 - - [26/Dec/2025:06:32:50 +0000] "GET /wp-content/themes/imedica/vc_templates/js/imedica-buttons.js HTTP/1.1" 200 290 "http://delta-hospital.com/" "Mozilla/5.0 (Linux; Android 10; HUAWEI P30 Pro) AppleWebKit/537.36 (KHTML, like Gecko) Chrome/89.0.4389.105 Mobile Safari/537.36"
27.115.124.6 - - [26/Dec/2025:06:32:50 +0000] "GET /wp-content/themes/imedica/vc_templates/js/imedica_info_box.js HTTP/1.1" 200 383 "http://delta-hospital.com/" "Mozilla/5.0 (Linux; Android 10; HUAWEI P30 Pro) AppleWebKit/537.36 (KHTML, like Gecko) Chrome/89.0.4389.105 Mobile Safari/537.36"
27.115.124.109 - - [26/Dec/2025:06:32:50 +0000] "GET /wp-content/plugins/js_composer/assets/js/dist/js_composer_front.min.js HTTP/1.1" 200 5622 "http://delta-hospital.com/" "Mozilla/5.0 (Linux; Android 10; HUAWEI P30 Pro) AppleWebKit/537.36 (KHTML, like Gecko) Chrome/89.0.4389.105 Mobile Safari/537.36"
27.115.124.6 - - [26/Dec/2025:06:32:53 +0000] "GET /about-us/ HTTP/1.1" 200 85187 "-" "Mozilla/5.0 (Linux; Android 11; CPH2185) AppleWebKit/537.36 (KHTML, like Gecko) Chrome/91.0.4472.101 Mobile Safari/537.36"
27.115.124.118 - - [26/Dec/2025:06:32:53 +0000] "GET /about-us/vision/ HTTP/1.1" 200 83624 "-" "Mozilla/5.0 (Linux; U; Android 8.1.0; zh-cn; MI 8 Build/OPM1.171019.011) AppleWebKit/537.36 (KHTML, like Gecko) Version/4.0 Chrome/57.0.2987.108 Mobile Safari/537.36"
27.115.124.118 - - [26/Dec/2025:06:32:54 +0000] "GET /wp-content/plugins/contact-form-7/includes/css/styles.css HTTP/1.1" 200 676 "http://delta-hospital.com/about-us/vision/" "Mozilla/5.0 (Linux; U; Android 8.1.0; zh-cn; MI 8 Build/OPM1.171019.011) AppleWebKit/537.36 (KHTML, like Gecko) Version/4.0 Chrome/57.0.2987.108 Mobile Safari/537.36"
27.115.124.6 - - [26/Dec/2025:06:32:54 +0000] "GET /wp-content/plugins/contact-form-7/includes/css/styles.css HTTP/1.1" 200 676 "http://delta-hospital.com/about-us/" "Mozilla/5.0 (Linux; Android 11; CPH2185) AppleWebKit/537.36 (KHTML, like Gecko) Chrome/91.0.4472.101 Mobile Safari/537.36"
123.6.49.12 - - [26/Dec/2025:06:32:54 +0000] "GET / HTTP/1.1" 200 93996 "-" "Mozilla/5.0 (Linux; Android 10; HUAWEI P30 Pro) AppleWebKit/537.36 (KHTML, like Gecko) Chrome/89.0.4389.105 Mobile Safari/537.36"
27.115.124.118 - - [26/Dec/2025:06:32:54 +0000] "GET /wp-content/plugins/post-slider-carousel/css/p_s_c_bx.css HTTP/1.1" 200 1925 "http://delta-hospital.com/about-us/vision/" "Mozilla/5.0 (Linux; U; Android 8.1.0; zh-cn; MI 8 Build/OPM1.171019.011) AppleWebKit/537.36 (KHTML, like Gecko) Version/4.0 Chrome/57.0.2987.108 Mobile Safari/537.36"
27.115.124.101 - - [26/Dec/2025:06:32:54 +0000] "GET /wp-content/plugins/post-slider-carousel/css/psc_grid.css HTTP/1.1" 200 3309 "http://delta-hospital.com/about-us/vision/" "Mozilla/5.0 (Linux; U; Android 8.1.0; zh-cn; MI 8 Build/OPM1.171019.011) AppleWebKit/537.36 (KHTML, like Gecko) Version/4.0 Chrome/57.0.2987.108 Mobile Safari/537.36"
27.115.124.38 - - [26/Dec/2025:06:32:54 +0000] "GET /wp-content/plugins/wp-job-manager/assets/css/chosen.css HTTP/1.1" 200 2230 "http://delta-hospital.com/about-us/" "Mozilla/5.0 (Linux; Android 11; CPH2185) AppleWebKit/537.36 (KHTML, like Gecko) Chrome/91.0.4472.101 Mobile Safari/537.36"
27.115.124.6 - - [26/Dec/2025:06:32:54 +0000] "GET /wp-content/plugins/wp-job-manager/assets/css/frontend.css HTTP/1.1" 200 4293 "http://delta-hospital.com/about-us/" "Mozilla/5.0 (Linux; Android 11; CPH2185) AppleWebKit/537.36 (KHTML, like Gecko) Chrome/91.0.4472.101 Mobile Safari/537.36"
27.115.124.6 - - [26/Dec/2025:06:32:54 +0000] "GET /wp-content/plugins/wp-job-manager/assets/css/chosen.css HTTP/1.1" 200 2230 "http://delta-hospital.com/about-us/vision/" "Mozilla/5.0 (Linux; U; Android 8.1.0; zh-cn; MI 8 Build/OPM1.171019.011) AppleWebKit/537.36 (KHTML, like Gecko) Version/4.0 Chrome/57.0.2987.108 Mobile Safari/537.36"
27.115.124.70 - - [26/Dec/2025:06:32:54 +0000] "GET /wp-content/plugins/post-slider-carousel/css/font-awesome/css/font-awesome.min.css HTTP/1.1" 200 6191 "http://delta-hospital.com/about-us/vision/" "Mozilla/5.0 (Linux; U; Android 8.1.0; zh-cn; MI 8 Build/OPM1.171019.011) AppleWebKit/537.36 (KHTML, like Gecko) Version/4.0 Chrome/57.0.2987.108 Mobile Safari/537.36"
123.6.49.12 - - [26/Dec/2025:06:32:54 +0000] "GET /wp-content/plugins/contact-form-7/includes/css/styles.css HTTP/1.1" 200 676 "http://delta-hospital.com/" "Mozilla/5.0 (Linux; Android 10; HUAWEI P30 Pro) AppleWebKit/537.36 (KHTML, like Gecko) Chrome/89.0.4389.105 Mobile Safari/537.36"
27.115.124.118 - - [26/Dec/2025:06:32:54 +0000] "GET /wp-content/plugins/imedica-core/framework/static/libs/font-awesome/css/font-awesome.min.css HTTP/1.1" 200 6027 "http://delta-hospital.com/about-us/vision/" "Mozilla/5.0 (Linux; U; Android 8.1.0; zh-cn; MI 8 Build/OPM1.171019.011) AppleWebKit/537.36 (KHTML, like Gecko) Version/4.0 Chrome/57.0.2987.108 Mobile Safari/537.36"
27.115.124.101 - - [26/Dec/2025:06:32:54 +0000] "GET /wp-content/uploads/smile_fonts/Defaults/Defaults.css HTTP/1.1" 200 4717 "http://delta-hospital.com/about-us/vision/" "Mozilla/5.0 (Linux; U; Android 8.1.0; zh-cn; MI 8 Build/OPM1.171019.011) AppleWebKit/537.36 (KHTML, like Gecko) Version/4.0 Chrome/57.0.2987.108 Mobile Safari/537.36"
27.115.124.70 - - [26/Dec/2025:06:32:54 +0000] "GET /wp-content/themes/imedica-child/style.css HTTP/1.1" 200 279 "http://delta-hospital.com/about-us/vision/" "Mozilla/5.0 (Linux; U; Android 8.1.0; zh-cn; MI 8 Build/OPM1.171019.011) AppleWebKit/537.36 (KHTML, like Gecko) Version/4.0 Chrome/57.0.2987.108 Mobile Safari/537.36"
27.115.124.6 - - [26/Dec/2025:06:32:54 +0000] "GET /wp-content/plugins/js_composer/assets/css/js_composer.min.css HTTP/1.1" 200 44282 "http://delta-hospital.com/about-us/vision/" "Mozilla/5.0 (Linux; U; Android 8.1.0; zh-cn; MI 8 Build/OPM1.171019.011) AppleWebKit/537.36 (KHTML, like Gecko) Version/4.0 Chrome/57.0.2987.108 Mobile Safari/537.36"
27.115.124.118 - - [26/Dec/2025:06:32:55 +0000] "GET /wp-content/themes/imedica/vc_templates/js/jquery.bxslider.min.js HTTP/1.1" 200 6007 "http://delta-hospital.com/about-us/vision/" "Mozilla/5.0 (Linux; U; Android 8.1.0; zh-cn; MI 8 Build/OPM1.171019.011) AppleWebKit/537.36 (KHTML, like Gecko) Version/4.0 Chrome/57.0.2987.108 Mobile Safari/537.36"
123.6.49.44 - - [26/Dec/2025:06:32:55 +0000] "GET /wp-content/plugins/post-slider-carousel/css/font-awesome/css/font-awesome.min.css HTTP/1.1" 200 6191 "http://delta-hospital.com/" "Mozilla/5.0 (Linux; Android 10; HUAWEI P30 Pro) AppleWebKit/537.36 (KHTML, like Gecko) Chrome/89.0.4389.105 Mobile Safari/537.36"
123.6.49.12 - - [26/Dec/2025:06:32:55 +0000] "GET /wp-content/plugins/post-slider-carousel/css/psc_grid.css HTTP/1.1" 200 3309 "http://delta-hospital.com/" "Mozilla/5.0 (Linux; Android 10; HUAWEI P30 Pro) AppleWebKit/537.36 (KHTML, like Gecko) Chrome/89.0.4389.105 Mobile Safari/537.36"
27.115.124.118 - - [26/Dec/2025:06:32:55 +0000] "GET /wp-includes/js/jquery/jquery-migrate.min.js HTTP/1.1" 200 4034 "http://delta-hospital.com/about-us/vision/" "Mozilla/5.0 (Linux; U; Android 8.1.0; zh-cn; MI 8 Build/OPM1.171019.011) AppleWebKit/537.36 (KHTML, like Gecko) Version/4.0 Chrome/57.0.2987.108 Mobile Safari/537.36"
27.115.124.101 - - [26/Dec/2025:06:32:55 +0000] "GET /wp-content/plugins/Ultimate_VC_Addons/assets/min-js/ultimate-params.min.js HTTP/1.1" 200 536 "http://delta-hospital.com/about-us/vision/" "Mozilla/5.0 (Linux; U; Android 8.1.0; zh-cn; MI 8 Build/OPM1.171019.011) AppleWebKit/537.36 (KHTML, like Gecko) Version/4.0 Chrome/57.0.2987.108 Mobile Safari/537.36"
27.115.124.6 - - [26/Dec/2025:06:32:55 +0000] "GET /wp-content/themes/imedica/js/slick.min.js HTTP/1.1" 200 8113 "http://delta-hospital.com/about-us/vision/" "Mozilla/5.0 (Linux; U; Android 8.1.0; zh-cn; MI 8 Build/OPM1.171019.011) AppleWebKit/537.36 (KHTML, like Gecko) Version/4.0 Chrome/57.0.2987.108 Mobile Safari/537.36"
27.115.124.70 - - [26/Dec/2025:06:32:55 +0000] "GET /wp-content/plugins/post-slider-carousel/js/psc_grid_min.js HTTP/1.1" 200 1515 "http://delta-hospital.com/about-us/vision/" "Mozilla/5.0 (Linux; U; Android 8.1.0; zh-cn; MI 8 Build/OPM1.171019.011) AppleWebKit/537.36 (KHTML, like Gecko) Version/4.0 Chrome/57.0.2987.108 Mobile Safari/537.36"
27.115.124.38 - - [26/Dec/2025:06:32:52 +0000] "GET /wp-content/uploads/2018/02/logo-medical3.png HTTP/1.1" 200 4579 "-" "Mozilla/5.0 (Windows NT 10.0; Win64; x64) AppleWebKit/537.36 (KHTML, like Gecko) Chrome/120.0.0.0 Safari/537.36"
27.115.124.109 - - [26/Dec/2025:06:32:54 +0000] "GET /wp-content/plugins/fancy-gallery/assets/css/gallery-manager.css HTTP/1.1" 200 1906 "http://delta-hospital.com/about-us/" "Mozilla/5.0 (Linux; Android 11; CPH2185) AppleWebKit/537.36 (KHTML, like Gecko) Chrome/91.0.4472.101 Mobile Safari/537.36"
27.115.124.109 - - [26/Dec/2025:06:32:54 +0000] "GET /wp-content/plugins/post-slider-carousel/css/p_s_c_bx.css HTTP/1.1" 200 1925 "http://delta-hospital.com/about-us/" "Mozilla/5.0 (Linux; Android 11; CPH2185) AppleWebKit/537.36 (KHTML, like Gecko) Chrome/91.0.4472.101 Mobile Safari/537.36"
27.115.124.70 - - [26/Dec/2025:06:32:54 +0000] "GET /wp-content/plugins/post-slider-carousel/css/psc_grid.css HTTP/1.1" 200 3309 "http://delta-hospital.com/about-us/" "Mozilla/5.0 (Linux; Android 11; CPH2185) AppleWebKit/537.36 (KHTML, like Gecko) Chrome/91.0.4472.101 Mobile Safari/537.36"
27.115.124.38 - - [26/Dec/2025:06:32:54 +0000] "GET /wp-content/themes/imedica/style.css HTTP/1.1" 200 372 "http://delta-hospital.com/about-us/vision/" "Mozilla/5.0 (Linux; U; Android 8.1.0; zh-cn; MI 8 Build/OPM1.171019.011) AppleWebKit/537.36 (KHTML, like Gecko) Version/4.0 Chrome/57.0.2987.108 Mobile Safari/537.36"
123.6.49.50 - - [26/Dec/2025:06:32:54 +0000] "GET /wp-content/plugins/fancy-gallery/assets/css/gallery-manager.css HTTP/1.1" 200 1906 "http://delta-hospital.com/" "Mozilla/5.0 (Linux; Android 10; HUAWEI P30 Pro) AppleWebKit/537.36 (KHTML, like Gecko) Chrome/89.0.4389.105 Mobile Safari/537.36"
27.115.124.38 - - [26/Dec/2025:06:32:55 +0000] "GET /wp-content/plugins/Ultimate_VC_Addons/assets/min-js/slick.min.js HTTP/1.1" 200 10073 "http://delta-hospital.com/about-us/vision/" "Mozilla/5.0 (Linux; U; Android 8.1.0; zh-cn; MI 8 Build/OPM1.171019.011) AppleWebKit/537.36 (KHTML, like Gecko) Version/4.0 Chrome/57.0.2987.108 Mobile Safari/537.36"
123.6.49.50 - - [26/Dec/2025:06:32:55 +0000] "GET /wp-content/plugins/post-slider-carousel/css/p_s_c_bx.css HTTP/1.1" 200 1925 "http://delta-hospital.com/" "Mozilla/5.0 (Linux; Android 10; HUAWEI P30 Pro) AppleWebKit/537.36 (KHTML, like Gecko) Chrome/89.0.4389.105 Mobile Safari/537.36"
27.115.124.38 - - [26/Dec/2025:06:32:55 +0000] "GET /wp-content/plugins/post-slider-carousel/js/p_s_c_bx.js HTTP/1.1" 200 14106 "http://delta-hospital.com/about-us/vision/" "Mozilla/5.0 (Linux; U; Android 8.1.0; zh-cn; MI 8 Build/OPM1.171019.011) AppleWebKit/537.36 (KHTML, like Gecko) Version/4.0 Chrome/57.0.2987.108 Mobile Safari/537.36"
27.115.124.38 - - [26/Dec/2025:06:32:55 +0000] "GET /wp-includes/js/wp-emoji-release.min.js HTTP/1.1" 200 4231 "http://delta-hospital.com/about-us/vision/" "Mozilla/5.0 (Linux; U; Android 8.1.0; zh-cn; MI 8 Build/OPM1.171019.011) AppleWebKit/537.36 (KHTML, like Gecko) Version/4.0 Chrome/57.0.2987.108 Mobile Safari/537.36"
123.6.49.50 - - [26/Dec/2025:06:32:56 +0000] "GET /wp-content/plugins/imedica-core/framework/static/libs/font-awesome/css/font-awesome.min.css HTTP/1.1" 200 6027 "http://delta-hospital.com/" "Mozilla/5.0 (Linux; Android 10; HUAWEI P30 Pro) AppleWebKit/537.36 (KHTML, like Gecko) Chrome/89.0.4389.105 Mobile Safari/537.36"
123.6.49.47 - - [26/Dec/2025:06:32:56 +0000] "GET /wp-content/themes/imedica/style.css HTTP/1.1" 200 372 "http://delta-hospital.com/" "Mozilla/5.0 (Linux; Android 10; HUAWEI P30 Pro) AppleWebKit/537.36 (KHTML, like Gecko) Chrome/89.0.4389.105 Mobile Safari/537.36"
123.6.49.12 - - [26/Dec/2025:06:32:56 +0000] "GET /wp-content/plugins/wp-job-manager/assets/css/frontend.css HTTP/1.1" 200 4293 "http://delta-hospital.com/" "Mozilla/5.0 (Linux; Android 10; HUAWEI P30 Pro) AppleWebKit/537.36 (KHTML, like Gecko) Chrome/89.0.4389.105 Mobile Safari/537.36"
27.115.124.118 - - [26/Dec/2025:06:32:55 +0000] "GET /wp-content/plugins/imedica-core/framework/static/libs/font-awesome/fonts/fontawesome-webfont.woff2?v=4.4.0 HTTP/1.1" 200 64464 "http://delta-hospital.com/wp-content/plugins/imedica-core/framework/static/libs/font-awesome/css/font-awesome.min.css" "Mozilla/5.0 (Linux; U; Android 8.1.0; zh-cn; MI 8 Build/OPM1.171019.011) AppleWebKit/537.36 (KHTML, like Gecko) Version/4.0 Chrome/57.0.2987.108 Mobile Safari/537.36"
27.115.124.101 - - [26/Dec/2025:06:32:55 +0000] "GET /wp-content/uploads/2018/02/1-4-300x150.jpg HTTP/1.1" 200 6831 "http://delta-hospital.com/about-us/vision/" "Mozilla/5.0 (Linux; U; Android 8.1.0; zh-cn; MI 8 Build/OPM1.171019.011) AppleWebKit/537.36 (KHTML, like Gecko) Version/4.0 Chrome/57.0.2987.108 Mobile Safari/537.36"
27.115.124.6 - - [26/Dec/2025:06:32:55 +0000] "GET /wp-content/uploads/2018/02/logo-medical2.png HTTP/1.1" 200 3060 "http://delta-hospital.com/about-us/vision/" "Mozilla/5.0 (Linux; U; Android 8.1.0; zh-cn; MI 8 Build/OPM1.171019.011) AppleWebKit/537.36 (KHTML, like Gecko) Version/4.0 Chrome/57.0.2987.108 Mobile Safari/537.36"
123.6.49.12 - - [26/Dec/2025:06:32:56 +0000] "GET /wp-content/plugins/js_composer/assets/css/js_composer.min.css HTTP/1.1" 200 44282 "http://delta-hospital.com/" "Mozilla/5.0 (Linux; Android 10; HUAWEI P30 Pro) AppleWebKit/537.36 (KHTML, like Gecko) Chrome/89.0.4389.105 Mobile Safari/537.36"
123.6.49.44 - - [26/Dec/2025:06:32:56 +0000] "GET /wp-content/uploads/smile_fonts/Defaults/Defaults.css HTTP/1.1" 200 4717 "http://delta-hospital.com/" "Mozilla/5.0 (Linux; Android 10; HUAWEI P30 Pro) AppleWebKit/537.36 (KHTML, like Gecko) Chrome/89.0.4389.105 Mobile Safari/537.36"
123.6.49.15 - - [26/Dec/2025:06:32:56 +0000] "GET /wp-content/plugins/wp-job-manager/assets/css/chosen.css HTTP/1.1" 200 2230 "http://delta-hospital.com/" "Mozilla/5.0 (Linux; Android 10; HUAWEI P30 Pro) AppleWebKit/537.36 (KHTML, like Gecko) Chrome/89.0.4389.105 Mobile Safari/537.36"
27.115.124.70 - - [26/Dec/2025:06:32:55 +0000] "GET /about-us/vision/ HTTP/1.1" 200 83650 "http://delta-hospital.com/about-us/vision/" "Mozilla/5.0 (Linux; U; Android 8.1.0; zh-cn; MI 8 Build/OPM1.171019.011) AppleWebKit/537.36 (KHTML, like Gecko) Version/4.0 Chrome/57.0.2987.108 Mobile Safari/537.36"
123.6.49.44 - - [26/Dec/2025:06:32:56 +0000] "GET /wp-content/themes/imedica-child/style.css HTTP/1.1" 200 279 "http://delta-hospital.com/" "Mozilla/5.0 (Linux; Android 10; HUAWEI P30 Pro) AppleWebKit/537.36 (KHTML, like Gecko) Chrome/89.0.4389.105 Mobile Safari/537.36"
123.6.49.12 - - [26/Dec/2025:06:32:56 +0000] "GET /wp-content/plugins/ml-slider/assets/sliders/flexslider/flexslider.css HTTP/1.1" 200 1159 "http://delta-hospital.com/" "Mozilla/5.0 (Linux; Android 10; HUAWEI P30 Pro) AppleWebKit/537.36 (KHTML, like Gecko) Chrome/89.0.4389.105 Mobile Safari/537.36"
123.6.49.15 - - [26/Dec/2025:06:32:56 +0000] "GET /wp-content/plugins/js_composer/assets/lib/bower/font-awesome/css/font-awesome.min.css HTTP/1.1" 200 6627 "http://delta-hospital.com/" "Mozilla/5.0 (Linux; Android 10; HUAWEI P30 Pro) AppleWebKit/537.36 (KHTML, like Gecko) Chrome/89.0.4389.105 Mobile Safari/537.36"
123.6.49.12 - - [26/Dec/2025:06:32:56 +0000] "GET /wp-content/plugins/Ultimate_VC_Addons/assets/min-js/slick.min.js HTTP/1.1" 200 10073 "http://delta-hospital.com/" "Mozilla/5.0 (Linux; Android 10; HUAWEI P30 Pro) AppleWebKit/537.36 (KHTML, like Gecko) Chrome/89.0.4389.105 Mobile Safari/537.36"
123.6.49.44 - - [26/Dec/2025:06:32:56 +0000] "GET /wp-includes/js/jquery/jquery.js HTTP/1.1" 200 33847 "http://delta-hospital.com/" "Mozilla/5.0 (Linux; Android 10; HUAWEI P30 Pro) AppleWebKit/537.36 (KHTML, like Gecko) Chrome/89.0.4389.105 Mobile Safari/537.36"
27.115.124.6 - - [26/Dec/2025:06:32:56 +0000] "GET /wp-content/plugins/Ultimate_VC_Addons/assets/min-js/slick.min.js HTTP/1.1" 200 10073 "http://delta-hospital.com/about-us/" "Mozilla/5.0 (Linux; Android 11; CPH2185) AppleWebKit/537.36 (KHTML, like Gecko) Chrome/91.0.4472.101 Mobile Safari/537.36"
27.115.124.6 - - [26/Dec/2025:06:32:50 +0000] "GET /wp-includes/js/wp-embed.min.js HTTP/1.1" 200 756 "http://delta-hospital.com/" "Mozilla/5.0 (Linux; Android 10; HUAWEI P30 Pro) AppleWebKit/537.36 (KHTML, like Gecko) Chrome/89.0.4389.105 Mobile Safari/537.36"
27.115.124.101 - - [26/Dec/2025:06:32:50 +0000] "GET /wp-content/plugins/ml-slider/assets/sliders/flexslider/jquery.flexslider.min.js HTTP/1.1" 200 6573 "http://delta-hospital.com/" "Mozilla/5.0 (Linux; Android 10; HUAWEI P30 Pro) AppleWebKit/537.36 (KHTML, like Gecko) Chrome/89.0.4389.105 Mobile Safari/537.36"
27.115.124.6 - - [26/Dec/2025:06:32:54 +0000] "GET /wp-content/plugins/fancy-gallery/assets/css/gallery-manager.css HTTP/1.1" 200 1906 "http://delta-hospital.com/about-us/vision/" "Mozilla/5.0 (Linux; U; Android 8.1.0; zh-cn; MI 8 Build/OPM1.171019.011) AppleWebKit/537.36 (KHTML, like Gecko) Version/4.0 Chrome/57.0.2987.108 Mobile Safari/537.36"
27.115.124.118 - - [26/Dec/2025:06:32:54 +0000] "GET /wp-content/plugins/post-slider-carousel/css/font-awesome/css/font-awesome.min.css HTTP/1.1" 200 6191 "http://delta-hospital.com/about-us/" "Mozilla/5.0 (Linux; Android 11; CPH2185) AppleWebKit/537.36 (KHTML, like Gecko) Chrome/91.0.4472.101 Mobile Safari/537.36"
27.115.124.6 - - [26/Dec/2025:06:32:54 +0000] "GET /wp-content/plugins/wp-job-manager/assets/css/frontend.css HTTP/1.1" 200 4293 "http://delta-hospital.com/about-us/vision/" "Mozilla/5.0 (Linux; U; Android 8.1.0; zh-cn; MI 8 Build/OPM1.171019.011) AppleWebKit/537.36 (KHTML, like Gecko) Version/4.0 Chrome/57.0.2987.108 Mobile Safari/537.36"
27.115.124.70 - - [26/Dec/2025:06:32:54 +0000] "GET /wp-content/themes/imedica/style.css HTTP/1.1" 200 372 "http://delta-hospital.com/about-us/" "Mozilla/5.0 (Linux; Android 11; CPH2185) AppleWebKit/537.36 (KHTML, like Gecko) Chrome/91.0.4472.101 Mobile Safari/537.36"
27.115.124.6 - - [26/Dec/2025:06:32:54 +0000] "GET /wp-includes/js/jquery/jquery.js HTTP/1.1" 200 33847 "http://delta-hospital.com/about-us/vision/" "Mozilla/5.0 (Linux; U; Android 8.1.0; zh-cn; MI 8 Build/OPM1.171019.011) AppleWebKit/537.36 (KHTML, like Gecko) Version/4.0 Chrome/57.0.2987.108 Mobile Safari/537.36"
27.115.124.6 - - [26/Dec/2025:06:32:55 +0000] "GET /wp-content/themes/imedica/js/custom.js HTTP/1.1" 200 5994 "http://delta-hospital.com/about-us/vision/" "Mozilla/5.0 (Linux; U; Android 8.1.0; zh-cn; MI 8 Build/OPM1.171019.011) AppleWebKit/537.36 (KHTML, like Gecko) Version/4.0 Chrome/57.0.2987.108 Mobile Safari/537.36"
27.115.124.6 - - [26/Dec/2025:06:32:55 +0000] "GET /wp-content/themes/imedica/js/appear.js HTTP/1.1" 200 1352 "http://delta-hospital.com/about-us/vision/" "Mozilla/5.0 (Linux; U; Android 8.1.0; zh-cn; MI 8 Build/OPM1.171019.011) AppleWebKit/537.36 (KHTML, like Gecko) Version/4.0 Chrome/57.0.2987.108 Mobile Safari/537.36"
27.115.124.6 - - [26/Dec/2025:06:32:55 +0000] "GET /wp-content/plugins/contact-form-7/includes/js/scripts.js HTTP/1.1" 200 4042 "http://delta-hospital.com/about-us/vision/" "Mozilla/5.0 (Linux; U; Android 8.1.0; zh-cn; MI 8 Build/OPM1.171019.011) AppleWebKit/537.36 (KHTML, like Gecko) Version/4.0 Chrome/57.0.2987.108 Mobile Safari/537.36"
27.115.124.118 - - [26/Dec/2025:06:32:56 +0000] "GET /wp-includes/js/jquery/jquery.js HTTP/1.1" 200 33847 "http://delta-hospital.com/about-us/" "Mozilla/5.0 (Linux; Android 11; CPH2185) AppleWebKit/537.36 (KHTML, like Gecko) Chrome/91.0.4472.101 Mobile Safari/537.36"
27.115.124.70 - - [26/Dec/2025:06:32:56 +0000] "GET /wp-content/themes/imedica-child/style.css HTTP/1.1" 200 279 "http://delta-hospital.com/about-us/" "Mozilla/5.0 (Linux; Android 11; CPH2185) AppleWebKit/537.36 (KHTML, like Gecko) Chrome/91.0.4472.101 Mobile Safari/537.36"
27.115.124.6 - - [26/Dec/2025:06:32:56 +0000] "GET /wp-includes/js/imagesloaded.min.js HTTP/1.1" 200 2471 "http://delta-hospital.com/about-us/vision/" "Mozilla/5.0 (Linux; U; Android 8.1.0; zh-cn; MI 8 Build/OPM1.171019.011) AppleWebKit/537.36 (KHTML, like Gecko) Version/4.0 Chrome/57.0.2987.108 Mobile Safari/537.36"
123.6.49.50 - - [26/Dec/2025:06:32:56 +0000] "GET /wp-content/plugins/Ultimate_VC_Addons/assets/min-css/ultimate.min.css HTTP/1.1" 200 46309 "http://delta-hospital.com/" "Mozilla/5.0 (Linux; Android 10; HUAWEI P30 Pro) AppleWebKit/537.36 (KHTML, like Gecko) Chrome/89.0.4389.105 Mobile Safari/537.36"
123.6.49.12 - - [26/Dec/2025:06:32:56 +0000] "GET /wp-content/plugins/ml-slider/assets/metaslider/public.css HTTP/1.1" 200 1512 "http://delta-hospital.com/" "Mozilla/5.0 (Linux; Android 10; HUAWEI P30 Pro) AppleWebKit/537.36 (KHTML, like Gecko) Chrome/89.0.4389.105 Mobile Safari/537.36"
123.6.49.47 - - [26/Dec/2025:06:32:56 +0000] "GET /wp-content/plugins/notice-board/css/msnb_style.css HTTP/1.1" 200 393 "http://delta-hospital.com/" "Mozilla/5.0 (Linux; Android 10; HUAWEI P30 Pro) AppleWebKit/537.36 (KHTML, like Gecko) Chrome/89.0.4389.105 Mobile Safari/537.36"
123.6.49.12 - - [26/Dec/2025:06:32:56 +0000] "GET /wp-content/themes/imedica/vc_templates/js/jquery.bxslider.min.js HTTP/1.1" 200 6007 "http://delta-hospital.com/" "Mozilla/5.0 (Linux; Android 10; HUAWEI P30 Pro) AppleWebKit/537.36 (KHTML, like Gecko) Chrome/89.0.4389.105 Mobile Safari/537.36"
27.115.124.109 - - [26/Dec/2025:06:32:56 +0000] "GET /wp-content/plugins/imedica-core/framework/static/libs/font-awesome/css/font-awesome.min.css HTTP/1.1" 200 6027 "http://delta-hospital.com/about-us/" "Mozilla/5.0 (Linux; Android 11; CPH2185) AppleWebKit/537.36 (KHTML, like Gecko) Chrome/91.0.4472.101 Mobile Safari/537.36"
27.115.124.70 - - [26/Dec/2025:06:32:56 +0000] "GET /wp-content/plugins/js_composer/assets/css/js_composer.min.css HTTP/1.1" 200 44282 "http://delta-hospital.com/about-us/" "Mozilla/5.0 (Linux; Android 11; CPH2185) AppleWebKit/537.36 (KHTML, like Gecko) Chrome/91.0.4472.101 Mobile Safari/537.36"
123.6.49.12 - - [26/Dec/2025:06:32:56 +0000] "GET /wp-content/themes/imedica/js/custom.js HTTP/1.1" 200 5994 "http://delta-hospital.com/" "Mozilla/5.0 (Linux; Android 10; HUAWEI P30 Pro) AppleWebKit/537.36 (KHTML, like Gecko) Chrome/89.0.4389.105 Mobile Safari/537.36"
123.6.49.50 - - [26/Dec/2025:06:32:56 +0000] "GET /wp-content/plugins/post-slider-carousel/js/p_s_c_bx.js HTTP/1.1" 200 14106 "http://delta-hospital.com/" "Mozilla/5.0 (Linux; Android 10; HUAWEI P30 Pro) AppleWebKit/537.36 (KHTML, like Gecko) Chrome/89.0.4389.105 Mobile Safari/537.36"
123.6.49.47 - - [26/Dec/2025:06:32:56 +0000] "GET /wp-content/plugins/Ultimate_VC_Addons/assets/min-js/modernizr-custom.min.js HTTP/1.1" 200 3562 "http://delta-hospital.com/" "Mozilla/5.0 (Linux; Android 10; HUAWEI P30 Pro) AppleWebKit/537.36 (KHTML, like Gecko) Chrome/89.0.4389.105 Mobile Safari/537.36"
27.115.124.109 - - [26/Dec/2025:06:32:56 +0000] "GET /wp-content/themes/imedica/vc_templates/js/jquery.bxslider.min.js HTTP/1.1" 200 6007 "http://delta-hospital.com/about-us/" "Mozilla/5.0 (Linux; Android 11; CPH2185) AppleWebKit/537.36 (KHTML, like Gecko) Chrome/91.0.4472.101 Mobile Safari/537.36"
123.6.49.12 - - [26/Dec/2025:06:32:56 +0000] "GET /wp-content/plugins/imedica-core/framework/static/libs/font-awesome/fonts/fontawesome-webfont.woff2?v=4.4.0 HTTP/1.1" 200 64464 "http://delta-hospital.com/wp-content/plugins/imedica-core/framework/static/libs/font-awesome/css/font-awesome.min.css" "Mozilla/5.0 (Linux; Android 10; HUAWEI P30 Pro) AppleWebKit/537.36 (KHTML, like Gecko) Chrome/89.0.4389.105 Mobile Safari/537.36"
27.115.124.38 - - [26/Dec/2025:06:32:56 +0000] "GET /wp-includes/js/masonry.min.js HTTP/1.1" 200 8538 "http://delta-hospital.com/about-us/vision/" "Mozilla/5.0 (Linux; U; Android 8.1.0; zh-cn; MI 8 Build/OPM1.171019.011) AppleWebKit/537.36 (KHTML, like Gecko) Version/4.0 Chrome/57.0.2987.108 Mobile Safari/537.36"
123.6.49.50 - - [26/Dec/2025:06:32:57 +0000] "GET /wp-content/uploads/2018/02/logo-medical2.png HTTP/1.1" 200 3060 "http://delta-hospital.com/" "Mozilla/5.0 (Linux; Android 10; HUAWEI P30 Pro) AppleWebKit/537.36 (KHTML, like Gecko) Chrome/89.0.4389.105 Mobile Safari/537.36"
27.115.124.38 - - [26/Dec/2025:06:32:56 +0000] "GET /wp-content/uploads/smile_fonts/Defaults/Defaults.css HTTP/1.1" 200 4717 "http://delta-hospital.com/about-us/" "Mozilla/5.0 (Linux; Android 11; CPH2185) AppleWebKit/537.36 (KHTML, like Gecko) Chrome/91.0.4472.101 Mobile Safari/537.36"
123.6.49.44 - - [26/Dec/2025:06:32:56 +0000] "GET /wp-content/themes/imedica/js/slick.min.js HTTP/1.1" 200 8113 "http://delta-hospital.com/" "Mozilla/5.0 (Linux; Android 10; HUAWEI P30 Pro) AppleWebKit/537.36 (KHTML, like Gecko) Chrome/89.0.4389.105 Mobile Safari/537.36"
123.6.49.12 - - [26/Dec/2025:06:32:56 +0000] "GET /wp-includes/js/jquery/jquery-migrate.min.js HTTP/1.1" 200 4034 "http://delta-hospital.com/" "Mozilla/5.0 (Linux; Android 10; HUAWEI P30 Pro) AppleWebKit/537.36 (KHTML, like Gecko) Chrome/89.0.4389.105 Mobile Safari/537.36"
123.6.49.15 - - [26/Dec/2025:06:32:56 +0000] "GET /wp-content/plugins/post-slider-carousel/js/psc_grid_min.js HTTP/1.1" 200 1515 "http://delta-hospital.com/" "Mozilla/5.0 (Linux; Android 10; HUAWEI P30 Pro) AppleWebKit/537.36 (KHTML, like Gecko) Chrome/89.0.4389.105 Mobile Safari/537.36"
27.115.124.118 - - [26/Dec/2025:06:32:56 +0000] "GET /wp-content/plugins/fancy-gallery/assets/js/gallery-manager.js HTTP/1.1" 200 10355 "http://delta-hospital.com/about-us/vision/" "Mozilla/5.0 (Linux; U; Android 8.1.0; zh-cn; MI 8 Build/OPM1.171019.011) AppleWebKit/537.36 (KHTML, like Gecko) Version/4.0 Chrome/57.0.2987.108 Mobile Safari/537.36"
27.115.124.101 - - [26/Dec/2025:06:32:56 +0000] "GET /wp-includes/js/jquery/jquery.masonry.min.js HTTP/1.1" 200 715 "http://delta-hospital.com/about-us/vision/" "Mozilla/5.0 (Linux; U; Android 8.1.0; zh-cn; MI 8 Build/OPM1.171019.011) AppleWebKit/537.36 (KHTML, like Gecko) Version/4.0 Chrome/57.0.2987.108 Mobile Safari/537.36"
27.115.124.6 - - [26/Dec/2025:06:32:56 +0000] "GET /wp-content/themes/imedica/js/jquery.justifiedGallery.min.js HTTP/1.1" 200 3364 "http://delta-hospital.com/about-us/vision/" "Mozilla/5.0 (Linux; U; Android 8.1.0; zh-cn; MI 8 Build/OPM1.171019.011) AppleWebKit/537.36 (KHTML, like Gecko) Version/4.0 Chrome/57.0.2987.108 Mobile Safari/537.36"
123.6.49.44 - - [26/Dec/2025:06:32:56 +0000] "GET /wp-content/uploads/smile_fonts/Defaults/Defaults.woff?rfa9z8 HTTP/1.1" 200 144232 "http://delta-hospital.com/wp-content/uploads/smile_fonts/Defaults/Defaults.css" "Mozilla/5.0 (Linux; Android 10; HUAWEI P30 Pro) AppleWebKit/537.36 (KHTML, like Gecko) Chrome/89.0.4389.105 Mobile Safari/537.36"
123.6.49.12 - - [26/Dec/2025:06:32:57 +0000] "GET /wp-content/plugins/js_composer/assets/lib/bower/font-awesome/fonts/fontawesome-webfont.woff2?v=4.6.3 HTTP/1.1" 200 71896 "http://delta-hospital.com/wp-content/plugins/js_composer/assets/lib/bower/font-awesome/css/font-awesome.min.css" "Mozilla/5.0 (Linux; Android 10; HUAWEI P30 Pro) AppleWebKit/537.36 (KHTML, like Gecko) Chrome/89.0.4389.105 Mobile Safari/537.36"
27.115.124.118 - - [26/Dec/2025:06:32:57 +0000] "GET /wp-content/themes/imedica/js/bootstrap.min.js HTTP/1.1" 200 8558 "http://delta-hospital.com/about-us/vision/" "Mozilla/5.0 (Linux; U; Android 8.1.0; zh-cn; MI 8 Build/OPM1.171019.011) AppleWebKit/537.36 (KHTML, like Gecko) Version/4.0 Chrome/57.0.2987.108 Mobile Safari/537.36"
27.115.124.101 - - [26/Dec/2025:06:32:57 +0000] "GET /wp-content/themes/imedica/js/jquery.colorbox-min.js HTTP/1.1" 200 4674 "http://delta-hospital.com/about-us/vision/" "Mozilla/5.0 (Linux; U; Android 8.1.0; zh-cn; MI 8 Build/OPM1.171019.011) AppleWebKit/537.36 (KHTML, like Gecko) Version/4.0 Chrome/57.0.2987.108 Mobile Safari/537.36"
27.115.124.6 - - [26/Dec/2025:06:32:57 +0000] "GET /wp-content/themes/imedica/vc_templates/js/imedica_feature_box.js HTTP/1.1" 200 312 "http://delta-hospital.com/about-us/vision/" "Mozilla/5.0 (Linux; U; Android 8.1.0; zh-cn; MI 8 Build/OPM1.171019.011) AppleWebKit/537.36 (KHTML, like Gecko) Version/4.0 Chrome/57.0.2987.108 Mobile Safari/537.36"
123.6.49.47 - - [26/Dec/2025:06:32:57 +0000] "GET /wp-includes/js/jquery/ui/core.min.js HTTP/1.1" 200 1827 "http://delta-hospital.com/" "Mozilla/5.0 (Linux; Android 10; HUAWEI P30 Pro) AppleWebKit/537.36 (KHTML, like Gecko) Chrome/89.0.4389.105 Mobile Safari/537.36"
27.115.124.38 - - [26/Dec/2025:06:32:57 +0000] "GET /wp-includes/js/wp-embed.min.js HTTP/1.1" 200 756 "http://delta-hospital.com/about-us/vision/" "Mozilla/5.0 (Linux; U; Android 8.1.0; zh-cn; MI 8 Build/OPM1.171019.011) AppleWebKit/537.36 (KHTML, like Gecko) Version/4.0 Chrome/57.0.2987.108 Mobile Safari/537.36"
123.6.49.50 - - [26/Dec/2025:06:32:57 +0000] "GET /wp-content/plugins/Ultimate_VC_Addons/assets/min-js/ultimate.min.js HTTP/1.1" 200 57868 "http://delta-hospital.com/" "Mozilla/5.0 (Linux; Android 10; HUAWEI P30 Pro) AppleWebKit/537.36 (KHTML, like Gecko) Chrome/89.0.4389.105 Mobile Safari/537.36"
27.115.124.109 - - [26/Dec/2025:06:32:57 +0000] "GET /wp-content/plugins/post-slider-carousel/js/p_s_c_bx.js HTTP/1.1" 200 14106 "http://delta-hospital.com/about-us/" "Mozilla/5.0 (Linux; Android 11; CPH2185) AppleWebKit/537.36 (KHTML, like Gecko) Chrome/91.0.4472.101 Mobile Safari/537.36"
27.115.124.70 - - [26/Dec/2025:06:32:57 +0000] "GET /wp-includes/js/jquery/jquery-migrate.min.js HTTP/1.1" 200 4034 "http://delta-hospital.com/about-us/" "Mozilla/5.0 (Linux; Android 11; CPH2185) AppleWebKit/537.36 (KHTML, like Gecko) Chrome/91.0.4472.101 Mobile Safari/537.36"
123.6.49.47 - - [26/Dec/2025:06:32:57 +0000] "GET /wp-content/plugins/Ultimate_VC_Addons/assets/min-js/ultimate-params.min.js HTTP/1.1" 200 536 "http://delta-hospital.com/" "Mozilla/5.0 (Linux; Android 10; HUAWEI P30 Pro) AppleWebKit/537.36 (KHTML, like Gecko) Chrome/89.0.4389.105 Mobile Safari/537.36"
27.115.124.109 - - [26/Dec/2025:06:32:57 +0000] "GET /wp-content/uploads/2018/02/logo-medical2.png HTTP/1.1" 200 3060 "http://delta-hospital.com/about-us/" "Mozilla/5.0 (Linux; Android 11; CPH2185) AppleWebKit/537.36 (KHTML, like Gecko) Chrome/91.0.4472.101 Mobile Safari/537.36"
27.115.124.38 - - [26/Dec/2025:06:32:57 +0000] "GET /wp-content/themes/imedica/css/colorbox/images/overlay.png HTTP/1.1" 200 182 "http://delta-hospital.com/about-us/vision/" "Mozilla/5.0 (Linux; U; Android 8.1.0; zh-cn; MI 8 Build/OPM1.171019.011) AppleWebKit/537.36 (KHTML, like Gecko) Version/4.0 Chrome/57.0.2987.108 Mobile Safari/537.36"
123.6.49.47 - - [26/Dec/2025:06:32:57 +0000] "GET /wp-content/uploads/2018/02/new-linack.jpg HTTP/1.1" 200 35437 "http://delta-hospital.com/" "Mozilla/5.0 (Linux; Android 10; HUAWEI P30 Pro) AppleWebKit/537.36 (KHTML, like Gecko) Chrome/89.0.4389.105 Mobile Safari/537.36"
27.115.124.70 - - [26/Dec/2025:06:32:57 +0000] "GET /about-us/ HTTP/1.1" 200 85323 "http://delta-hospital.com/about-us/" "Mozilla/5.0 (Linux; Android 11; CPH2185) AppleWebKit/537.36 (KHTML, like Gecko) Chrome/91.0.4472.101 Mobile Safari/537.36"
123.6.49.50 - - [26/Dec/2025:06:32:57 +0000] "GET /wp-content/uploads/2018/03/img5.jpg HTTP/1.1" 200 81231 "http://delta-hospital.com/" "Mozilla/5.0 (Linux; Android 10; HUAWEI P30 Pro) AppleWebKit/537.36 (KHTML, like Gecko) Chrome/89.0.4389.105 Mobile Safari/537.36"
123.6.49.12 - - [26/Dec/2025:06:32:57 +0000] "GET /wp-content/uploads/2018/03/Untitledd.png HTTP/1.1" 200 197149 "http://delta-hospital.com/" "Mozilla/5.0 (Linux; Android 10; HUAWEI P30 Pro) AppleWebKit/537.36 (KHTML, like Gecko) Chrome/89.0.4389.105 Mobile Safari/537.36"
123.6.49.50 - - [26/Dec/2025:06:32:58 +0000] "GET /wp-content/uploads/2018/02/3-2.jpg HTTP/1.1" 200 9858 "http://delta-hospital.com/" "Mozilla/5.0 (Linux; Android 10; HUAWEI P30 Pro) AppleWebKit/537.36 (KHTML, like Gecko) Chrome/89.0.4389.105 Mobile Safari/537.36"
123.6.49.47 - - [26/Dec/2025:06:32:58 +0000] "GET /wp-content/uploads/2018/02/2-2.jpg HTTP/1.1" 200 3746 "http://delta-hospital.com/" "Mozilla/5.0 (Linux; Android 10; HUAWEI P30 Pro) AppleWebKit/537.36 (KHTML, like Gecko) Chrome/89.0.4389.105 Mobile Safari/537.36"
123.6.49.12 - - [26/Dec/2025:06:32:57 +0000] "GET /wp-content/plugins/Ultimate_VC_Addons/assets/min-js/modal-all.min.js HTTP/1.1" 200 28892 "http://delta-hospital.com/" "Mozilla/5.0 (Linux; Android 10; HUAWEI P30 Pro) AppleWebKit/537.36 (KHTML, like Gecko) Chrome/89.0.4389.105 Mobile Safari/537.36"
27.115.124.6 - - [26/Dec/2025:06:32:57 +0000] "GET /wp-content/plugins/Ultimate_VC_Addons/assets/min-js/ultimate-params.min.js HTTP/1.1" 200 536 "http://delta-hospital.com/about-us/" "Mozilla/5.0 (Linux; Android 11; CPH2185) AppleWebKit/537.36 (KHTML, like Gecko) Chrome/91.0.4472.101 Mobile Safari/537.36"
27.115.124.38 - - [26/Dec/2025:06:32:57 +0000] "GET /wp-content/themes/imedica/js/appear.js HTTP/1.1" 200 1352 "http://delta-hospital.com/about-us/" "Mozilla/5.0 (Linux; Android 11; CPH2185) AppleWebKit/537.36 (KHTML, like Gecko) Chrome/91.0.4472.101 Mobile Safari/537.36"
123.6.49.15 - - [26/Dec/2025:06:32:57 +0000] "GET /wp-content/uploads/2018/03/Untitleddj.png HTTP/1.1" 200 193872 "http://delta-hospital.com/" "Mozilla/5.0 (Linux; Android 10; HUAWEI P30 Pro) AppleWebKit/537.36 (KHTML, like Gecko) Chrome/89.0.4389.105 Mobile Safari/537.36"
123.6.49.44 - - [26/Dec/2025:06:32:57 +0000] "GET /wp-content/themes/imedica/js/appear.js HTTP/1.1" 200 1352 "http://delta-hospital.com/" "Mozilla/5.0 (Linux; Android 10; HUAWEI P30 Pro) AppleWebKit/537.36 (KHTML, like Gecko) Chrome/89.0.4389.105 Mobile Safari/537.36"
27.115.124.38 - - [26/Dec/2025:06:32:57 +0000] "GET /wp-includes/js/wp-emoji-release.min.js HTTP/1.1" 200 4231 "http://delta-hospital.com/about-us/" "Mozilla/5.0 (Linux; Android 11; CPH2185) AppleWebKit/537.36 (KHTML, like Gecko) Chrome/91.0.4472.101 Mobile Safari/537.36"
27.115.124.6 - - [26/Dec/2025:06:32:57 +0000] "GET /wp-content/plugins/contact-form-7/includes/js/scripts.js HTTP/1.1" 200 4042 "http://delta-hospital.com/about-us/" "Mozilla/5.0 (Linux; Android 11; CPH2185) AppleWebKit/537.36 (KHTML, like Gecko) Chrome/91.0.4472.101 Mobile Safari/537.36"
123.6.49.12 - - [26/Dec/2025:06:32:57 +0000] "GET /wp-includes/js/wp-emoji-release.min.js HTTP/1.1" 200 4231 "http://delta-hospital.com/" "Mozilla/5.0 (Linux; Android 10; HUAWEI P30 Pro) AppleWebKit/537.36 (KHTML, like Gecko) Chrome/89.0.4389.105 Mobile Safari/537.36"
123.6.49.44 - - [26/Dec/2025:06:32:57 +0000] "GET /wp-content/uploads/2019/02/slider-medical-malpractice.jpg HTTP/1.1" 200 53131 "http://delta-hospital.com/" "Mozilla/5.0 (Linux; Android 10; HUAWEI P30 Pro) AppleWebKit/537.36 (KHTML, like Gecko) Chrome/89.0.4389.105 Mobile Safari/537.36"
123.6.49.12 - - [26/Dec/2025:06:32:57 +0000] "GET /wp-content/uploads/2018/02/1-2.jpg HTTP/1.1" 200 8757 "http://delta-hospital.com/" "Mozilla/5.0 (Linux; Android 10; HUAWEI P30 Pro) AppleWebKit/537.36 (KHTML, like Gecko) Chrome/89.0.4389.105 Mobile Safari/537.36"
123.6.49.44 - - [26/Dec/2025:06:32:58 +0000] "GET /wp-content/uploads/2018/02/5-2.jpg HTTP/1.1" 200 12724 "http://delta-hospital.com/" "Mozilla/5.0 (Linux; Android 10; HUAWEI P30 Pro) AppleWebKit/537.36 (KHTML, like Gecko) Chrome/89.0.4389.105 Mobile Safari/537.36"
123.6.49.12 - - [26/Dec/2025:06:32:58 +0000] "GET /wp-content/uploads/2018/02/4.jpg HTTP/1.1" 200 14763 "http://delta-hospital.com/" "Mozilla/5.0 (Linux; Android 10; HUAWEI P30 Pro) AppleWebKit/537.36 (KHTML, like Gecko) Chrome/89.0.4389.105 Mobile Safari/537.36"
123.6.49.15 - - [26/Dec/2025:06:32:58 +0000] "GET /wp-content/uploads/2018/02/6-2.jpg HTTP/1.1" 200 4624 "http://delta-hospital.com/" "Mozilla/5.0 (Linux; Android 10; HUAWEI P30 Pro) AppleWebKit/537.36 (KHTML, like Gecko) Chrome/89.0.4389.105 Mobile Safari/537.36"
123.6.49.44 - - [26/Dec/2025:06:32:58 +0000] "GET /wp-content/uploads/psc_post_slider_carousel/WhatsApp-Image-2024-04-23-at-12.16.41-PM_220_220.jpeg HTTP/1.1" 200 6395 "http://delta-hospital.com/" "Mozilla/5.0 (Linux; Android 10; HUAWEI P30 Pro) AppleWebKit/537.36 (KHTML, like Gecko) Chrome/89.0.4389.105 Mobile Safari/537.36"
123.6.49.12 - - [26/Dec/2025:06:32:58 +0000] "GET /wp-content/uploads/psc_post_slider_carousel/Image-1_220_220.jpg HTTP/1.1" 200 2538 "http://delta-hospital.com/" "Mozilla/5.0 (Linux; Android 10; HUAWEI P30 Pro) AppleWebKit/537.36 (KHTML, like Gecko) Chrome/89.0.4389.105 Mobile Safari/537.36"
123.6.49.15 - - [26/Dec/2025:06:32:58 +0000] "GET /wp-content/uploads/psc_post_slider_carousel/Dr.-Tangera-Akter_220_220.jpg HTTP/1.1" 200 11848 "http://delta-hospital.com/" "Mozilla/5.0 (Linux; Android 10; HUAWEI P30 Pro) AppleWebKit/537.36 (KHTML, like Gecko) Chrome/89.0.4389.105 Mobile Safari/537.36"
123.6.49.44 - - [26/Dec/2025:06:32:58 +0000] "GET /wp-content/uploads/psc_post_slider_carousel/Dr-.-Jesmin-Sultana_220_220.jpeg HTTP/1.1" 200 10328 "http://delta-hospital.com/" "Mozilla/5.0 (Linux; Android 10; HUAWEI P30 Pro) AppleWebKit/537.36 (KHTML, like Gecko) Chrome/89.0.4389.105 Mobile Safari/537.36"
123.6.49.12 - - [26/Dec/2025:06:32:58 +0000] "GET /wp-content/uploads/psc_post_slider_carousel/Dr.-Raihan-Siddiqui-_220_220.jpg HTTP/1.1" 200 14385 "http://delta-hospital.com/" "Mozilla/5.0 (Linux; Android 10; HUAWEI P30 Pro) AppleWebKit/537.36 (KHTML, like Gecko) Chrome/89.0.4389.105 Mobile Safari/537.36"
27.115.124.6 - - [26/Dec/2025:06:32:59 +0000] "GET /wp-includes/js/masonry.min.js HTTP/1.1" 200 8538 "http://delta-hospital.com/about-us/" "Mozilla/5.0 (Linux; Android 11; CPH2185) AppleWebKit/537.36 (KHTML, like Gecko) Chrome/91.0.4472.101 Mobile Safari/537.36"
123.6.49.44 - - [26/Dec/2025:06:32:59 +0000] "GET /wp-content/uploads/psc_post_slider_carousel/Supta-Mondal_220_220.jpg HTTP/1.1" 200 13571 "http://delta-hospital.com/" "Mozilla/5.0 (Linux; Android 10; HUAWEI P30 Pro) AppleWebKit/537.36 (KHTML, like Gecko) Chrome/89.0.4389.105 Mobile Safari/537.36"
123.6.49.12 - - [26/Dec/2025:06:32:59 +0000] "GET /wp-content/uploads/psc_post_slider_carousel/Dr.-Sabiha-Alam_220_220.jpg HTTP/1.1" 200 10593 "http://delta-hospital.com/" "Mozilla/5.0 (Linux; Android 10; HUAWEI P30 Pro) AppleWebKit/537.36 (KHTML, like Gecko) Chrome/89.0.4389.105 Mobile Safari/537.36"
123.6.49.15 - - [26/Dec/2025:06:32:59 +0000] "GET /wp-content/uploads/psc_post_slider_carousel/Dr.Sayed-Mukarram_220_220.jpg HTTP/1.1" 200 14485 "http://delta-hospital.com/" "Mozilla/5.0 (Linux; Android 10; HUAWEI P30 Pro) AppleWebKit/537.36 (KHTML, like Gecko) Chrome/89.0.4389.105 Mobile Safari/537.36"
123.6.49.44 - - [26/Dec/2025:06:32:59 +0000] "GET /wp-content/uploads/psc_post_slider_carousel/Dr.-Afia-Akhter_220_220.jpg HTTP/1.1" 200 7005 "http://delta-hospital.com/" "Mozilla/5.0 (Linux; Android 10; HUAWEI P30 Pro) AppleWebKit/537.36 (KHTML, like Gecko) Chrome/89.0.4389.105 Mobile Safari/537.36"
123.6.49.12 - - [26/Dec/2025:06:32:59 +0000] "GET /wp-content/uploads/psc_post_slider_carousel/Dr.-Nasim-Ahmed_220_220.jpg HTTP/1.1" 200 13532 "http://delta-hospital.com/" "Mozilla/5.0 (Linux; Android 10; HUAWEI P30 Pro) AppleWebKit/537.36 (KHTML, like Gecko) Chrome/89.0.4389.105 Mobile Safari/537.36"
123.6.49.15 - - [26/Dec/2025:06:32:59 +0000] "GET /wp-content/uploads/psc_post_slider_carousel/Dr.-Kazi-dil-Afroz_220_220.jpg HTTP/1.1" 200 9150 "http://delta-hospital.com/" "Mozilla/5.0 (Linux; Android 10; HUAWEI P30 Pro) AppleWebKit/537.36 (KHTML, like Gecko) Chrome/89.0.4389.105 Mobile Safari/537.36"
123.6.49.44 - - [26/Dec/2025:06:32:59 +0000] "GET /wp-content/uploads/psc_post_slider_carousel/Prof.-Dr.-Md.-Refat-Hossain-Malik_220_220.jpg HTTP/1.1" 200 9611 "http://delta-hospital.com/" "Mozilla/5.0 (Linux; Android 10; HUAWEI P30 Pro) AppleWebKit/537.36 (KHTML, like Gecko) Chrome/89.0.4389.105 Mobile Safari/537.36"
123.6.49.12 - - [26/Dec/2025:06:32:59 +0000] "GET /wp-content/uploads/psc_post_slider_carousel/Dr.-Nazmul-Kabir-Prodhan_220_220.jpg HTTP/1.1" 200 12127 "http://delta-hospital.com/" "Mozilla/5.0 (Linux; Android 10; HUAWEI P30 Pro) AppleWebKit/537.36 (KHTML, like Gecko) Chrome/89.0.4389.105 Mobile Safari/537.36"
123.6.49.12 - - [26/Dec/2025:06:32:58 +0000] "GET /wp-content/uploads/psc_post_slider_carousel/WhatsApp-Image-2025-08-06-at-5.23.07-PM-copy_220_220.jpg HTTP/1.1" 200 12272 "http://delta-hospital.com/" "Mozilla/5.0 (Linux; Android 10; HUAWEI P30 Pro) AppleWebKit/537.36 (KHTML, like Gecko) Chrome/89.0.4389.105 Mobile Safari/537.36"
123.6.49.50 - - [26/Dec/2025:06:32:58 +0000] "GET /wp-content/uploads/psc_post_slider_carousel/Ferdush_220_220.jpeg HTTP/1.1" 200 8579 "http://delta-hospital.com/" "Mozilla/5.0 (Linux; Android 10; HUAWEI P30 Pro) AppleWebKit/537.36 (KHTML, like Gecko) Chrome/89.0.4389.105 Mobile Safari/537.36"
123.6.49.12 - - [26/Dec/2025:06:32:58 +0000] "GET /wp-content/uploads/psc_post_slider_carousel/Dr.-Nibedita-Pal_220_220.jpg HTTP/1.1" 200 8212 "http://delta-hospital.com/" "Mozilla/5.0 (Linux; Android 10; HUAWEI P30 Pro) AppleWebKit/537.36 (KHTML, like Gecko) Chrome/89.0.4389.105 Mobile Safari/537.36"
123.6.49.47 - - [26/Dec/2025:06:32:58 +0000] "GET /wp-content/uploads/psc_post_slider_carousel/Dr.-Mishkat-jahan-psychiatrist_220_220.jpeg HTTP/1.1" 200 13876 "http://delta-hospital.com/" "Mozilla/5.0 (Linux; Android 10; HUAWEI P30 Pro) AppleWebKit/537.36 (KHTML, like Gecko) Chrome/89.0.4389.105 Mobile Safari/537.36"
123.6.49.50 - - [26/Dec/2025:06:32:58 +0000] "GET /wp-content/uploads/psc_post_slider_carousel/1672827392566_220_220.jpg HTTP/1.1" 200 10086 "http://delta-hospital.com/" "Mozilla/5.0 (Linux; Android 10; HUAWEI P30 Pro) AppleWebKit/537.36 (KHTML, like Gecko) Chrome/89.0.4389.105 Mobile Safari/537.36"
123.6.49.50 - - [26/Dec/2025:06:32:59 +0000] "GET /wp-content/uploads/psc_post_slider_carousel/Dr.-Nevis-Wadia_220_220.jpg HTTP/1.1" 200 6755 "http://delta-hospital.com/" "Mozilla/5.0 (Linux; Android 10; HUAWEI P30 Pro) AppleWebKit/537.36 (KHTML, like Gecko) Chrome/89.0.4389.105 Mobile Safari/537.36"
123.6.49.47 - - [26/Dec/2025:06:32:59 +0000] "GET /wp-content/uploads/psc_post_slider_carousel/Abu-Noman_220_220.jpg HTTP/1.1" 200 8770 "http://delta-hospital.com/" "Mozilla/5.0 (Linux; Android 10; HUAWEI P30 Pro) AppleWebKit/537.36 (KHTML, like Gecko) Chrome/89.0.4389.105 Mobile Safari/537.36"
123.6.49.12 - - [26/Dec/2025:06:32:59 +0000] "GET /wp-content/uploads/psc_post_slider_carousel/Shahrin-Akram_220_220.jpg HTTP/1.1" 200 10196 "http://delta-hospital.com/" "Mozilla/5.0 (Linux; Android 10; HUAWEI P30 Pro) AppleWebKit/537.36 (KHTML, like Gecko) Chrome/89.0.4389.105 Mobile Safari/537.36"
123.6.49.50 - - [26/Dec/2025:06:32:59 +0000] "GET /wp-content/uploads/psc_post_slider_carousel/Dr.-Nadira-Majid_220_220.jpg HTTP/1.1" 200 9846 "http://delta-hospital.com/" "Mozilla/5.0 (Linux; Android 10; HUAWEI P30 Pro) AppleWebKit/537.36 (KHTML, like Gecko) Chrome/89.0.4389.105 Mobile Safari/537.36"
123.6.49.47 - - [26/Dec/2025:06:32:59 +0000] "GET /wp-content/uploads/psc_post_slider_carousel/Prof.-Dr.-Munir-Hassan_220_220.jpg HTTP/1.1" 200 8677 "http://delta-hospital.com/" "Mozilla/5.0 (Linux; Android 10; HUAWEI P30 Pro) AppleWebKit/537.36 (KHTML, like Gecko) Chrome/89.0.4389.105 Mobile Safari/537.36"
123.6.49.12 - - [26/Dec/2025:06:32:59 +0000] "GET /wp-content/uploads/psc_post_slider_carousel/Dr.-Syed-Salauddin-Ahmed_220_220.jpg HTTP/1.1" 200 10411 "http://delta-hospital.com/" "Mozilla/5.0 (Linux; Android 10; HUAWEI P30 Pro) AppleWebKit/537.36 (KHTML, like Gecko) Chrome/89.0.4389.105 Mobile Safari/537.36"
123.6.49.50 - - [26/Dec/2025:06:32:59 +0000] "GET /wp-content/uploads/psc_post_slider_carousel/Prof.-Dr.-Paresh-Chandra-Sarker_220_220.jpg HTTP/1.1" 200 8023 "http://delta-hospital.com/" "Mozilla/5.0 (Linux; Android 10; HUAWEI P30 Pro) AppleWebKit/537.36 (KHTML, like Gecko) Chrome/89.0.4389.105 Mobile Safari/537.36"
123.6.49.12 - - [26/Dec/2025:06:32:59 +0000] "GET /wp-content/uploads/psc_post_slider_carousel/Dr.-Md.-Nazmul-Kayes_220_220.jpg HTTP/1.1" 200 9523 "http://delta-hospital.com/" "Mozilla/5.0 (Linux; Android 10; HUAWEI P30 Pro) AppleWebKit/537.36 (KHTML, like Gecko) Chrome/89.0.4389.105 Mobile Safari/537.36"
123.6.49.47 - - [26/Dec/2025:06:32:59 +0000] "GET /wp-content/uploads/psc_post_slider_carousel/Prof.-Dr.-Shaikh-Shafiur-Rahman_220_220.jpg HTTP/1.1" 200 10551 "http://delta-hospital.com/" "Mozilla/5.0 (Linux; Android 10; HUAWEI P30 Pro) AppleWebKit/537.36 (KHTML, like Gecko) Chrome/89.0.4389.105 Mobile Safari/537.36"
123.6.49.50 - - [26/Dec/2025:06:32:59 +0000] "GET /wp-content/uploads/psc_post_slider_carousel/Dr.-Rafia-Pervin_220_220.jpg HTTP/1.1" 200 11483 "http://delta-hospital.com/" "Mozilla/5.0 (Linux; Android 10; HUAWEI P30 Pro) AppleWebKit/537.36 (KHTML, like Gecko) Chrome/89.0.4389.105 Mobile Safari/537.36"
27.115.124.109 - - [26/Dec/2025:06:32:59 +0000] "GET /wp-content/uploads/2018/02/logo-medical3.png HTTP/1.1" 200 4579 "-" "Mozilla/5.0 (Windows NT 10.0; WOW64) AppleWebKit/537.36 (KHTML, like Gecko) Chrome/78.0.3904.108 Safari/537.36"
123.6.49.12 - - [26/Dec/2025:06:32:59 +0000] "GET /wp-content/uploads/psc_post_slider_carousel/Dr.-Most.-Nazmunnahar-Mina_220_220.jpg HTTP/1.1" 200 7776 "http://delta-hospital.com/" "Mozilla/5.0 (Linux; Android 10; HUAWEI P30 Pro) AppleWebKit/537.36 (KHTML, like Gecko) Chrome/89.0.4389.105 Mobile Safari/537.36"
123.6.49.47 - - [26/Dec/2025:06:33:00 +0000] "GET /wp-content/uploads/psc_post_slider_carousel/Dr.-Shamsunnahar-Rikta_220_220.jpg HTTP/1.1" 200 13026 "http://delta-hospital.com/" "Mozilla/5.0 (Linux; Android 10; HUAWEI P30 Pro) AppleWebKit/537.36 (KHTML, like Gecko) Chrome/89.0.4389.105 Mobile Safari/537.36"
123.6.49.50 - - [26/Dec/2025:06:33:00 +0000] "GET /wp-content/uploads/psc_post_slider_carousel/Prof.-Dr.-Mohammad-Yousuf_220_220.jpg HTTP/1.1" 200 14391 "http://delta-hospital.com/" "Mozilla/5.0 (Linux; Android 10; HUAWEI P30 Pro) AppleWebKit/537.36 (KHTML, like Gecko) Chrome/89.0.4389.105 Mobile Safari/537.36"
123.6.49.12 - - [26/Dec/2025:06:33:00 +0000] "GET /wp-content/uploads/psc_post_slider_carousel/Dr.-Md.-Monowarul-Azim_220_220.jpg HTTP/1.1" 200 8915 "http://delta-hospital.com/" "Mozilla/5.0 (Linux; Android 10; HUAWEI P30 Pro) AppleWebKit/537.36 (KHTML, like Gecko) Chrome/89.0.4389.105 Mobile Safari/537.36"
123.6.49.50 - - [26/Dec/2025:06:33:00 +0000] "GET /wp-content/uploads/psc_post_slider_carousel/Dr.-Momena-Begum_220_220.jpg HTTP/1.1" 200 13459 "http://delta-hospital.com/" "Mozilla/5.0 (Linux; Android 10; HUAWEI P30 Pro) AppleWebKit/537.36 (KHTML, like Gecko) Chrome/89.0.4389.105 Mobile Safari/537.36"
123.6.49.47 - - [26/Dec/2025:06:33:00 +0000] "GET /wp-content/uploads/psc_post_slider_carousel/Dr.Rafiqul-Alam_220_220.jpg HTTP/1.1" 200 10442 "http://delta-hospital.com/" "Mozilla/5.0 (Linux; Android 10; HUAWEI P30 Pro) AppleWebKit/537.36 (KHTML, like Gecko) Chrome/89.0.4389.105 Mobile Safari/537.36"
27.115.124.70 - - [26/Dec/2025:06:33:00 +0000] "GET /wp-content/uploads/2018/02/logo-medical3.png HTTP/1.1" 200 4579 "-" "Mozilla/5.0 (Windows NT 10.0; WOW64) AppleWebKit/537.36 (KHTML, like Gecko) Chrome/78.0.3904.108 Safari/537.36"
123.6.49.12 - - [26/Dec/2025:06:33:00 +0000] "GET /wp-content/uploads/psc_post_slider_carousel/Dr.-Ayesha-Siddiqua_220_220.jpg HTTP/1.1" 200 9113 "http://delta-hospital.com/" "Mozilla/5.0 (Linux; Android 10; HUAWEI P30 Pro) AppleWebKit/537.36 (KHTML, like Gecko) Chrome/89.0.4389.105 Mobile Safari/537.36"
123.6.49.50 - - [26/Dec/2025:06:33:00 +0000] "GET /wp-content/uploads/psc_post_slider_carousel/Dr.-Rasel-Ahmed-Khan-Lodi_220_220.jpg HTTP/1.1" 200 7937 "http://delta-hospital.com/" "Mozilla/5.0 (Linux; Android 10; HUAWEI P30 Pro) AppleWebKit/537.36 (KHTML, like Gecko) Chrome/89.0.4389.105 Mobile Safari/537.36"
123.6.49.47 - - [26/Dec/2025:06:33:00 +0000] "GET /wp-content/uploads/psc_post_slider_carousel/Dr.-Sadia-Islam_220_220.jpeg HTTP/1.1" 200 12178 "http://delta-hospital.com/" "Mozilla/5.0 (Linux; Android 10; HUAWEI P30 Pro) AppleWebKit/537.36 (KHTML, like Gecko) Chrome/89.0.4389.105 Mobile Safari/537.36"
123.6.49.15 - - [26/Dec/2025:06:32:59 +0000] "GET /wp-content/uploads/psc_post_slider_carousel/Dr.-Amin-lutful-kobir-sir_220_220.jpg HTTP/1.1" 200 9469 "http://delta-hospital.com/" "Mozilla/5.0 (Linux; Android 10; HUAWEI P30 Pro) AppleWebKit/537.36 (KHTML, like Gecko) Chrome/89.0.4389.105 Mobile Safari/537.36"
123.6.49.12 - - [26/Dec/2025:06:32:59 +0000] "GET /wp-content/uploads/psc_post_slider_carousel/Prof.-Dr.-Ferdouse-Ara-Shuchi_220_220.jpg HTTP/1.1" 200 6628 "http://delta-hospital.com/" "Mozilla/5.0 (Linux; Android 10; HUAWEI P30 Pro) AppleWebKit/537.36 (KHTML, like Gecko) Chrome/89.0.4389.105 Mobile Safari/537.36"
