114.119.146.4 - - [25/Dec/2025:13:41:07 +0000] "GET /wp-includes/style-engine/class-wp-style-engine-css-rule.php HTTP/1.1" 302 0 "http://delta-hospital.com/wp-includes/style-engine/?MA" "Mozilla/5.0 (Linux; Android 7.0;) AppleWebKit/537.36 (KHTML, like Gecko) Mobile Safari/537.36 (compatible; PetalBot;+https://webmaster.petalsearch.com/site/petalbot)"
216.73.216.38 - - [25/Dec/2025:13:43:15 +0000] "GET /robots.txt HTTP/1.1" 200 200 "-" "Mozilla/5.0 AppleWebKit/537.36 (KHTML, like Gecko; compatible; ClaudeBot/1.0; +claudebot@anthropic.com)"
34.231.118.144 - - [25/Dec/2025:13:43:59 +0000] "GET /wp-json/oembed/1.0/embed?url=http://delta-hospital.com/about-us/ HTTP/1.1" 200 1139 "-" "Mozilla/5.0 AppleWebKit/537.36 (KHTML, like Gecko; compatible; Amazonbot/0.1; +https://developer.amazon.com/support/amazonbot) Chrome/119.0.6045.214 Safari/537.36"
4.241.200.106 - - [25/Dec/2025:13:52:56 +0000] "GET /law2.php HTTP/1.1" 403 1242 "-" "-"
4.241.200.106 - - [25/Dec/2025:13:52:57 +0000] "GET /file19.php HTTP/1.1" 403 1242 "-" "-"
4.241.200.106 - - [25/Dec/2025:13:52:57 +0000] "GET /alfa.php HTTP/1.1" 403 1242 "-" "-"
4.241.200.106 - - [25/Dec/2025:13:52:57 +0000] "GET /log.php HTTP/1.1" 403 1242 "-" "-"
4.241.200.106 - - [25/Dec/2025:13:52:57 +0000] "GET /default.php HTTP/1.1" 403 1242 "-" "-"
4.241.200.106 - - [25/Dec/2025:13:52:58 +0000] "GET /0x.php HTTP/1.1" 403 1242 "-" "-"
4.241.200.106 - - [25/Dec/2025:13:52:58 +0000] "GET /1.php HTTP/1.1" 403 1242 "-" "-"
4.241.200.106 - - [25/Dec/2025:13:52:58 +0000] "GET /simple.php HTTP/1.1" 403 1242 "-" "-"
4.241.200.106 - - [25/Dec/2025:13:52:58 +0000] "GET /x.php HTTP/1.1" 403 1242 "-" "-"
4.241.200.106 - - [25/Dec/2025:13:52:58 +0000] "GET /m.php HTTP/1.1" 403 1242 "-" "-"
4.241.200.106 - - [25/Dec/2025:13:52:58 +0000] "GET /law.php HTTP/1.1" 403 1242 "-" "-"
4.241.200.106 - - [25/Dec/2025:13:52:59 +0000] "GET /faq.php HTTP/1.1" 403 1242 "-" "-"
4.241.200.106 - - [25/Dec/2025:13:52:59 +0000] "GET /phpinfo.php HTTP/1.1" 403 1242 "-" "-"
4.241.200.106 - - [25/Dec/2025:13:52:59 +0000] "GET /bs2.php HTTP/1.1" 403 1242 "-" "-"
4.241.200.106 - - [25/Dec/2025:13:52:59 +0000] "GET /config.php HTTP/1.1" 403 1242 "-" "-"
4.241.200.106 - - [25/Dec/2025:13:53:00 +0000] "GET /install.php HTTP/1.1" 403 1242 "-" "-"
4.241.200.106 - - [25/Dec/2025:13:53:00 +0000] "GET /shell.php HTTP/1.1" 403 1242 "-" "-"
4.241.200.106 - - [25/Dec/2025:13:53:00 +0000] "GET /css.php HTTP/1.1" 403 1242 "-" "-"
4.241.200.106 - - [25/Dec/2025:13:53:00 +0000] "GET /xmlrpc.php HTTP/1.1" 403 1242 "-" "-"
4.241.200.106 - - [25/Dec/2025:13:53:00 +0000] "GET /lv.php HTTP/1.1" 403 1242 "-" "-"
4.241.200.106 - - [25/Dec/2025:13:53:00 +0000] "GET /alfanew.php HTTP/1.1" 403 1242 "-" "-"
4.241.200.106 - - [25/Dec/2025:13:53:01 +0000] "GET /up.php HTTP/1.1" 403 1242 "-" "-"
4.241.200.106 - - [25/Dec/2025:13:53:01 +0000] "GET /inputs.php HTTP/1.1" 403 1242 "-" "-"
77.111.245.15 - - [25/Dec/2025:13:54:35 +0000] "GET /wp-content/plugins/wp-job-manager/assets/css/frontend.css HTTP/1.1" 200 4293 "http://delta-hospital.com/services/specialized-oncology-cancer-treatment/" "Mozilla/5.0 (Windows NT 10.0; Win64; x64) AppleWebKit/537.36 (KHTML, like Gecko) Chrome/141.0.0.0 Safari/537.36 OPR/125.0.0.0"
77.111.245.15 - - [25/Dec/2025:13:54:35 +0000] "GET /wp-content/plugins/post-slider-carousel/css/p_s_c_bx.css HTTP/1.1" 200 1925 "http://delta-hospital.com/services/specialized-oncology-cancer-treatment/" "Mozilla/5.0 (Windows NT 10.0; Win64; x64) AppleWebKit/537.36 (KHTML, like Gecko) Chrome/141.0.0.0 Safari/537.36 OPR/125.0.0.0"
77.111.245.15 - - [25/Dec/2025:13:54:35 +0000] "GET /wp-content/plugins/fancy-gallery/assets/css/gallery-manager.css HTTP/1.1" 200 1906 "http://delta-hospital.com/services/specialized-oncology-cancer-treatment/" "Mozilla/5.0 (Windows NT 10.0; Win64; x64) AppleWebKit/537.36 (KHTML, like Gecko) Chrome/141.0.0.0 Safari/537.36 OPR/125.0.0.0"
77.111.245.15 - - [25/Dec/2025:13:54:35 +0000] "GET /wp-content/plugins/wp-job-manager/assets/css/chosen.css HTTP/1.1" 200 2230 "http://delta-hospital.com/services/specialized-oncology-cancer-treatment/" "Mozilla/5.0 (Windows NT 10.0; Win64; x64) AppleWebKit/537.36 (KHTML, like Gecko) Chrome/141.0.0.0 Safari/537.36 OPR/125.0.0.0"
77.111.245.15 - - [25/Dec/2025:13:54:35 +0000] "GET /wp-content/themes/imedica/style.css HTTP/1.1" 200 372 "http://delta-hospital.com/services/specialized-oncology-cancer-treatment/" "Mozilla/5.0 (Windows NT 10.0; Win64; x64) AppleWebKit/537.36 (KHTML, like Gecko) Chrome/141.0.0.0 Safari/537.36 OPR/125.0.0.0"
77.111.245.15 - - [25/Dec/2025:13:54:36 +0000] "GET /wp-includes/js/jquery/jquery.js HTTP/1.1" 200 33847 "http://delta-hospital.com/services/specialized-oncology-cancer-treatment/" "Mozilla/5.0 (Windows NT 10.0; Win64; x64) AppleWebKit/537.36 (KHTML, like Gecko) Chrome/141.0.0.0 Safari/537.36 OPR/125.0.0.0"
77.111.245.15 - - [25/Dec/2025:13:54:36 +0000] "GET /wp-content/themes/imedica/vc_templates/js/jquery.bxslider.min.js HTTP/1.1" 200 6007 "http://delta-hospital.com/services/specialized-oncology-cancer-treatment/" "Mozilla/5.0 (Windows NT 10.0; Win64; x64) AppleWebKit/537.36 (KHTML, like Gecko) Chrome/141.0.0.0 Safari/537.36 OPR/125.0.0.0"
77.111.245.15 - - [25/Dec/2025:13:54:36 +0000] "GET /wp-content/uploads/2018/02/1-2.jpg HTTP/1.1" 200 8757 "http://delta-hospital.com/services/specialized-oncology-cancer-treatment/" "Mozilla/5.0 (Windows NT 10.0; Win64; x64) AppleWebKit/537.36 (KHTML, like Gecko) Chrome/141.0.0.0 Safari/537.36 OPR/125.0.0.0"
77.111.245.15 - - [25/Dec/2025:13:54:37 +0000] "GET /wp-content/themes/imedica/js/slick.min.js HTTP/1.1" 200 8113 "http://delta-hospital.com/services/specialized-oncology-cancer-treatment/" "Mozilla/5.0 (Windows NT 10.0; Win64; x64) AppleWebKit/537.36 (KHTML, like Gecko) Chrome/141.0.0.0 Safari/537.36 OPR/125.0.0.0"
77.111.245.15 - - [25/Dec/2025:13:54:37 +0000] "GET /wp-content/plugins/imedica-core/framework/static/libs/font-awesome/fonts/fontawesome-webfont.woff2?v=4.4.0 HTTP/1.1" 200 64464 "http://delta-hospital.com/wp-content/plugins/imedica-core/framework/static/libs/font-awesome/css/font-awesome.min.css" "Mozilla/5.0 (Windows NT 10.0; Win64; x64) AppleWebKit/537.36 (KHTML, like Gecko) Chrome/141.0.0.0 Safari/537.36 OPR/125.0.0.0"
77.111.245.15 - - [25/Dec/2025:13:54:37 +0000] "GET /wp-content/themes/imedica/css/fonts/imedica-extra-fonts.woff HTTP/1.1" 200 2044 "http://delta-hospital.com/services/specialized-oncology-cancer-treatment/" "Mozilla/5.0 (Windows NT 10.0; Win64; x64) AppleWebKit/537.36 (KHTML, like Gecko) Chrome/141.0.0.0 Safari/537.36 OPR/125.0.0.0"
77.111.245.15 - - [25/Dec/2025:13:54:37 +0000] "GET /wp-content/plugins/Ultimate_VC_Addons/assets/min-js/ultimate-params.min.js HTTP/1.1" 200 536 "http://delta-hospital.com/services/specialized-oncology-cancer-treatment/" "Mozilla/5.0 (Windows NT 10.0; Win64; x64) AppleWebKit/537.36 (KHTML, like Gecko) Chrome/141.0.0.0 Safari/537.36 OPR/125.0.0.0"
77.111.245.15 - - [25/Dec/2025:13:54:38 +0000] "GET /wp-includes/js/masonry.min.js HTTP/1.1" 200 8538 "http://delta-hospital.com/services/specialized-oncology-cancer-treatment/" "Mozilla/5.0 (Windows NT 10.0; Win64; x64) AppleWebKit/537.36 (KHTML, like Gecko) Chrome/141.0.0.0 Safari/537.36 OPR/125.0.0.0"
77.111.245.15 - - [25/Dec/2025:13:54:36 +0000] "GET /wp-content/themes/imedica/js/custom.js HTTP/1.1" 200 5994 "http://delta-hospital.com/services/specialized-oncology-cancer-treatment/" "Mozilla/5.0 (Windows NT 10.0; Win64; x64) AppleWebKit/537.36 (KHTML, like Gecko) Chrome/141.0.0.0 Safari/537.36 OPR/125.0.0.0"
77.111.245.15 - - [25/Dec/2025:13:54:37 +0000] "GET /wp-content/plugins/post-slider-carousel/js/psc_grid_min.js HTTP/1.1" 200 1515 "http://delta-hospital.com/services/specialized-oncology-cancer-treatment/" "Mozilla/5.0 (Windows NT 10.0; Win64; x64) AppleWebKit/537.36 (KHTML, like Gecko) Chrome/141.0.0.0 Safari/537.36 OPR/125.0.0.0"
77.111.245.15 - - [25/Dec/2025:13:54:37 +0000] "GET /wp-content/uploads/2018/02/1-2-300x150.jpg HTTP/1.1" 200 8065 "http://delta-hospital.com/services/specialized-oncology-cancer-treatment/" "Mozilla/5.0 (Windows NT 10.0; Win64; x64) AppleWebKit/537.36 (KHTML, like Gecko) Chrome/141.0.0.0 Safari/537.36 OPR/125.0.0.0"
77.111.245.15 - - [25/Dec/2025:13:54:37 +0000] "GET /wp-content/plugins/contact-form-7/includes/js/scripts.js HTTP/1.1" 200 4042 "http://delta-hospital.com/services/specialized-oncology-cancer-treatment/" "Mozilla/5.0 (Windows NT 10.0; Win64; x64) AppleWebKit/537.36 (KHTML, like Gecko) Chrome/141.0.0.0 Safari/537.36 OPR/125.0.0.0"
77.111.245.15 - - [25/Dec/2025:13:54:38 +0000] "GET /wp-content/plugins/fancy-gallery/assets/js/gallery-manager.js HTTP/1.1" 200 10355 "http://delta-hospital.com/services/specialized-oncology-cancer-treatment/" "Mozilla/5.0 (Windows NT 10.0; Win64; x64) AppleWebKit/537.36 (KHTML, like Gecko) Chrome/141.0.0.0 Safari/537.36 OPR/125.0.0.0"
77.111.245.15 - - [25/Dec/2025:13:54:38 +0000] "GET /wp-content/themes/imedica/js/jquery.justifiedGallery.min.js HTTP/1.1" 200 3364 "http://delta-hospital.com/services/specialized-oncology-cancer-treatment/" "Mozilla/5.0 (Windows NT 10.0; Win64; x64) AppleWebKit/537.36 (KHTML, like Gecko) Chrome/141.0.0.0 Safari/537.36 OPR/125.0.0.0"
77.111.245.15 - - [25/Dec/2025:13:54:38 +0000] "GET /wp-content/themes/imedica/js/bootstrap.min.js HTTP/1.1" 200 8558 "http://delta-hospital.com/services/specialized-oncology-cancer-treatment/" "Mozilla/5.0 (Windows NT 10.0; Win64; x64) AppleWebKit/537.36 (KHTML, like Gecko) Chrome/141.0.0.0 Safari/537.36 OPR/125.0.0.0"
77.111.245.15 - - [25/Dec/2025:13:54:38 +0000] "GET /wp-content/themes/imedica/vc_templates/js/imedica_feature_box.js HTTP/1.1" 200 312 "http://delta-hospital.com/services/specialized-oncology-cancer-treatment/" "Mozilla/5.0 (Windows NT 10.0; Win64; x64) AppleWebKit/537.36 (KHTML, like Gecko) Chrome/141.0.0.0 Safari/537.36 OPR/125.0.0.0"
77.111.245.15 - - [25/Dec/2025:13:54:39 +0000] "GET /wp-content/themes/imedica/vc_templates/js/imedica_info_box.js HTTP/1.1" 200 383 "http://delta-hospital.com/services/specialized-oncology-cancer-treatment/" "Mozilla/5.0 (Windows NT 10.0; Win64; x64) AppleWebKit/537.36 (KHTML, like Gecko) Chrome/141.0.0.0 Safari/537.36 OPR/125.0.0.0"
77.111.245.15 - - [25/Dec/2025:13:54:39 +0000] "GET /wp-includes/js/wp-embed.min.js HTTP/1.1" 200 756 "http://delta-hospital.com/services/specialized-oncology-cancer-treatment/" "Mozilla/5.0 (Windows NT 10.0; Win64; x64) AppleWebKit/537.36 (KHTML, like Gecko) Chrome/141.0.0.0 Safari/537.36 OPR/125.0.0.0"
66.249.69.96 - - [25/Dec/2025:13:55:47 +0000] "GET /doctor/prof-dr-jannatul-ferdous/ HTTP/1.1" 302 0 "-" "Mozilla/5.0 (Linux; Android 6.0.1; Nexus 5X Build/MMB29P) AppleWebKit/537.36 (KHTML, like Gecko) Chrome/141.0.7390.122 Mobile Safari/537.36 (compatible; Googlebot/2.1; +http://www.google.com/bot.html)"
66.249.75.201 - - [25/Dec/2025:14:06:31 +0000] "GET /amp.php HTTP/1.1" 200 12811 "-" "Mozilla/5.0 (Linux; Android 6.0.1; Nexus 5X Build/MMB29P) AppleWebKit/537.36 (KHTML, like Gecko) Chrome/141.0.7390.122 Mobile Safari/537.36 (compatible; Googlebot/2.1; +http://www.google.com/bot.html)"
77.111.245.15 - - [25/Dec/2025:13:54:36 +0000] "GET /wp-content/uploads/2018/02/logo-medical2.png HTTP/1.1" 200 3060 "http://delta-hospital.com/services/specialized-oncology-cancer-treatment/" "Mozilla/5.0 (Windows NT 10.0; Win64; x64) AppleWebKit/537.36 (KHTML, like Gecko) Chrome/141.0.0.0 Safari/537.36 OPR/125.0.0.0"
77.111.245.15 - - [25/Dec/2025:13:54:37 +0000] "GET /wp-includes/js/jquery/jquery-migrate.min.js HTTP/1.1" 200 4034 "http://delta-hospital.com/services/specialized-oncology-cancer-treatment/" "Mozilla/5.0 (Windows NT 10.0; Win64; x64) AppleWebKit/537.36 (KHTML, like Gecko) Chrome/141.0.0.0 Safari/537.36 OPR/125.0.0.0"
77.111.245.15 - - [25/Dec/2025:13:54:37 +0000] "GET /wp-content/plugins/post-slider-carousel/js/p_s_c_bx.js HTTP/1.1" 200 14106 "http://delta-hospital.com/services/specialized-oncology-cancer-treatment/" "Mozilla/5.0 (Windows NT 10.0; Win64; x64) AppleWebKit/537.36 (KHTML, like Gecko) Chrome/141.0.0.0 Safari/537.36 OPR/125.0.0.0"
77.111.245.15 - - [25/Dec/2025:13:54:37 +0000] "GET /wp-content/themes/imedica/js/appear.js HTTP/1.1" 200 1352 "http://delta-hospital.com/services/specialized-oncology-cancer-treatment/" "Mozilla/5.0 (Windows NT 10.0; Win64; x64) AppleWebKit/537.36 (KHTML, like Gecko) Chrome/141.0.0.0 Safari/537.36 OPR/125.0.0.0"
77.111.245.15 - - [25/Dec/2025:13:54:39 +0000] "GET /wp-content/themes/imedica/js/jquery.colorbox-min.js HTTP/1.1" 200 4674 "http://delta-hospital.com/services/specialized-oncology-cancer-treatment/" "Mozilla/5.0 (Windows NT 10.0; Win64; x64) AppleWebKit/537.36 (KHTML, like Gecko) Chrome/141.0.0.0 Safari/537.36 OPR/125.0.0.0"
77.111.245.15 - - [25/Dec/2025:13:54:39 +0000] "GET /wp-includes/js/wp-emoji-release.min.js HTTP/1.1" 200 4231 "http://delta-hospital.com/services/specialized-oncology-cancer-treatment/" "Mozilla/5.0 (Windows NT 10.0; Win64; x64) AppleWebKit/537.36 (KHTML, like Gecko) Chrome/141.0.0.0 Safari/537.36 OPR/125.0.0.0"
77.111.245.15 - - [25/Dec/2025:13:54:40 +0000] "GET /wp-content/uploads/2018/02/logo-medical3.png HTTP/1.1" 200 4579 "http://delta-hospital.com/services/specialized-oncology-cancer-treatment/" "Mozilla/5.0 (Windows NT 10.0; Win64; x64) AppleWebKit/537.36 (KHTML, like Gecko) Chrome/141.0.0.0 Safari/537.36 OPR/125.0.0.0"
216.244.66.233 - - [25/Dec/2025:14:02:06 +0000] "GET /robots.txt HTTP/1.1" 200 288 "-" "Mozilla/5.0 (compatible; DotBot/1.2; +https://opensiteexplorer.org/dotbot; help@moz.com)"
66.249.69.97 - - [25/Dec/2025:14:02:13 +0000] "GET /department/hematology/ HTTP/1.1" 302 0 "-" "Mozilla/5.0 (Linux; Android 6.0.1; Nexus 5X Build/MMB29P) AppleWebKit/537.36 (KHTML, like Gecko) Chrome/141.0.7390.122 Mobile Safari/537.36 (compatible; Googlebot/2.1; +http://www.google.com/bot.html)"
66.249.75.199 - - [25/Dec/2025:14:06:33 +0000] "GET /index/bootstrap.min.css HTTP/1.1" 302 0 "http://www.delta-hospital.com/amp.php" "Mozilla/5.0 (Linux; Android 6.0.1; Nexus 5X Build/MMB29P) AppleWebKit/537.36 (KHTML, like Gecko) Chrome/141.0.7390.122 Mobile Safari/537.36 (compatible; Googlebot/2.1; +http://www.google.com/bot.html)"
216.244.66.233 - - [25/Dec/2025:14:10:56 +0000] "GET /doctor/dr-kamrun-nahar-tania/ HTTP/1.1" 200 400282 "-" "Mozilla/5.0 (compatible; DotBot/1.2; +https://opensiteexplorer.org/dotbot; help@moz.com)"
94.103.90.150 - - [25/Dec/2025:14:14:06 +0000] "GET /contact-us/ HTTP/1.0" 200 402723 "http://delta-hospital.com/contact-us/" "Mozilla/5.0 (Windows NT 10.0; Win64; x64) AppleWebKit/537.36 (KHTML, like Gecko) Chrome/130.0.0.0 Safari/537.36"
192.144.148.122 - - [25/Dec/2025:14:17:36 +0000] "GET / HTTP/1.1" 200 78765 "-" "Mozilla/5.0 (iPhone; CPU iPhone OS 13_2_3 like Mac OS X) AppleWebKit/605.1.15 (KHTML, like Gecko) Version/13.0.3 Mobile/15E148 Safari/604.1"
143.244.189.43 - - [25/Dec/2025:14:21:00 +0000] "GET /wp-content/uploads/2018/02/logo-medical3.png HTTP/1.1" 200 4579 "http://delta-hospital.com/" "Mozilla/5.0 (X11; Linux x86_64) AppleWebKit/537.36 (KHTML, like Gecko) Chrome/139.0.0.0 Safari/537.36"
77.111.245.15 - - [25/Dec/2025:13:54:38 +0000] "GET /wp-includes/js/imagesloaded.min.js HTTP/1.1" 200 2471 "http://delta-hospital.com/services/specialized-oncology-cancer-treatment/" "Mozilla/5.0 (Windows NT 10.0; Win64; x64) AppleWebKit/537.36 (KHTML, like Gecko) Chrome/141.0.0.0 Safari/537.36 OPR/125.0.0.0"
77.111.245.15 - - [25/Dec/2025:13:54:38 +0000] "GET /wp-includes/js/jquery/jquery.masonry.min.js HTTP/1.1" 200 715 "http://delta-hospital.com/services/specialized-oncology-cancer-treatment/" "Mozilla/5.0 (Windows NT 10.0; Win64; x64) AppleWebKit/537.36 (KHTML, like Gecko) Chrome/141.0.0.0 Safari/537.36 OPR/125.0.0.0"
77.111.245.15 - - [25/Dec/2025:13:54:38 +0000] "GET /wp-content/themes/imedica/vc_templates/js/imedica-buttons.js HTTP/1.1" 200 290 "http://delta-hospital.com/services/specialized-oncology-cancer-treatment/" "Mozilla/5.0 (Windows NT 10.0; Win64; x64) AppleWebKit/537.36 (KHTML, like Gecko) Chrome/141.0.0.0 Safari/537.36 OPR/125.0.0.0"
114.119.129.254 - - [25/Dec/2025:14:00:00 +0000] "GET /wp-includes/js/wp-custom-header.js HTTP/1.1" 200 2919 "http://delta-hospital.com/wp-includes/js/?DD" "Mozilla/5.0 (Linux; Android 7.0;) AppleWebKit/537.36 (KHTML, like Gecko) Mobile Safari/537.36 (compatible; PetalBot;+https://webmaster.petalsearch.com/site/petalbot)"
66.249.69.96 - - [25/Dec/2025:14:05:12 +0000] "GET /index.htm HTTP/1.1" 302 0 "-" "Mozilla/5.0 (Linux; Android 6.0.1; Nexus 5X Build/MMB29P) AppleWebKit/537.36 (KHTML, like Gecko) Chrome/141.0.7390.122 Mobile Safari/537.36 (compatible; Googlebot/2.1; +http://www.google.com/bot.html)"
66.249.69.97 - - [25/Dec/2025:14:06:04 +0000] "GET /services/pathology-services/ HTTP/1.1" 302 0 "-" "Mozilla/5.0 (Linux; Android 6.0.1; Nexus 5X Build/MMB29P) AppleWebKit/537.36 (KHTML, like Gecko) Chrome/141.0.7390.122 Mobile Safari/537.36 (compatible; Googlebot/2.1; +http://www.google.com/bot.html)"
62.234.168.65 - - [25/Dec/2025:14:07:26 +0000] "GET /wp-content/uploads/psc_post_slider_carousel/Dr-Taposhi-Sarker_220_220.jpg HTTP/1.1" 200 10939 "-" "Mozilla/5.0 (X11; Ubuntu; Linux x86_64; rv:72.0) Gecko/20100101 Firefox/72.0"
216.244.66.233 - - [25/Dec/2025:14:09:05 +0000] "GET /doctor/dr-lutfun-nahar/ HTTP/1.1" 200 400271 "-" "Mozilla/5.0 (compatible; DotBot/1.2; +https://opensiteexplorer.org/dotbot; help@moz.com)"
66.249.69.107 - - [25/Dec/2025:14:09:29 +0000] "GET /amp.php HTTP/1.1" 200 12792 "-" "Google-adstxt"
58.145.188.211 - - [25/Dec/2025:14:12:19 +0000] "GET /wp-content/uploads/2018/02/Dr.-Syed-Salauddin-Ahmed.jpg HTTP/1.1" 200 11312 "-" "Dalvik/2.1.0 (Linux; U; Android 15; V2237 Build/AP3A.240905.015.A2_NONFC)"
58.145.188.211 - - [25/Dec/2025:14:12:19 +0000] "GET /wp-content/uploads/2018/02/Dr.-Syed-Salauddin-Ahmed.jpg HTTP/1.1" 200 11312 "-" "Mozilla/5.0 (Windows NT 10.0; Win64; x64) AppleWebKit/537.36 (KHTML, like Gecko) Chrome/87.0.4280.88 Safari/537.36"
18.214.138.148 - - [25/Dec/2025:14:20:50 +0000] "GET /news-media/gallery/ HTTP/1.1" 200 83108 "-" "Mozilla/5.0 AppleWebKit/537.36 (KHTML, like Gecko; compatible; Amazonbot/0.1; +https://developer.amazon.com/support/amazonbot) Chrome/119.0.6045.214 Safari/537.36"
52.4.238.8 - - [25/Dec/2025:14:21:01 +0000] "GET /doctor/lt-col-dr-sm-rokonuzzaman/ HTTP/1.1" 200 84145 "-" "Mozilla/5.0 AppleWebKit/537.36 (KHTML, like Gecko; compatible; Amazonbot/0.1; +https://developer.amazon.com/support/amazonbot) Chrome/119.0.6045.214 Safari/537.36"
77.75.78.172 - - [25/Dec/2025:14:40:00 +0000] "GET /about-us/ HTTP/1.1" 200 85210 "-" "Mozilla/5.0 (compatible; SeznamBot/4.0; +https://o-seznam.cz/napoveda/vyhledavani/en/seznambot-crawler/)"
3.227.180.70 - - [25/Dec/2025:14:43:37 +0000] "GET /wp-json/oembed/1.0/embed?url=http://delta-hospital.com/services/indoor-cabin-and-ward-facilities/ HTTP/1.1" 200 1176 "-" "Mozilla/5.0 AppleWebKit/537.36 (KHTML, like Gecko; compatible; Amazonbot/0.1; +https://developer.amazon.com/support/amazonbot) Chrome/119.0.6045.214 Safari/537.36"
170.10.162.208 - - [25/Dec/2025:14:09:08 +0000] "POST /wp-cron.php?doing_wp_cron=1766671748.0409469604492187500000 HTTP/1.1" 200 0 "http://delta-hospital.com/wp-cron.php?doing_wp_cron=1766671748.0409469604492187500000" "C6kMCGoJniRq"
66.249.69.97 - - [25/Dec/2025:14:09:29 +0000] "GET /app-ads.txt HTTP/1.1" 302 0 "-" "Google-adstxt"
94.103.90.150 - - [25/Dec/2025:14:14:07 +0000] "POST /wp-json/contact-form-7/v1/contact-forms/4/feedback HTTP/1.0" 200 106 "http://delta-hospital.com/contact-us/" "Mozilla/5.0 (Windows NT 10.0; Win64; x64) AppleWebKit/537.36 (KHTML, like Gecko) Chrome/130.0.0.0 Safari/537.36"
18.232.11.247 - - [25/Dec/2025:14:20:13 +0000] "GET /robots.txt HTTP/1.1" 200 225 "-" "Mozilla/5.0 AppleWebKit/537.36 (KHTML, like Gecko; compatible; Amazonbot/0.1; +https://developer.amazon.com/support/amazonbot) Chrome/119.0.6045.214 Safari/537.36"
51.68.107.137 - - [25/Dec/2025:14:20:24 +0000] "GET /robots.txt HTTP/1.1" 200 200 "-" "Mozilla/5.0 (compatible; MJ12bot/v2.0.4; http://mj12bot.com/)"
51.68.107.137 - - [25/Dec/2025:14:20:24 +0000] "GET / HTTP/1.1" 200 77461 "-" "Mozilla/5.0 (compatible; MJ12bot/v2.0.4; http://mj12bot.com/)"
54.84.102.81 - - [25/Dec/2025:14:20:57 +0000] "GET /department/chest-medicine/ HTTP/1.1" 200 83623 "-" "Mozilla/5.0 AppleWebKit/537.36 (KHTML, like Gecko; compatible; Amazonbot/0.1; +https://developer.amazon.com/support/amazonbot) Chrome/119.0.6045.214 Safari/537.36"
143.244.189.43 - - [25/Dec/2025:14:21:00 +0000] "GET / HTTP/1.1" 200 93854 "-" "Mozilla/5.0 (X11; Linux x86_64) AppleWebKit/537.36 (KHTML, like Gecko) Chrome/139.0.0.0 Safari/537.36"
114.119.156.74 - - [25/Dec/2025:14:26:13 +0000] "GET /contact-us/ HTTP/1.1" 302 0 "http://delta-hospital.com/category/uncategorized/" "Mozilla/5.0 (Linux; Android 7.0;) AppleWebKit/537.36 (KHTML, like Gecko) Mobile Safari/537.36 (compatible; PetalBot;+https://webmaster.petalsearch.com/site/petalbot)"
37.111.213.228 - - [25/Dec/2025:14:35:12 +0000] "GET /wp-content/uploads/2018/02/1-2.jpg HTTP/1.1" 200 8757 "-" "Dalvik/2.1.0 (Linux; U; Android 12; V2120 Build/SP1A.210812.003)"
216.244.66.233 - - [25/Dec/2025:14:47:25 +0000] "GET /robots.txt HTTP/1.1" 200 288 "-" "Mozilla/5.0 (compatible; DotBot/1.2; +https://opensiteexplorer.org/dotbot; help@moz.com)"
62.234.168.65 - - [25/Dec/2025:14:50:39 +0000] "GET /wp-content/uploads/psc_post_slider_carousel/Dr.-Israt-Sultana_220_220.jpg HTTP/1.1" 200 9878 "-" "Mozilla/5.0 (X11; Ubuntu; Linux x86_64; rv:72.0) Gecko/20100101 Firefox/72.0"
216.244.66.233 - - [25/Dec/2025:14:54:39 +0000] "GET /department/neonatal-intensive-care-unit-nicu/ HTTP/1.1" 200 399188 "-" "Mozilla/5.0 (compatible; DotBot/1.2; +https://opensiteexplorer.org/dotbot; help@moz.com)"
216.244.66.233 - - [25/Dec/2025:14:54:45 +0000] "GET /news-announcements/ HTTP/1.1" 200 394641 "-" "Mozilla/5.0 (compatible; DotBot/1.2; +https://opensiteexplorer.org/dotbot; help@moz.com)"
216.244.66.233 - - [25/Dec/2025:14:54:54 +0000] "GET /doctor/dr-sadia-islam/ HTTP/1.1" 200 400306 "-" "Mozilla/5.0 (compatible; DotBot/1.2; +https://opensiteexplorer.org/dotbot; help@moz.com)"
27.199.64.130 - - [25/Dec/2025:15:11:06 +0000] "GET / HTTP/1.1" 200 93954 "-" "Mozilla/5.0 (Windows NT 10.0; Win64; x64) AppleWebKit/537.36 (KHTML, like Gecko) Chrome/104.0.5112.81 Safari/537.36 Edg/104.0.1293.54"
27.199.64.130 - - [25/Dec/2025:15:11:13 +0000] "GET /feed/ HTTP/1.1" 200 671 "-" "Mozilla/5.0 (Windows NT 10.0; Win64; x64) AppleWebKit/537.36 (KHTML, like Gecko) Chrome/104.0.5112.81 Safari/537.36 Edg/104.0.1293.54"
27.199.64.130 - - [25/Dec/2025:15:11:14 +0000] "GET /comments/feed/ HTTP/1.1" 200 422 "-" "Mozilla/5.0 (Windows NT 10.0; Win64; x64) AppleWebKit/537.36 (KHTML, like Gecko) Chrome/104.0.5112.81 Safari/537.36 Edg/104.0.1293.54"
27.199.64.130 - - [25/Dec/2025:15:11:27 +0000] "GET /wp-json/oembed/1.0/embed?url=http%3a%2f%2fdelta-hospital.com%2f HTTP/1.1" 200 1129 "-" "Mozilla/5.0 (Windows NT 10.0; Win64; x64) AppleWebKit/537.36 (KHTML, like Gecko) Chrome/104.0.5112.81 Safari/537.36 Edg/104.0.1293.54"
103.131.71.215 - - [25/Dec/2025:14:54:37 +0000] "GET /wp-content/uploads/2018/02/logo-medical3.png HTTP/1.1" 200 4579 "-" "Mozilla/5.0 (compatible; coccocbot-image/1.0; +http://help.coccoc.com/searchengine)"
27.199.64.130 - - [25/Dec/2025:15:11:11 +0000] "GET /xmlrpc.php HTTP/1.1" 405 62 "-" "Mozilla/5.0 (Windows NT 10.0; Win64; x64) AppleWebKit/537.36 (KHTML, like Gecko) Chrome/104.0.5112.81 Safari/537.36 Edg/104.0.1293.54"
27.199.64.130 - - [25/Dec/2025:15:11:20 +0000] "GET /wp-json/ HTTP/1.1" 200 5978 "-" "Mozilla/5.0 (Windows NT 10.0; Win64; x64) AppleWebKit/537.36 (KHTML, like Gecko) Chrome/104.0.5112.81 Safari/537.36 Edg/104.0.1293.54"
27.199.64.130 - - [25/Dec/2025:15:11:21 +0000] "GET /xmlrpc.php?rsd HTTP/1.1" 200 319 "-" "Mozilla/5.0 (Windows NT 10.0; Win64; x64) AppleWebKit/537.36 (KHTML, like Gecko) Chrome/104.0.5112.81 Safari/537.36 Edg/104.0.1293.54"
27.199.64.130 - - [25/Dec/2025:15:11:33 +0000] "GET /wp-json/oembed/1.0/embed?url=http%3a%2f%2fdelta-hospital.com%2f& HTTP/1.1" 200 1129 "-" "Mozilla/5.0 (Windows NT 10.0; Win64; x64) AppleWebKit/537.36 (KHTML, like Gecko) Chrome/104.0.5112.81 Safari/537.36 Edg/104.0.1293.54"
66.249.69.97 - - [25/Dec/2025:15:28:00 +0000] "GET /wp-content/uploads/2018/02/logo-medical3.png HTTP/1.1" 304 0 "-" "Googlebot-Image/1.0"
46.105.40.140 - - [25/Dec/2025:15:31:55 +0000] "GET /robots.txt HTTP/1.1" 200 200 "-" "Mozilla/5.0 (compatible; MJ12bot/v2.0.4; http://mj12bot.com/)"
46.105.40.140 - - [25/Dec/2025:15:31:55 +0000] "GET / HTTP/1.1" 200 77555 "-" "Mozilla/5.0 (compatible; MJ12bot/v2.0.4; http://mj12bot.com/)"
98.159.37.2 - - [25/Dec/2025:15:43:50 +0000] "POST /wp-login.php HTTP/1.1" 404 83117 "http://delta-hospital.com/wp-admin/" "Mozilla/5.0 (Windows NT 10.0; Win64; x64) AppleWebKit/537.36 (KHTML, like Gecko) Chrome/90.0.4430.85 Safari/537.36"
98.159.37.2 - - [25/Dec/2025:15:43:51 +0000] "POST /admin HTTP/1.1" 404 83173 "http://delta-hospital.com/wp-admin/" "Mozilla/5.0 (Windows NT 10.0; Win64; x64) AppleWebKit/537.36 (KHTML, like Gecko) Chrome/90.0.4430.85 Safari/537.36"
103.131.71.49 - - [25/Dec/2025:15:44:25 +0000] "GET /robots.txt HTTP/1.1" 200 225 "-" "Mozilla/5.0 (compatible; coccocbot-image/1.0; +http://help.coccoc.com/searchengine)"
98.159.37.191 - - [25/Dec/2025:15:44:28 +0000] "POST /admin HTTP/1.1" 404 83199 "http://delta-hospital.com/wp-admin/" "Mozilla/5.0 (Windows NT 10.0; Win64; x64) AppleWebKit/537.36 (KHTML, like Gecko) Chrome/90.0.4430.85 Safari/537.36"
98.159.37.9 - - [25/Dec/2025:15:44:39 +0000] "POST /wp-login.php HTTP/1.1" 404 83067 "http://delta-hospital.com/wp-admin/" "Mozilla/5.0 (Windows NT 10.0; Win64; x64) AppleWebKit/537.36 (KHTML, like Gecko) Chrome/90.0.4430.85 Safari/537.36"
173.239.218.241 - - [25/Dec/2025:15:44:59 +0000] "POST /admin HTTP/1.1" 404 83058 "http://delta-hospital.com/wp-admin/" "Mozilla/5.0 (Windows NT 10.0; Win64; x64) AppleWebKit/537.36 (KHTML, like Gecko) Chrome/90.0.4430.85 Safari/537.36"
216.24.210.63 - - [25/Dec/2025:15:45:21 +0000] "POST /admin HTTP/1.1" 404 83195 "http://delta-hospital.com/wp-admin/" "Mozilla/5.0 (Windows NT 10.0; Win64; x64) AppleWebKit/537.36 (KHTML, like Gecko) Chrome/90.0.4430.85 Safari/537.36"
114.119.151.89 - - [25/Dec/2025:15:45:40 +0000] "GET /amp.php HTTP/1.1" 200 14631 "http://delta-hospital.com/wp-includes/css/dist/edit-widgets/?SA" "Mozilla/5.0 (Linux; Android 7.0;) AppleWebKit/537.36 (KHTML, like Gecko) Mobile Safari/537.36 (compatible; PetalBot;+https://webmaster.petalsearch.com/site/petalbot)"
62.84.176.10 - - [25/Dec/2025:15:46:41 +0000] "GET /wp-content/uploads/2025/12/ HTTP/1.1" 200 688 "binance.com" "Mozilla/5.0 (Windows NT 10.0; Win64; x64) AppleWebKit/537.36 (KHTML, like Gecko) Chrome/90.0.4430.85 Safari/537.36"
98.159.37.192 - - [25/Dec/2025:15:46:51 +0000] "POST /wp-login.php HTTP/1.1" 404 83097 "http://delta-hospital.com/wp-admin/" "Mozilla/5.0 (Windows NT 10.0; Win64; x64) AppleWebKit/537.36 (KHTML, like Gecko) Chrome/90.0.4430.85 Safari/537.36"
103.242.21.94 - - [25/Dec/2025:15:22:06 +0000] "GET /wp-content/uploads/2018/02/Prof.-Dr.-Mohammad-Yousuf.jpg HTTP/1.1" 200 16850 "-" "Dalvik/2.1.0 (Linux; U; Android 13; 23076RA4BC Build/TKQ1.221114.001)"
111.225.148.36 - - [25/Dec/2025:15:25:26 +0000] "GET /robots.txt HTTP/1.1" 200 225 "-" "Mozilla/5.0 (Linux; Android 5.0) AppleWebKit/537.36 (KHTML, like Gecko) Mobile Safari/537.36 (compatible; Bytespider; https://zhanzhang.toutiao.com/)"
170.10.162.208 - - [25/Dec/2025:15:43:50 +0000] "POST /wp-cron.php?doing_wp_cron=1766677430.8635609149932861328125 HTTP/1.1" 200 0 "http://delta-hospital.com/wp-cron.php?doing_wp_cron=1766677430.8635609149932861328125" "YfIc6lqlr4gf"
98.159.37.10 - - [25/Dec/2025:15:45:45 +0000] "POST /wp-login.php HTTP/1.1" 404 83143 "http://delta-hospital.com/wp-admin/" "Mozilla/5.0 (Windows NT 10.0; Win64; x64) AppleWebKit/537.36 (KHTML, like Gecko) Chrome/90.0.4430.85 Safari/537.36"
98.159.37.10 - - [25/Dec/2025:15:45:45 +0000] "POST /admin HTTP/1.1" 404 83035 "http://delta-hospital.com/wp-admin/" "Mozilla/5.0 (Windows NT 10.0; Win64; x64) AppleWebKit/537.36 (KHTML, like Gecko) Chrome/90.0.4430.85 Safari/537.36"
98.159.37.6 - - [25/Dec/2025:15:46:00 +0000] "POST /wp-login.php HTTP/1.1" 404 83191 "http://delta-hospital.com/wp-admin/" "Mozilla/5.0 (Windows NT 10.0; Win64; x64) AppleWebKit/537.36 (KHTML, like Gecko) Chrome/90.0.4430.85 Safari/537.36"
98.159.37.6 - - [25/Dec/2025:15:46:00 +0000] "POST /admin HTTP/1.1" 404 83197 "http://delta-hospital.com/wp-admin/" "Mozilla/5.0 (Windows NT 10.0; Win64; x64) AppleWebKit/537.36 (KHTML, like Gecko) Chrome/90.0.4430.85 Safari/537.36"
98.159.37.198 - - [25/Dec/2025:15:46:04 +0000] "POST /wp-login.php HTTP/1.1" 404 83052 "http://delta-hospital.com/wp-admin/" "Mozilla/5.0 (Windows NT 10.0; Win64; x64) AppleWebKit/537.36 (KHTML, like Gecko) Chrome/90.0.4430.85 Safari/537.36"
98.159.37.198 - - [25/Dec/2025:15:46:04 +0000] "POST /admin HTTP/1.1" 404 83053 "http://delta-hospital.com/wp-admin/" "Mozilla/5.0 (Windows NT 10.0; Win64; x64) AppleWebKit/537.36 (KHTML, like Gecko) Chrome/90.0.4430.85 Safari/537.36"
98.159.37.188 - - [25/Dec/2025:15:46:15 +0000] "POST /wp-login.php HTTP/1.1" 404 83038 "http://delta-hospital.com/wp-admin/" "Mozilla/5.0 (Windows NT 10.0; Win64; x64) AppleWebKit/537.36 (KHTML, like Gecko) Chrome/90.0.4430.85 Safari/537.36"
98.159.37.188 - - [25/Dec/2025:15:46:15 +0000] "POST /admin HTTP/1.1" 404 83037 "http://delta-hospital.com/wp-admin/" "Mozilla/5.0 (Windows NT 10.0; Win64; x64) AppleWebKit/537.36 (KHTML, like Gecko) Chrome/90.0.4430.85 Safari/537.36"
216.24.210.62 - - [25/Dec/2025:15:46:38 +0000] "POST /wp-login.php HTTP/1.1" 404 83191 "http://delta-hospital.com/wp-admin/" "Mozilla/5.0 (Windows NT 10.0; Win64; x64) AppleWebKit/537.36 (KHTML, like Gecko) Chrome/90.0.4430.85 Safari/537.36"
216.24.210.62 - - [25/Dec/2025:15:46:42 +0000] "POST /admin HTTP/1.1" 404 83192 "http://delta-hospital.com/wp-admin/" "Mozilla/5.0 (Windows NT 10.0; Win64; x64) AppleWebKit/537.36 (KHTML, like Gecko) Chrome/90.0.4430.85 Safari/537.36"
173.239.218.254 - - [25/Dec/2025:15:46:45 +0000] "POST /admin HTTP/1.1" 404 83174 "http://delta-hospital.com/wp-admin/" "Mozilla/5.0 (Windows NT 10.0; Win64; x64) AppleWebKit/537.36 (KHTML, like Gecko) Chrome/90.0.4430.85 Safari/537.36"
62.84.176.10 - - [25/Dec/2025:15:46:46 +0000] "GET /wp-content/uploads/2025/11/ HTTP/1.1" 200 1310 "binance.com" "Mozilla/5.0 (Windows NT 10.0; Win64; x64) AppleWebKit/537.36 (KHTML, like Gecko) Chrome/90.0.4430.85 Safari/537.36"
62.84.176.10 - - [25/Dec/2025:15:47:03 +0000] "GET /wp-admin/includes/ HTTP/1.1" 200 4465 "binance.com" "Mozilla/5.0 (Windows NT 10.0; Win64; x64) AppleWebKit/537.36 (KHTML, like Gecko) Chrome/90.0.4430.85 Safari/537.36"
62.84.176.10 - - [25/Dec/2025:15:47:10 +0000] "GET /wp-admin/maint/ HTTP/1.1" 200 771 "binance.com" "Mozilla/5.0 (Windows NT 10.0; Win64; x64) AppleWebKit/537.36 (KHTML, like Gecko) Chrome/90.0.4430.85 Safari/537.36"
114.119.156.74 - - [25/Dec/2025:14:26:14 +0000] "GET /amp.php HTTP/1.1" 200 14631 "http://delta-hospital.com/category/uncategorized/" "Mozilla/5.0 (Linux; Android 7.0;) AppleWebKit/537.36 (KHTML, like Gecko) Mobile Safari/537.36 (compatible; PetalBot;+https://webmaster.petalsearch.com/site/petalbot)"
103.131.71.208 - - [25/Dec/2025:14:54:32 +0000] "GET /robots.txt HTTP/1.1" 200 225 "-" "Mozilla/5.0 (compatible; coccocbot-image/1.0; +http://help.coccoc.com/searchengine)"
27.199.64.130 - - [25/Dec/2025:15:11:23 +0000] "GET /wp-includes/wlwmanifest.xml HTTP/1.1" 200 461 "-" "Mozilla/5.0 (Windows NT 10.0; Win64; x64) AppleWebKit/537.36 (KHTML, like Gecko) Chrome/104.0.5112.81 Safari/537.36 Edg/104.0.1293.54"
27.199.64.130 - - [25/Dec/2025:15:11:23 +0000] "GET / HTTP/1.1" 200 93997 "-" "Mozilla/5.0 (Windows NT 10.0; Win64; x64) AppleWebKit/537.36 (KHTML, like Gecko) Chrome/104.0.5112.81 Safari/537.36 Edg/104.0.1293.54"
3.232.82.72 - - [25/Dec/2025:15:36:18 +0000] "GET /department/paediatrics/ HTTP/1.1" 200 84044 "-" "Mozilla/5.0 AppleWebKit/537.36 (KHTML, like Gecko; compatible; Amazonbot/0.1; +https://developer.amazon.com/support/amazonbot) Chrome/119.0.6045.214 Safari/537.36"
98.159.37.10 - - [25/Dec/2025:15:45:12 +0000] "POST /admin HTTP/1.1" 404 83098 "http://delta-hospital.com/wp-admin/" "Mozilla/5.0 (Windows NT 10.0; Win64; x64) AppleWebKit/537.36 (KHTML, like Gecko) Chrome/90.0.4430.85 Safari/537.36"
114.119.151.89 - - [25/Dec/2025:15:45:39 +0000] "GET /wp-includes/css/dist/edit-widgets/style.css HTTP/1.1" 302 0 "http://delta-hospital.com/wp-includes/css/dist/edit-widgets/?SA" "Mozilla/5.0 (Linux; Android 7.0;) AppleWebKit/537.36 (KHTML, like Gecko) Mobile Safari/537.36 (compatible; PetalBot;+https://webmaster.petalsearch.com/site/petalbot)"
98.159.37.205 - - [25/Dec/2025:15:45:49 +0000] "POST /wp-login.php HTTP/1.1" 404 83087 "http://delta-hospital.com/wp-admin/" "Mozilla/5.0 (Windows NT 10.0; Win64; x64) AppleWebKit/537.36 (KHTML, like Gecko) Chrome/90.0.4430.85 Safari/537.36"
98.159.37.205 - - [25/Dec/2025:15:45:49 +0000] "POST /admin HTTP/1.1" 404 83073 "http://delta-hospital.com/wp-admin/" "Mozilla/5.0 (Windows NT 10.0; Win64; x64) AppleWebKit/537.36 (KHTML, like Gecko) Chrome/90.0.4430.85 Safari/537.36"
62.84.176.10 - - [25/Dec/2025:15:46:36 +0000] "GET /wp-admin/css/ HTTP/1.1" 200 3768 "binance.com" "Mozilla/5.0 (Windows NT 10.0; Win64; x64) AppleWebKit/537.36 (KHTML, like Gecko) Chrome/90.0.4430.85 Safari/537.36"
62.84.176.10 - - [25/Dec/2025:15:46:50 +0000] "GET /wp-content/uploads/ HTTP/1.1" 200 1718 "binance.com" "Mozilla/5.0 (Windows NT 10.0; Win64; x64) AppleWebKit/537.36 (KHTML, like Gecko) Chrome/90.0.4430.85 Safari/537.36"
62.84.176.10 - - [25/Dec/2025:15:46:53 +0000] "GET /wp-content/upgrade/ HTTP/1.1" 200 680 "binance.com" "Mozilla/5.0 (Windows NT 10.0; Win64; x64) AppleWebKit/537.36 (KHTML, like Gecko) Chrome/90.0.4430.85 Safari/537.36"
62.84.176.10 - - [25/Dec/2025:15:47:06 +0000] "GET /wp-admin/maint/ HTTP/1.1" 200 771 "binance.com" "Mozilla/5.0 (Windows NT 10.0; Win64; x64) AppleWebKit/537.36 (KHTML, like Gecko) Chrome/90.0.4430.85 Safari/537.36"
173.239.218.252 - - [25/Dec/2025:15:47:07 +0000] "POST /wp-login.php HTTP/1.1" 404 83176 "http://delta-hospital.com/wp-admin/" "Mozilla/5.0 (Windows NT 10.0; Win64; x64) AppleWebKit/537.36 (KHTML, like Gecko) Chrome/90.0.4430.85 Safari/537.36"
173.239.218.252 - - [25/Dec/2025:15:47:07 +0000] "POST /admin HTTP/1.1" 404 83188 "http://delta-hospital.com/wp-admin/" "Mozilla/5.0 (Windows NT 10.0; Win64; x64) AppleWebKit/537.36 (KHTML, like Gecko) Chrome/90.0.4430.85 Safari/537.36"
62.84.176.10 - - [25/Dec/2025:15:47:32 +0000] "GET /wp-admin/css/colors/coffee/ HTTP/1.1" 200 905 "binance.com" "Mozilla/5.0 (Windows NT 10.0; Win64; x64) AppleWebKit/537.36 (KHTML, like Gecko) Chrome/90.0.4430.85 Safari/537.36"
62.84.176.10 - - [25/Dec/2025:15:47:46 +0000] "GET /wp-admin/css/colors/modern/ HTTP/1.1" 404 83212 "binance.com" "Mozilla/5.0 (Windows NT 10.0; Win64; x64) AppleWebKit/537.36 (KHTML, like Gecko) Chrome/90.0.4430.85 Safari/537.36"
98.159.37.192 - - [25/Dec/2025:15:46:51 +0000] "POST /admin HTTP/1.1" 404 83035 "http://delta-hospital.com/wp-admin/" "Mozilla/5.0 (Windows NT 10.0; Win64; x64) AppleWebKit/537.36 (KHTML, like Gecko) Chrome/90.0.4430.85 Safari/537.36"
62.84.176.10 - - [25/Dec/2025:15:46:56 +0000] "GET /wp-content/languages/ HTTP/1.1" 404 83208 "binance.com" "Mozilla/5.0 (Windows NT 10.0; Win64; x64) AppleWebKit/537.36 (KHTML, like Gecko) Chrome/90.0.4430.85 Safari/537.36"
98.159.37.192 - - [25/Dec/2025:15:46:57 +0000] "POST /wp-login.php HTTP/1.1" 404 83077 "http://delta-hospital.com/wp-admin/" "Mozilla/5.0 (Windows NT 10.0; Win64; x64) AppleWebKit/537.36 (KHTML, like Gecko) Chrome/90.0.4430.85 Safari/537.36"
98.159.37.192 - - [25/Dec/2025:15:46:58 +0000] "POST /admin HTTP/1.1" 404 83198 "http://delta-hospital.com/wp-admin/" "Mozilla/5.0 (Windows NT 10.0; Win64; x64) AppleWebKit/537.36 (KHTML, like Gecko) Chrome/90.0.4430.85 Safari/537.36"
62.84.176.10 - - [25/Dec/2025:15:47:01 +0000] "GET /wp-admin/includes/ HTTP/1.1" 200 4465 "binance.com" "Mozilla/5.0 (Windows NT 10.0; Win64; x64) AppleWebKit/537.36 (KHTML, like Gecko) Chrome/90.0.4430.85 Safari/537.36"
62.84.176.10 - - [25/Dec/2025:15:47:21 +0000] "GET /wp-admin/css/ HTTP/1.1" 200 3780 "binance.com" "Mozilla/5.0 (Windows NT 10.0; Win64; x64) AppleWebKit/537.36 (KHTML, like Gecko) Chrome/90.0.4430.85 Safari/537.36"
62.84.176.10 - - [25/Dec/2025:15:47:38 +0000] "GET /wp-admin/css/colors/light/ HTTP/1.1" 200 925 "binance.com" "Mozilla/5.0 (Windows NT 10.0; Win64; x64) AppleWebKit/537.36 (KHTML, like Gecko) Chrome/90.0.4430.85 Safari/537.36"
98.159.37.198 - - [25/Dec/2025:15:47:52 +0000] "POST /admin HTTP/1.1" 404 83060 "http://delta-hospital.com/wp-admin/" "Mozilla/5.0 (Windows NT 10.0; Win64; x64) AppleWebKit/537.36 (KHTML, like Gecko) Chrome/90.0.4430.85 Safari/537.36"
62.84.176.10 - - [25/Dec/2025:15:47:55 +0000] "GET /wp-admin/css/colors/sunrise/%20 HTTP/1.1" 301 0 "binance.com" "Mozilla/5.0 (Windows NT 10.0; Win64; x64) AppleWebKit/537.36 (KHTML, like Gecko) Chrome/90.0.4430.85 Safari/537.36"
62.84.176.10 - - [25/Dec/2025:15:47:55 +0000] "GET /wp-admin/css/colors/sunrise/ HTTP/1.1" 200 906 "binance.com" "Mozilla/5.0 (Windows NT 10.0; Win64; x64) AppleWebKit/537.36 (KHTML, like Gecko) Chrome/90.0.4430.85 Safari/537.36"
62.84.176.10 - - [25/Dec/2025:15:47:58 +0000] "GET /wp-admin/images/ HTTP/1.1" 200 2863 "binance.com" "Mozilla/5.0 (Windows NT 10.0; Win64; x64) AppleWebKit/537.36 (KHTML, like Gecko) Chrome/90.0.4430.85 Safari/537.36"
98.159.37.197 - - [25/Dec/2025:15:48:10 +0000] "POST /wp-login.php HTTP/1.1" 404 83032 "http://delta-hospital.com/wp-admin/" "Mozilla/5.0 (Windows NT 10.0; Win64; x64) AppleWebKit/537.36 (KHTML, like Gecko) Chrome/90.0.4430.85 Safari/537.36"
98.159.37.197 - - [25/Dec/2025:15:48:11 +0000] "POST /admin HTTP/1.1" 404 83190 "http://delta-hospital.com/wp-admin/" "Mozilla/5.0 (Windows NT 10.0; Win64; x64) AppleWebKit/537.36 (KHTML, like Gecko) Chrome/90.0.4430.85 Safari/537.36"
98.159.37.205 - - [25/Dec/2025:15:48:36 +0000] "POST /wp-login.php HTTP/1.1" 404 83142 "http://delta-hospital.com/wp-admin/" "Mozilla/5.0 (Windows NT 10.0; Win64; x64) AppleWebKit/537.36 (KHTML, like Gecko) Chrome/90.0.4430.85 Safari/537.36"
98.159.37.205 - - [25/Dec/2025:15:48:38 +0000] "POST /admin HTTP/1.1" 404 83038 "http://delta-hospital.com/wp-admin/" "Mozilla/5.0 (Windows NT 10.0; Win64; x64) AppleWebKit/537.36 (KHTML, like Gecko) Chrome/90.0.4430.85 Safari/537.36"
62.84.176.10 - - [25/Dec/2025:15:48:58 +0000] "GET /wp-includes/Text/Diff/Renderer/ HTTP/1.1" 200 783 "binance.com" "Mozilla/5.0 (Windows NT 10.0; Win64; x64) AppleWebKit/537.36 (KHTML, like Gecko) Chrome/90.0.4430.85 Safari/537.36"
98.159.37.187 - - [25/Dec/2025:15:49:02 +0000] "POST /wp-login.php HTTP/1.1" 404 83191 "http://delta-hospital.com/wp-admin/" "Mozilla/5.0 (Windows NT 10.0; Win64; x64) AppleWebKit/537.36 (KHTML, like Gecko) Chrome/90.0.4430.85 Safari/537.36"
62.84.176.10 - - [25/Dec/2025:15:47:13 +0000] "GET /wp-admin/network/ HTTP/1.1" 500 1186 "binance.com" "Mozilla/5.0 (Windows NT 10.0; Win64; x64) AppleWebKit/537.36 (KHTML, like Gecko) Chrome/90.0.4430.85 Safari/537.36"
62.84.176.10 - - [25/Dec/2025:15:47:17 +0000] "GET /wp-admin/user/ HTTP/1.1" 500 1186 "binance.com" "Mozilla/5.0 (Windows NT 10.0; Win64; x64) AppleWebKit/537.36 (KHTML, like Gecko) Chrome/90.0.4430.85 Safari/537.36"
62.84.176.10 - - [25/Dec/2025:15:47:25 +0000] "GET /wp-admin/css/colors/ HTTP/1.1" 200 1334 "binance.com" "Mozilla/5.0 (Windows NT 10.0; Win64; x64) AppleWebKit/537.36 (KHTML, like Gecko) Chrome/90.0.4430.85 Safari/537.36"
62.84.176.10 - - [25/Dec/2025:15:47:29 +0000] "GET /wp-admin/css/colors/blue/ HTTP/1.1" 200 907 "binance.com" "Mozilla/5.0 (Windows NT 10.0; Win64; x64) AppleWebKit/537.36 (KHTML, like Gecko) Chrome/90.0.4430.85 Safari/537.36"
62.84.176.10 - - [25/Dec/2025:15:47:34 +0000] "GET /wp-admin/css/colors/ectoplasm/ HTTP/1.1" 200 907 "binance.com" "Mozilla/5.0 (Windows NT 10.0; Win64; x64) AppleWebKit/537.36 (KHTML, like Gecko) Chrome/90.0.4430.85 Safari/537.36"
62.84.176.10 - - [25/Dec/2025:15:47:42 +0000] "GET /wp-admin/css/colors/midnight/ HTTP/1.1" 200 907 "binance.com" "Mozilla/5.0 (Windows NT 10.0; Win64; x64) AppleWebKit/537.36 (KHTML, like Gecko) Chrome/90.0.4430.85 Safari/537.36"
62.84.176.10 - - [25/Dec/2025:15:48:16 +0000] "GET /wp-includes/ID3/ HTTP/1.1" 200 1708 "binance.com" "Mozilla/5.0 (Windows NT 10.0; Win64; x64) AppleWebKit/537.36 (KHTML, like Gecko) Chrome/90.0.4430.85 Safari/537.36"
98.159.37.205 - - [25/Dec/2025:15:48:17 +0000] "POST /wp-login.php HTTP/1.1" 404 83184 "http://delta-hospital.com/wp-admin/" "Mozilla/5.0 (Windows NT 10.0; Win64; x64) AppleWebKit/537.36 (KHTML, like Gecko) Chrome/90.0.4430.85 Safari/537.36"
62.84.176.10 - - [25/Dec/2025:15:48:18 +0000] "GET /wp-includes/ID3/ HTTP/1.1" 200 1708 "binance.com" "Mozilla/5.0 (Windows NT 10.0; Win64; x64) AppleWebKit/537.36 (KHTML, like Gecko) Chrome/90.0.4430.85 Safari/537.36"
98.159.37.205 - - [25/Dec/2025:15:48:18 +0000] "POST /admin HTTP/1.1" 404 83073 "http://delta-hospital.com/wp-admin/" "Mozilla/5.0 (Windows NT 10.0; Win64; x64) AppleWebKit/537.36 (KHTML, like Gecko) Chrome/90.0.4430.85 Safari/537.36"
62.84.176.10 - - [25/Dec/2025:15:48:33 +0000] "GET /wp-includes/PHPMailer/ HTTP/1.1" 404 82975 "binance.com" "Mozilla/5.0 (Windows NT 10.0; Win64; x64) AppleWebKit/537.36 (KHTML, like Gecko) Chrome/90.0.4430.85 Safari/537.36"
62.84.176.10 - - [25/Dec/2025:15:48:43 +0000] "GET /wp-includes/Text/Diff/ HTTP/1.1" 200 865 "binance.com" "Mozilla/5.0 (Windows NT 10.0; Win64; x64) AppleWebKit/537.36 (KHTML, like Gecko) Chrome/90.0.4430.85 Safari/537.36"
173.239.218.253 - - [25/Dec/2025:15:48:48 +0000] "POST /wp-login.php HTTP/1.1" 404 83173 "http://delta-hospital.com/wp-admin/" "Mozilla/5.0 (Windows NT 10.0; Win64; x64) AppleWebKit/537.36 (KHTML, like Gecko) Chrome/90.0.4430.85 Safari/537.36"
173.239.218.253 - - [25/Dec/2025:15:48:52 +0000] "POST /admin HTTP/1.1" 404 83158 "http://delta-hospital.com/wp-admin/" "Mozilla/5.0 (Windows NT 10.0; Win64; x64) AppleWebKit/537.36 (KHTML, like Gecko) Chrome/90.0.4430.85 Safari/537.36"
62.84.176.10 - - [25/Dec/2025:15:48:55 +0000] "GET /wp-includes/Text/Diff/Engine/ HTTP/1.1" 200 920 "binance.com" "Mozilla/5.0 (Windows NT 10.0; Win64; x64) AppleWebKit/537.36 (KHTML, like Gecko) Chrome/90.0.4430.85 Safari/537.36"
98.159.37.204 - - [25/Dec/2025:15:48:58 +0000] "POST /wp-login.php HTTP/1.1" 404 83159 "http://delta-hospital.com/wp-admin/" "Mozilla/5.0 (Windows NT 10.0; Win64; x64) AppleWebKit/537.36 (KHTML, like Gecko) Chrome/90.0.4430.85 Safari/537.36"
98.159.37.204 - - [25/Dec/2025:15:48:58 +0000] "POST /admin HTTP/1.1" 404 83139 "http://delta-hospital.com/wp-admin/" "Mozilla/5.0 (Windows NT 10.0; Win64; x64) AppleWebKit/537.36 (KHTML, like Gecko) Chrome/90.0.4430.85 Safari/537.36"
62.84.176.10 - - [25/Dec/2025:15:47:50 +0000] "GET /wp-admin/css/colors/ocean/ HTTP/1.1" 200 904 "binance.com" "Mozilla/5.0 (Windows NT 10.0; Win64; x64) AppleWebKit/537.36 (KHTML, like Gecko) Chrome/90.0.4430.85 Safari/537.36"
173.239.218.242 - - [25/Dec/2025:15:47:56 +0000] "POST /wp-login.php HTTP/1.1" 404 83033 "http://delta-hospital.com/wp-admin/" "Mozilla/5.0 (Windows NT 10.0; Win64; x64) AppleWebKit/537.36 (KHTML, like Gecko) Chrome/90.0.4430.85 Safari/537.36"
173.239.218.242 - - [25/Dec/2025:15:47:57 +0000] "POST /admin HTTP/1.1" 404 83053 "http://delta-hospital.com/wp-admin/" "Mozilla/5.0 (Windows NT 10.0; Win64; x64) AppleWebKit/537.36 (KHTML, like Gecko) Chrome/90.0.4430.85 Safari/537.36"
62.84.176.10 - - [25/Dec/2025:15:48:01 +0000] "GET /wp-admin/js/ HTTP/1.1" 200 4102 "binance.com" "Mozilla/5.0 (Windows NT 10.0; Win64; x64) AppleWebKit/537.36 (KHTML, like Gecko) Chrome/90.0.4430.85 Safari/537.36"
62.84.176.10 - - [25/Dec/2025:15:48:05 +0000] "GET /wp-admin/js/widgets/ HTTP/1.1" 200 1582 "binance.com" "Mozilla/5.0 (Windows NT 10.0; Win64; x64) AppleWebKit/537.36 (KHTML, like Gecko) Chrome/90.0.4430.85 Safari/537.36"
62.84.176.10 - - [25/Dec/2025:15:48:08 +0000] "GET /wp-includes/ HTTP/1.1" 200 7525 "binance.com" "Mozilla/5.0 (Windows NT 10.0; Win64; x64) AppleWebKit/537.36 (KHTML, like Gecko) Chrome/90.0.4430.85 Safari/537.36"
62.84.176.10 - - [25/Dec/2025:15:48:13 +0000] "GET /wp-includes/ HTTP/1.1" 200 7496 "binance.com" "Mozilla/5.0 (Windows NT 10.0; Win64; x64) AppleWebKit/537.36 (KHTML, like Gecko) Chrome/90.0.4430.85 Safari/537.36"
62.84.176.10 - - [25/Dec/2025:15:48:24 +0000] "GET /wp-includes/IXR/ HTTP/1.1" 200 1419 "binance.com" "Mozilla/5.0 (Windows NT 10.0; Win64; x64) AppleWebKit/537.36 (KHTML, like Gecko) Chrome/90.0.4430.85 Safari/537.36"
98.159.37.12 - - [25/Dec/2025:15:48:27 +0000] "POST /wp-login.php HTTP/1.1" 404 83195 "http://delta-hospital.com/wp-admin/" "Mozilla/5.0 (Windows NT 10.0; Win64; x64) AppleWebKit/537.36 (KHTML, like Gecko) Chrome/90.0.4430.85 Safari/537.36"
98.159.37.12 - - [25/Dec/2025:15:48:28 +0000] "POST /admin HTTP/1.1" 404 83143 "http://delta-hospital.com/wp-admin/" "Mozilla/5.0 (Windows NT 10.0; Win64; x64) AppleWebKit/537.36 (KHTML, like Gecko) Chrome/90.0.4430.85 Safari/537.36"
62.84.176.10 - - [25/Dec/2025:15:48:29 +0000] "GET /wp-includes/IXR/ HTTP/1.1" 200 1419 "binance.com" "Mozilla/5.0 (Windows NT 10.0; Win64; x64) AppleWebKit/537.36 (KHTML, like Gecko) Chrome/90.0.4430.85 Safari/537.36"
62.84.176.10 - - [25/Dec/2025:15:48:37 +0000] "GET /wp-includes/Text/ HTTP/1.1" 200 832 "binance.com" "Mozilla/5.0 (Windows NT 10.0; Win64; x64) AppleWebKit/537.36 (KHTML, like Gecko) Chrome/90.0.4430.85 Safari/537.36"
62.84.176.10 - - [25/Dec/2025:15:48:40 +0000] "GET /wp-includes/Text/ HTTP/1.1" 200 832 "binance.com" "Mozilla/5.0 (Windows NT 10.0; Win64; x64) AppleWebKit/537.36 (KHTML, like Gecko) Chrome/90.0.4430.85 Safari/537.36"
62.84.176.10 - - [25/Dec/2025:15:48:47 +0000] "GET /wp-includes/Text/Diff/ HTTP/1.1" 200 865 "binance.com" "Mozilla/5.0 (Windows NT 10.0; Win64; x64) AppleWebKit/537.36 (KHTML, like Gecko) Chrome/90.0.4430.85 Safari/537.36"
62.84.176.10 - - [25/Dec/2025:15:48:54 +0000] "GET /wp-includes/Text/Diff/Engine/ HTTP/1.1" 200 920 "binance.com" "Mozilla/5.0 (Windows NT 10.0; Win64; x64) AppleWebKit/537.36 (KHTML, like Gecko) Chrome/90.0.4430.85 Safari/537.36"
62.84.176.10 - - [25/Dec/2025:15:49:01 +0000] "GET /wp-includes/Text/Diff/Renderer/ HTTP/1.1" 200 783 "binance.com" "Mozilla/5.0 (Windows NT 10.0; Win64; x64) AppleWebKit/537.36 (KHTML, like Gecko) Chrome/90.0.4430.85 Safari/537.36"
62.84.176.10 - - [25/Dec/2025:15:49:04 +0000] "GET /wp-includes/blocks/ HTTP/1.1" 404 83068 "binance.com" "Mozilla/5.0 (Windows NT 10.0; Win64; x64) AppleWebKit/537.36 (KHTML, like Gecko) Chrome/90.0.4430.85 Safari/537.36"
62.84.176.10 - - [25/Dec/2025:15:49:11 +0000] "GET /wp-includes/pomo/ HTTP/1.1" 200 1349 "binance.com" "Mozilla/5.0 (Windows NT 10.0; Win64; x64) AppleWebKit/537.36 (KHTML, like Gecko) Chrome/90.0.4430.85 Safari/537.36"
62.84.176.10 - - [25/Dec/2025:15:49:14 +0000] "GET /wp-includes/sitemaps/ HTTP/1.1" 404 83167 "binance.com" "Mozilla/5.0 (Windows NT 10.0; Win64; x64) AppleWebKit/537.36 (KHTML, like Gecko) Chrome/90.0.4430.85 Safari/537.36"
62.84.176.10 - - [25/Dec/2025:15:49:20 +0000] "GET /wp-includes/widgets/ HTTP/1.1" 200 1788 "binance.com" "Mozilla/5.0 (Windows NT 10.0; Win64; x64) AppleWebKit/537.36 (KHTML, like Gecko) Chrome/90.0.4430.85 Safari/537.36"
216.24.210.63 - - [25/Dec/2025:15:49:30 +0000] "POST /wp-login.php HTTP/1.1" 404 83192 "http://delta-hospital.com/wp-admin/" "Mozilla/5.0 (Windows NT 10.0; Win64; x64) AppleWebKit/537.36 (KHTML, like Gecko) Chrome/90.0.4430.85 Safari/537.36"
216.24.210.63 - - [25/Dec/2025:15:49:31 +0000] "POST /admin HTTP/1.1" 404 83209 "http://delta-hospital.com/wp-admin/" "Mozilla/5.0 (Windows NT 10.0; Win64; x64) AppleWebKit/537.36 (KHTML, like Gecko) Chrome/90.0.4430.85 Safari/537.36"
62.84.176.10 - - [25/Dec/2025:15:49:36 +0000] "GET /wp-includes/fonts/ HTTP/1.1" 200 877 "binance.com" "Mozilla/5.0 (Windows NT 10.0; Win64; x64) AppleWebKit/537.36 (KHTML, like Gecko) Chrome/90.0.4430.85 Safari/537.36"
14.163.42.196 - - [25/Dec/2025:15:49:41 +0000] "GET http://delta-hospital.com/wp-content/uploads/psc_post_slider_carousel/Tapesh-Kumar-Paul_220_220.jpeg HTTP/1.1" 200 10807 "-" "Mozilla/5.0 (compatible; crawler)"
62.84.176.10 - - [25/Dec/2025:15:49:42 +0000] "GET /wp-includes/images/crystal/ HTTP/1.1" 200 1406 "binance.com" "Mozilla/5.0 (Windows NT 10.0; Win64; x64) AppleWebKit/537.36 (KHTML, like Gecko) Chrome/90.0.4430.85 Safari/537.36"
62.84.176.10 - - [25/Dec/2025:15:49:46 +0000] "GET /wp-includes/images/media/ HTTP/1.1" 200 1268 "binance.com" "Mozilla/5.0 (Windows NT 10.0; Win64; x64) AppleWebKit/537.36 (KHTML, like Gecko) Chrome/90.0.4430.85 Safari/537.36"
98.159.37.10 - - [25/Dec/2025:15:50:49 +0000] "POST /wp-login.php HTTP/1.1" 404 83079 "http://delta-hospital.com/wp-admin/" "Mozilla/5.0 (Windows NT 10.0; Win64; x64) AppleWebKit/537.36 (KHTML, like Gecko) Chrome/90.0.4430.85 Safari/537.36"
98.159.37.10 - - [25/Dec/2025:15:50:49 +0000] "POST /admin HTTP/1.1" 404 83168 "http://delta-hospital.com/wp-admin/" "Mozilla/5.0 (Windows NT 10.0; Win64; x64) AppleWebKit/537.36 (KHTML, like Gecko) Chrome/90.0.4430.85 Safari/537.36"
173.239.218.246 - - [25/Dec/2025:15:51:09 +0000] "POST /wp-login.php HTTP/1.1" 404 83090 "http://delta-hospital.com/wp-admin/" "Mozilla/5.0 (Windows NT 10.0; Win64; x64) AppleWebKit/537.36 (KHTML, like Gecko) Chrome/90.0.4430.85 Safari/537.36"
173.239.218.246 - - [25/Dec/2025:15:51:10 +0000] "POST /admin HTTP/1.1" 404 83168 "http://delta-hospital.com/wp-admin/" "Mozilla/5.0 (Windows NT 10.0; Win64; x64) AppleWebKit/537.36 (KHTML, like Gecko) Chrome/90.0.4430.85 Safari/537.36"
173.239.218.246 - - [25/Dec/2025:15:51:20 +0000] "POST /wp-login.php HTTP/1.1" 404 83138 "http://delta-hospital.com/wp-admin/" "Mozilla/5.0 (Windows NT 10.0; Win64; x64) AppleWebKit/537.36 (KHTML, like Gecko) Chrome/90.0.4430.85 Safari/537.36"
