103.87.214.166 - - [15/Dec/2025:15:18:09 +0000] "GET /wp-includes/js/wp-emoji-release.min.js HTTP/1.1" 200 4231 "http://delta-hospital.com/services/diagnostic-facilities/" "Mozilla/5.0 (iPhone; CPU iPhone OS 18_6_2 like Mac OS X) AppleWebKit/605.1.15 (KHTML, like Gecko) GSA/398.0.839721620 Mobile/15E148 Safari/604.1"
103.87.214.166 - - [15/Dec/2025:15:18:09 +0000] "GET /wp-content/plugins/imedica-core/framework/static/libs/font-awesome/css/font-awesome.min.css HTTP/1.1" 200 6027 "http://delta-hospital.com/services/diagnostic-facilities/" "Mozilla/5.0 (iPhone; CPU iPhone OS 18_6_2 like Mac OS X) AppleWebKit/605.1.15 (KHTML, like Gecko) GSA/398.0.839721620 Mobile/15E148 Safari/604.1"
103.87.214.166 - - [15/Dec/2025:15:18:09 +0000] "GET /wp-content/plugins/post-slider-carousel/css/psc_grid.css HTTP/1.1" 200 3309 "http://delta-hospital.com/services/diagnostic-facilities/" "Mozilla/5.0 (iPhone; CPU iPhone OS 18_6_2 like Mac OS X) AppleWebKit/605.1.15 (KHTML, like Gecko) GSA/398.0.839721620 Mobile/15E148 Safari/604.1"
103.87.214.166 - - [15/Dec/2025:15:18:09 +0000] "GET /wp-content/plugins/contact-form-7/includes/css/styles.css HTTP/1.1" 200 676 "http://delta-hospital.com/services/diagnostic-facilities/" "Mozilla/5.0 (iPhone; CPU iPhone OS 18_6_2 like Mac OS X) AppleWebKit/605.1.15 (KHTML, like Gecko) GSA/398.0.839721620 Mobile/15E148 Safari/604.1"
103.87.214.166 - - [15/Dec/2025:15:18:09 +0000] "GET /wp-content/plugins/wp-job-manager/assets/css/chosen.css HTTP/1.1" 200 2230 "http://delta-hospital.com/services/diagnostic-facilities/" "Mozilla/5.0 (iPhone; CPU iPhone OS 18_6_2 like Mac OS X) AppleWebKit/605.1.15 (KHTML, like Gecko) GSA/398.0.839721620 Mobile/15E148 Safari/604.1"
103.87.214.166 - - [15/Dec/2025:15:18:09 +0000] "GET /wp-content/plugins/post-slider-carousel/css/font-awesome/css/font-awesome.min.css HTTP/1.1" 200 6191 "http://delta-hospital.com/services/diagnostic-facilities/" "Mozilla/5.0 (iPhone; CPU iPhone OS 18_6_2 like Mac OS X) AppleWebKit/605.1.15 (KHTML, like Gecko) GSA/398.0.839721620 Mobile/15E148 Safari/604.1"
103.87.214.166 - - [15/Dec/2025:15:18:09 +0000] "GET /wp-content/themes/imedica/style.css HTTP/1.1" 200 372 "http://delta-hospital.com/services/diagnostic-facilities/" "Mozilla/5.0 (iPhone; CPU iPhone OS 18_6_2 like Mac OS X) AppleWebKit/605.1.15 (KHTML, like Gecko) GSA/398.0.839721620 Mobile/15E148 Safari/604.1"
103.87.214.166 - - [15/Dec/2025:15:18:07 +0000] "GET /services/diagnostic-facilities/ HTTP/1.1" 200 83810 "-" "Mozilla/5.0 (iPhone; CPU iPhone OS 18_6_2 like Mac OS X) AppleWebKit/605.1.15 (KHTML, like Gecko) GSA/398.0.839721620 Mobile/15E148 Safari/604.1"
103.87.214.166 - - [15/Dec/2025:15:18:09 +0000] "GET /wp-content/uploads/smile_fonts/Defaults/Defaults.css HTTP/1.1" 200 4717 "http://delta-hospital.com/services/diagnostic-facilities/" "Mozilla/5.0 (iPhone; CPU iPhone OS 18_6_2 like Mac OS X) AppleWebKit/605.1.15 (KHTML, like Gecko) GSA/398.0.839721620 Mobile/15E148 Safari/604.1"
103.87.214.166 - - [15/Dec/2025:15:18:09 +0000] "GET /wp-content/themes/imedica-child/style.css HTTP/1.1" 200 279 "http://delta-hospital.com/services/diagnostic-facilities/" "Mozilla/5.0 (iPhone; CPU iPhone OS 18_6_2 like Mac OS X) AppleWebKit/605.1.15 (KHTML, like Gecko) GSA/398.0.839721620 Mobile/15E148 Safari/604.1"
103.87.214.166 - - [15/Dec/2025:15:18:09 +0000] "GET /wp-includes/js/jquery/jquery.js HTTP/1.1" 200 33847 "http://delta-hospital.com/services/diagnostic-facilities/" "Mozilla/5.0 (iPhone; CPU iPhone OS 18_6_2 like Mac OS X) AppleWebKit/605.1.15 (KHTML, like Gecko) GSA/398.0.839721620 Mobile/15E148 Safari/604.1"
103.87.214.166 - - [15/Dec/2025:15:18:09 +0000] "GET /wp-includes/js/jquery/jquery-migrate.min.js HTTP/1.1" 200 4034 "http://delta-hospital.com/services/diagnostic-facilities/" "Mozilla/5.0 (iPhone; CPU iPhone OS 18_6_2 like Mac OS X) AppleWebKit/605.1.15 (KHTML, like Gecko) GSA/398.0.839721620 Mobile/15E148 Safari/604.1"
103.87.214.166 - - [15/Dec/2025:15:18:09 +0000] "GET /wp-content/plugins/post-slider-carousel/js/psc_grid_min.js HTTP/1.1" 200 1515 "http://delta-hospital.com/services/diagnostic-facilities/" "Mozilla/5.0 (iPhone; CPU iPhone OS 18_6_2 like Mac OS X) AppleWebKit/605.1.15 (KHTML, like Gecko) GSA/398.0.839721620 Mobile/15E148 Safari/604.1"
103.87.214.166 - - [15/Dec/2025:15:18:09 +0000] "GET /wp-content/plugins/Ultimate_VC_Addons/assets/min-js/ultimate-params.min.js HTTP/1.1" 200 536 "http://delta-hospital.com/services/diagnostic-facilities/" "Mozilla/5.0 (iPhone; CPU iPhone OS 18_6_2 like Mac OS X) AppleWebKit/605.1.15 (KHTML, like Gecko) GSA/398.0.839721620 Mobile/15E148 Safari/604.1"
103.87.214.166 - - [15/Dec/2025:15:18:09 +0000] "GET /wp-content/plugins/Ultimate_VC_Addons/assets/min-js/slick.min.js HTTP/1.1" 200 10073 "http://delta-hospital.com/services/diagnostic-facilities/" "Mozilla/5.0 (iPhone; CPU iPhone OS 18_6_2 like Mac OS X) AppleWebKit/605.1.15 (KHTML, like Gecko) GSA/398.0.839721620 Mobile/15E148 Safari/604.1"
103.87.214.166 - - [15/Dec/2025:15:18:10 +0000] "GET /wp-content/plugins/contact-form-7/includes/js/scripts.js HTTP/1.1" 200 4042 "http://delta-hospital.com/services/diagnostic-facilities/" "Mozilla/5.0 (iPhone; CPU iPhone OS 18_6_2 like Mac OS X) AppleWebKit/605.1.15 (KHTML, like Gecko) GSA/398.0.839721620 Mobile/15E148 Safari/604.1"
103.87.214.166 - - [15/Dec/2025:15:18:10 +0000] "GET /wp-content/themes/imedica/vc_templates/js/jquery.bxslider.min.js HTTP/1.1" 200 6007 "http://delta-hospital.com/services/diagnostic-facilities/" "Mozilla/5.0 (iPhone; CPU iPhone OS 18_6_2 like Mac OS X) AppleWebKit/605.1.15 (KHTML, like Gecko) GSA/398.0.839721620 Mobile/15E148 Safari/604.1"
103.87.214.166 - - [15/Dec/2025:15:18:10 +0000] "GET /wp-content/plugins/fancy-gallery/assets/js/gallery-manager.js HTTP/1.1" 200 10355 "http://delta-hospital.com/services/diagnostic-facilities/" "Mozilla/5.0 (iPhone; CPU iPhone OS 18_6_2 like Mac OS X) AppleWebKit/605.1.15 (KHTML, like Gecko) GSA/398.0.839721620 Mobile/15E148 Safari/604.1"
103.87.214.166 - - [15/Dec/2025:15:18:10 +0000] "GET /wp-includes/js/imagesloaded.min.js HTTP/1.1" 200 2471 "http://delta-hospital.com/services/diagnostic-facilities/" "Mozilla/5.0 (iPhone; CPU iPhone OS 18_6_2 like Mac OS X) AppleWebKit/605.1.15 (KHTML, like Gecko) GSA/398.0.839721620 Mobile/15E148 Safari/604.1"
103.87.214.166 - - [15/Dec/2025:15:18:10 +0000] "GET /wp-content/themes/imedica/js/jquery.justifiedGallery.min.js HTTP/1.1" 200 3364 "http://delta-hospital.com/services/diagnostic-facilities/" "Mozilla/5.0 (iPhone; CPU iPhone OS 18_6_2 like Mac OS X) AppleWebKit/605.1.15 (KHTML, like Gecko) GSA/398.0.839721620 Mobile/15E148 Safari/604.1"
103.87.214.166 - - [15/Dec/2025:15:18:10 +0000] "GET /wp-content/themes/imedica/js/bootstrap.min.js HTTP/1.1" 200 8558 "http://delta-hospital.com/services/diagnostic-facilities/" "Mozilla/5.0 (iPhone; CPU iPhone OS 18_6_2 like Mac OS X) AppleWebKit/605.1.15 (KHTML, like Gecko) GSA/398.0.839721620 Mobile/15E148 Safari/604.1"
103.87.214.166 - - [15/Dec/2025:15:18:10 +0000] "GET /wp-content/themes/imedica/js/custom.js HTTP/1.1" 200 5994 "http://delta-hospital.com/services/diagnostic-facilities/" "Mozilla/5.0 (iPhone; CPU iPhone OS 18_6_2 like Mac OS X) AppleWebKit/605.1.15 (KHTML, like Gecko) GSA/398.0.839721620 Mobile/15E148 Safari/604.1"
103.87.214.166 - - [15/Dec/2025:15:18:10 +0000] "GET /wp-content/themes/imedica/js/jquery.colorbox-min.js HTTP/1.1" 200 4674 "http://delta-hospital.com/services/diagnostic-facilities/" "Mozilla/5.0 (iPhone; CPU iPhone OS 18_6_2 like Mac OS X) AppleWebKit/605.1.15 (KHTML, like Gecko) GSA/398.0.839721620 Mobile/15E148 Safari/604.1"
103.87.214.166 - - [15/Dec/2025:15:18:10 +0000] "GET /wp-content/themes/imedica/js/slick.min.js HTTP/1.1" 200 8113 "http://delta-hospital.com/services/diagnostic-facilities/" "Mozilla/5.0 (iPhone; CPU iPhone OS 18_6_2 like Mac OS X) AppleWebKit/605.1.15 (KHTML, like Gecko) GSA/398.0.839721620 Mobile/15E148 Safari/604.1"
103.87.214.166 - - [15/Dec/2025:15:18:10 +0000] "GET /wp-content/themes/imedica/vc_templates/js/imedica_feature_box.js HTTP/1.1" 200 312 "http://delta-hospital.com/services/diagnostic-facilities/" "Mozilla/5.0 (iPhone; CPU iPhone OS 18_6_2 like Mac OS X) AppleWebKit/605.1.15 (KHTML, like Gecko) GSA/398.0.839721620 Mobile/15E148 Safari/604.1"
103.87.214.166 - - [15/Dec/2025:15:18:10 +0000] "GET /wp-content/themes/imedica/vc_templates/js/imedica_info_box.js HTTP/1.1" 200 383 "http://delta-hospital.com/services/diagnostic-facilities/" "Mozilla/5.0 (iPhone; CPU iPhone OS 18_6_2 like Mac OS X) AppleWebKit/605.1.15 (KHTML, like Gecko) GSA/398.0.839721620 Mobile/15E148 Safari/604.1"
180.102.110.158 - - [15/Dec/2025:14:34:51 +0000] "GET / HTTP/1.1" 302 0 "-" "Sogou web spider/4.0(+http://www.sogou.com/docs/help/webmasters.htm#07)"
180.102.110.158 - - [15/Dec/2025:14:34:51 +0000] "GET /amp.php HTTP/1.1" 200 14631 "-" "Sogou web spider/4.0(+http://www.sogou.com/docs/help/webmasters.htm#07)"
52.167.144.159 - - [15/Dec/2025:14:52:21 +0000] "GET /doctor/prof-dr-rakib-uddin-ahmed/index/logo.png HTTP/1.1" 302 0 "-" "Mozilla/5.0 AppleWebKit/537.36 (KHTML, like Gecko; compatible; bingbot/2.0; +http://www.bing.com/bingbot.htm) Chrome/116.0.1938.76 Safari/537.36"
52.167.144.159 - - [15/Dec/2025:14:52:21 +0000] "GET /amp.php HTTP/1.1" 200 12811 "-" "Mozilla/5.0 AppleWebKit/537.36 (KHTML, like Gecko; compatible; bingbot/2.0; +http://www.bing.com/bingbot.htm) Chrome/116.0.1938.76 Safari/537.36"
67.205.152.218 - - [15/Dec/2025:15:09:29 +0000] "GET /wp-content/uploads/psc_post_slider_carousel/Dr.Rouf__220_220.jpg HTTP/1.1" 200 10218 "http://delta-hospital.com/wp-content/uploads/psc_post_slider_carousel/Dr.Rouf__220_220.jpg" "Mozilla/5.0 (Windows NT 10.0; Win64; x64) AppleWebKit/537.36 (KHTML, like Gecko) Chrome/133.0.0.0 Safari/537.36"
103.87.214.166 - - [15/Dec/2025:15:18:09 +0000] "GET /wp-content/plugins/fancy-gallery/assets/css/gallery-manager.css HTTP/1.1" 200 1906 "http://delta-hospital.com/services/diagnostic-facilities/" "Mozilla/5.0 (iPhone; CPU iPhone OS 18_6_2 like Mac OS X) AppleWebKit/605.1.15 (KHTML, like Gecko) GSA/398.0.839721620 Mobile/15E148 Safari/604.1"
103.87.214.166 - - [15/Dec/2025:15:18:09 +0000] "GET /wp-content/plugins/wp-job-manager/assets/css/frontend.css HTTP/1.1" 200 4293 "http://delta-hospital.com/services/diagnostic-facilities/" "Mozilla/5.0 (iPhone; CPU iPhone OS 18_6_2 like Mac OS X) AppleWebKit/605.1.15 (KHTML, like Gecko) GSA/398.0.839721620 Mobile/15E148 Safari/604.1"
103.87.214.166 - - [15/Dec/2025:15:18:09 +0000] "GET /wp-content/plugins/js_composer/assets/css/js_composer.min.css HTTP/1.1" 200 44282 "http://delta-hospital.com/services/diagnostic-facilities/" "Mozilla/5.0 (iPhone; CPU iPhone OS 18_6_2 like Mac OS X) AppleWebKit/605.1.15 (KHTML, like Gecko) GSA/398.0.839721620 Mobile/15E148 Safari/604.1"
103.87.214.166 - - [15/Dec/2025:15:18:10 +0000] "GET /wp-includes/js/jquery/jquery.masonry.min.js HTTP/1.1" 200 715 "http://delta-hospital.com/services/diagnostic-facilities/" "Mozilla/5.0 (iPhone; CPU iPhone OS 18_6_2 like Mac OS X) AppleWebKit/605.1.15 (KHTML, like Gecko) GSA/398.0.839721620 Mobile/15E148 Safari/604.1"
103.87.214.166 - - [15/Dec/2025:15:18:10 +0000] "GET /wp-content/themes/imedica/vc_templates/js/imedica-buttons.js HTTP/1.1" 200 290 "http://delta-hospital.com/services/diagnostic-facilities/" "Mozilla/5.0 (iPhone; CPU iPhone OS 18_6_2 like Mac OS X) AppleWebKit/605.1.15 (KHTML, like Gecko) GSA/398.0.839721620 Mobile/15E148 Safari/604.1"
149.202.52.184 - - [15/Dec/2025:15:22:47 +0000] "GET /notice/dse/ HTTP/1.1" 200 69141 "-" "Mozilla/5.0 (Windows NT 10.0; Win64; x64) AppleWebKit/537.36 (KHTML, like Gecko) Chrome/139.0.0.0 Safari/537.36"
40.77.167.76 - - [15/Dec/2025:15:33:43 +0000] "GET /doctor/prof-dr-md-abdul-bari/index/info-2.svg HTTP/1.1" 302 0 "-" "Mozilla/5.0 AppleWebKit/537.36 (KHTML, like Gecko; compatible; bingbot/2.0; +http://www.bing.com/bingbot.htm) Chrome/116.0.1938.76 Safari/537.36"
66.249.69.38 - - [15/Dec/2025:15:34:21 +0000] "GET /doctor/ HTTP/1.1" 302 0 "-" "Mozilla/5.0 (Linux; Android 6.0.1; Nexus 5X Build/MMB29P) AppleWebKit/537.36 (KHTML, like Gecko) Chrome/141.0.7390.122 Mobile Safari/537.36 (compatible; Googlebot/2.1; +http://www.google.com/bot.html)"
40.77.167.76 - - [15/Dec/2025:15:35:43 +0000] "GET /amp.php HTTP/1.1" 200 12792 "-" "Mozilla/5.0 AppleWebKit/537.36 (KHTML, like Gecko; compatible; bingbot/2.0; +http://www.bing.com/bingbot.htm) Chrome/116.0.1938.76 Safari/537.36"
103.87.214.166 - - [15/Dec/2025:15:18:09 +0000] "GET /wp-content/plugins/post-slider-carousel/js/p_s_c_bx.js HTTP/1.1" 200 14106 "http://delta-hospital.com/services/diagnostic-facilities/" "Mozilla/5.0 (iPhone; CPU iPhone OS 18_6_2 like Mac OS X) AppleWebKit/605.1.15 (KHTML, like Gecko) GSA/398.0.839721620 Mobile/15E148 Safari/604.1"
103.87.214.166 - - [15/Dec/2025:15:18:10 +0000] "GET /wp-content/themes/imedica/js/appear.js HTTP/1.1" 200 1352 "http://delta-hospital.com/services/diagnostic-facilities/" "Mozilla/5.0 (iPhone; CPU iPhone OS 18_6_2 like Mac OS X) AppleWebKit/605.1.15 (KHTML, like Gecko) GSA/398.0.839721620 Mobile/15E148 Safari/604.1"
103.87.214.166 - - [15/Dec/2025:15:18:10 +0000] "GET /wp-includes/js/masonry.min.js HTTP/1.1" 200 8538 "http://delta-hospital.com/services/diagnostic-facilities/" "Mozilla/5.0 (iPhone; CPU iPhone OS 18_6_2 like Mac OS X) AppleWebKit/605.1.15 (KHTML, like Gecko) GSA/398.0.839721620 Mobile/15E148 Safari/604.1"
103.87.214.166 - - [15/Dec/2025:15:18:10 +0000] "GET /wp-includes/js/wp-embed.min.js HTTP/1.1" 200 756 "http://delta-hospital.com/services/diagnostic-facilities/" "Mozilla/5.0 (iPhone; CPU iPhone OS 18_6_2 like Mac OS X) AppleWebKit/605.1.15 (KHTML, like Gecko) GSA/398.0.839721620 Mobile/15E148 Safari/604.1"
40.77.167.44 - - [15/Dec/2025:15:20:37 +0000] "GET /amp.php HTTP/1.1" 200 12792 "-" "Mozilla/5.0 AppleWebKit/537.36 (KHTML, like Gecko; compatible; bingbot/2.0; +http://www.bing.com/bingbot.htm) Chrome/116.0.1938.76 Safari/537.36"
114.119.153.16 - - [15/Dec/2025:15:29:44 +0000] "GET /wp-includes/interactivity-api/class-wp-interactivity-api.php HTTP/1.1" 302 0 "http://delta-hospital.com/wp-includes/interactivity-api/?ND" "Mozilla/5.0 (Linux; Android 7.0;) AppleWebKit/537.36 (KHTML, like Gecko) Mobile Safari/537.36 (compatible; PetalBot;+https://webmaster.petalsearch.com/site/petalbot)"
114.119.153.16 - - [15/Dec/2025:15:29:44 +0000] "GET /amp.php HTTP/1.1" 200 14631 "http://delta-hospital.com/wp-includes/interactivity-api/?ND" "Mozilla/5.0 (Linux; Android 7.0;) AppleWebKit/537.36 (KHTML, like Gecko) Mobile Safari/537.36 (compatible; PetalBot;+https://webmaster.petalsearch.com/site/petalbot)"
40.77.167.76 - - [15/Dec/2025:15:33:53 +0000] "GET /amp.php HTTP/1.1" 200 12792 "-" "Mozilla/5.0 AppleWebKit/537.36 (KHTML, like Gecko; compatible; bingbot/2.0; +http://www.bing.com/bingbot.htm) Chrome/116.0.1938.76 Safari/537.36"
112.121.183.78 - - [15/Dec/2025:15:38:34 +0000] "GET /Adminbeat/login.asp HTTP/1.1" 301 0 "-" "Mozilla/5.0 (Windows NT 10.0; WOW64; rv:48.0) Gecko/20100101 Firefox/48.0"
112.121.183.78 - - [15/Dec/2025:15:38:43 +0000] "GET /admin/login.asp HTTP/1.1" 404 83055 "-" "Mozilla/5.0 (Windows NT 10.0; WOW64; rv:48.0) Gecko/20100101 Firefox/48.0"
95.108.213.112 - - [15/Dec/2025:15:43:22 +0000] "GET /robots.txt HTTP/1.1" 200 288 "-" "Mozilla/5.0 (compatible; YandexBot/3.0; +http://yandex.com/bots)"
87.250.224.244 - - [15/Dec/2025:15:43:25 +0000] "GET /amp.php HTTP/1.1" 200 14683 "-" "Mozilla/5.0 (compatible; YandexBot/3.0; +http://yandex.com/bots)"
170.10.162.208 - - [15/Dec/2025:15:49:54 +0000] "POST /wp-cron.php?doing_wp_cron=1765813794.1240439414978027343750 HTTP/1.1" 200 0 "http://delta-hospital.com/wp-cron.php?doing_wp_cron=1765813794.1240439414978027343750" "HXDbzzqPyBf4"
45.141.215.10 - - [15/Dec/2025:15:50:08 +0000] "GET /flower.php HTTP/1.1" 404 83017 "-" "Go-http-client/1.1"
45.141.215.10 - - [15/Dec/2025:15:50:10 +0000] "GET /gifclass.php HTTP/1.1" 404 83181 "-" "Go-http-client/1.1"
45.141.215.10 - - [15/Dec/2025:15:50:11 +0000] "GET /bless.php HTTP/1.1" 404 83172 "-" "Go-http-client/1.1"
45.141.215.10 - - [15/Dec/2025:15:50:14 +0000] "GET /class-t.api.php HTTP/1.1" 404 83156 "-" "Go-http-client/1.1"
45.141.215.10 - - [15/Dec/2025:15:50:15 +0000] "GET /blurbs.php HTTP/1.1" 404 83205 "-" "Go-http-client/1.1"
45.141.215.10 - - [15/Dec/2025:15:50:16 +0000] "GET /akcc.php HTTP/1.1" 404 83172 "-" "Go-http-client/1.1"
45.141.215.10 - - [15/Dec/2025:15:50:17 +0000] "GET /abcd.php HTTP/1.1" 404 83037 "-" "Go-http-client/1.1"
103.87.214.166 - - [15/Dec/2025:15:18:10 +0000] "GET /wp-content/plugins/imedica-core/framework/static/libs/font-awesome/fonts/fontawesome-webfont.woff2?v=4.4.0 HTTP/1.1" 200 64464 "http://delta-hospital.com/services/diagnostic-facilities/" "Mozilla/5.0 (iPhone; CPU iPhone OS 18_6_2 like Mac OS X) AppleWebKit/605.1.15 (KHTML, like Gecko) GSA/398.0.839721620 Mobile/15E148 Safari/604.1"
103.87.214.166 - - [15/Dec/2025:15:18:10 +0000] "GET /wp-content/uploads/2018/02/logo-medical2.png HTTP/1.1" 200 3060 "http://delta-hospital.com/services/diagnostic-facilities/" "Mozilla/5.0 (iPhone; CPU iPhone OS 18_6_2 like Mac OS X) AppleWebKit/605.1.15 (KHTML, like Gecko) GSA/398.0.839721620 Mobile/15E148 Safari/604.1"
103.87.214.166 - - [15/Dec/2025:15:18:11 +0000] "GET /wp-content/uploads/2018/02/4.png HTTP/1.1" 200 12428 "http://delta-hospital.com/services/diagnostic-facilities/" "Mozilla/5.0 (iPhone; CPU iPhone OS 18_6_2 like Mac OS X) AppleWebKit/605.1.15 (KHTML, like Gecko) GSA/398.0.839721620 Mobile/15E148 Safari/604.1"
40.77.167.44 - - [15/Dec/2025:15:20:22 +0000] "GET /department/cardiology/index/playtech.png HTTP/1.1" 302 0 "-" "Mozilla/5.0 AppleWebKit/537.36 (KHTML, like Gecko; compatible; bingbot/2.0; +http://www.bing.com/bingbot.htm) Chrome/116.0.1938.76 Safari/537.36"
51.75.18.6 - - [15/Dec/2025:15:22:48 +0000] "GET /news-announcements/ HTTP/1.1" 200 68828 "-" "Mozilla/5.0 (Windows NT 10.0; Win64; x64) AppleWebKit/537.36 (KHTML, like Gecko) Chrome/139.0.0.0 Safari/537.36"
66.249.69.39 - - [15/Dec/2025:15:34:24 +0000] "GET /amp.php HTTP/1.1" 200 12835 "-" "Mozilla/5.0 (Linux; Android 6.0.1; Nexus 5X Build/MMB29P) AppleWebKit/537.36 (KHTML, like Gecko) Chrome/141.0.7390.122 Mobile Safari/537.36 (compatible; Googlebot/2.1; +http://www.google.com/bot.html)"
40.77.167.76 - - [15/Dec/2025:15:35:33 +0000] "GET /department/oncology/index/red-tiger.png HTTP/1.1" 302 0 "-" "Mozilla/5.0 AppleWebKit/537.36 (KHTML, like Gecko; compatible; bingbot/2.0; +http://www.bing.com/bingbot.htm) Chrome/116.0.1938.76 Safari/537.36"
112.121.183.78 - - [15/Dec/2025:15:38:36 +0000] "GET /Adminbeat/login.asp HTTP/1.1" 404 83131 "-" "Mozilla/5.0 (Windows NT 10.0; WOW64; rv:48.0) Gecko/20100101 Firefox/48.0"
112.121.183.78 - - [15/Dec/2025:15:38:40 +0000] "GET /admin/login.asp HTTP/1.1" 301 0 "-" "Mozilla/5.0 (Windows NT 10.0; WOW64; rv:48.0) Gecko/20100101 Firefox/48.0"
66.249.69.38 - - [15/Dec/2025:15:41:37 +0000] "GET /index.htm HTTP/1.1" 302 0 "-" "Mozilla/5.0 (Linux; Android 6.0.1; Nexus 5X Build/MMB29P) AppleWebKit/537.36 (KHTML, like Gecko) Chrome/141.0.7390.122 Mobile Safari/537.36 (compatible; Googlebot/2.1; +http://www.google.com/bot.html)"
87.250.224.254 - - [15/Dec/2025:15:43:24 +0000] "GET /doctor/dr-sabiha-alam/ HTTP/1.1" 302 0 "-" "Mozilla/5.0 (compatible; YandexBot/3.0; +http://yandex.com/bots)"
52.167.144.219 - - [15/Dec/2025:15:45:24 +0000] "GET /department/cardiology/index/red-tiger.png HTTP/1.1" 302 0 "-" "Mozilla/5.0 AppleWebKit/537.36 (KHTML, like Gecko; compatible; bingbot/2.0; +http://www.bing.com/bingbot.htm) Chrome/116.0.1938.76 Safari/537.36"
45.141.215.10 - - [15/Dec/2025:15:50:35 +0000] "GET /wp-content/index.php HTTP/1.1" 200 0 "-" "Go-http-client/1.1"
52.167.144.238 - - [15/Dec/2025:15:50:36 +0000] "GET /doctor/prof-dr-mohammed-yousuf/index/info-3.svg HTTP/1.1" 302 0 "-" "Mozilla/5.0 AppleWebKit/537.36 (KHTML, like Gecko; compatible; bingbot/2.0; +http://www.bing.com/bingbot.htm) Chrome/116.0.1938.76 Safari/537.36"
52.167.144.238 - - [15/Dec/2025:15:50:46 +0000] "GET /amp.php HTTP/1.1" 200 12792 "-" "Mozilla/5.0 AppleWebKit/537.36 (KHTML, like Gecko; compatible; bingbot/2.0; +http://www.bing.com/bingbot.htm) Chrome/116.0.1938.76 Safari/537.36"
170.10.162.208 - - [15/Dec/2025:15:57:46 +0000] "POST /wp-cron.php?doing_wp_cron=1765814266.6661469936370849609375 HTTP/1.1" 200 0 "http://delta-hospital.com/wp-cron.php?doing_wp_cron=1765814266.6661469936370849609375" "gI0fgyOifR6D"
45.141.215.10 - - [15/Dec/2025:15:50:19 +0000] "GET /aku.php HTTP/1.1" 404 83058 "-" "Go-http-client/1.1"
45.141.215.10 - - [15/Dec/2025:15:50:20 +0000] "GET /cord.php HTTP/1.1" 404 83041 "-" "Go-http-client/1.1"
45.141.215.10 - - [15/Dec/2025:15:50:21 +0000] "GET /dex.php HTTP/1.1" 404 83079 "-" "Go-http-client/1.1"
45.141.215.10 - - [15/Dec/2025:15:50:21 +0000] "GET /wp-admin/admin-ajax.php HTTP/1.1" 400 21 "-" "Go-http-client/1.1"
45.141.215.10 - - [15/Dec/2025:15:50:22 +0000] "GET /zoo.php HTTP/1.1" 404 83172 "-" "Go-http-client/1.1"
45.141.215.10 - - [15/Dec/2025:15:50:23 +0000] "GET //zwso.php HTTP/1.1" 301 0 "-" "Go-http-client/1.1"
45.141.215.10 - - [15/Dec/2025:15:50:23 +0000] "GET /zwso.php HTTP/1.1" 404 83056 "http://delta-hospital.com//zwso.php" "Go-http-client/1.1"
45.141.215.10 - - [15/Dec/2025:15:50:24 +0000] "GET /wp-admin/zwso.php HTTP/1.1" 404 83111 "-" "Go-http-client/1.1"
45.141.215.10 - - [15/Dec/2025:15:50:24 +0000] "GET /wp-content/plugins/hellopress/wp_mna.php HTTP/1.1" 404 83129 "-" "Go-http-client/1.1"
45.141.215.10 - - [15/Dec/2025:15:50:25 +0000] "GET /bolt.php HTTP/1.1" 404 83175 "-" "Go-http-client/1.1"
45.141.215.10 - - [15/Dec/2025:15:50:25 +0000] "GET /shlo.php HTTP/1.1" 404 83151 "-" "Go-http-client/1.1"
45.141.215.10 - - [15/Dec/2025:15:50:25 +0000] "GET /133.php HTTP/1.1" 404 83171 "-" "Go-http-client/1.1"
45.141.215.10 - - [15/Dec/2025:15:50:26 +0000] "GET /ahax.php HTTP/1.1" 404 83175 "-" "Go-http-client/1.1"
45.141.215.10 - - [15/Dec/2025:15:50:26 +0000] "GET /wpssl.php HTTP/1.1" 404 83164 "-" "Go-http-client/1.1"
45.141.215.10 - - [15/Dec/2025:15:50:27 +0000] "GET /witmm.php HTTP/1.1" 404 83048 "-" "Go-http-client/1.1"
45.141.215.10 - - [15/Dec/2025:15:50:28 +0000] "GET /wp-admin/css/index.php HTTP/1.1" 301 0 "-" "Go-http-client/1.1"
45.141.215.10 - - [15/Dec/2025:15:50:28 +0000] "GET /wp-admin/css/ HTTP/1.1" 200 3722 "http://delta-hospital.com/wp-admin/css/index.php" "Go-http-client/1.1"
45.141.215.10 - - [15/Dec/2025:15:50:29 +0000] "GET /wp-content/plugins/index.php HTTP/1.1" 200 0 "-" "Go-http-client/1.1"
45.141.215.10 - - [15/Dec/2025:15:50:38 +0000] "GET /files.php HTTP/1.1" 404 83059 "-" "Go-http-client/1.1"
45.141.215.10 - - [15/Dec/2025:15:50:39 +0000] "GET /wp-editor.php HTTP/1.1" 404 83224 "-" "Go-http-client/1.1"
69.171.249.3 - - [15/Dec/2025:15:55:07 +0000] "GET /amp.php HTTP/1.1" 200 69287 "-" "facebookexternalhit/1.1 (+http://www.facebook.com/externalhit_uatext.php)"
178.20.43.173 - - [15/Dec/2025:15:58:20 +0000] "GET /contact-us/ HTTP/1.0" 200 402734 "http://delta-hospital.com/contact-us/" "Mozilla/5.0 (Windows NT 10.0; Win64; x64) AppleWebKit/537.36 (KHTML, like Gecko) Chrome/130.0.0.0 Safari/537.36"
178.20.43.173 - - [15/Dec/2025:15:58:20 +0000] "GET /contact-us/ HTTP/1.0" 200 402762 "http://delta-hospital.com/contact-us/" "Mozilla/5.0 (Windows NT 10.0; Win64; x64) AppleWebKit/537.36 (KHTML, like Gecko) Chrome/130.0.0.0 Safari/537.36"
43.173.179.101 - - [15/Dec/2025:16:15:50 +0000] "GET /wp-content/themes/imedica/vc_templates/js/jquery.bxslider.min.js HTTP/1.1" 200 6007 "http://delta-hospital.com/" "Mozilla/5.0 (Windows NT 6.1; Win64; x64) AppleWebKit/537.36 (KHTML, like Gecko) Chrome/126.0.6478.114 Safari/537.36"
43.173.174.182 - - [15/Dec/2025:16:15:50 +0000] "GET /wp-includes/js/jquery/jquery.js HTTP/1.1" 200 33847 "http://delta-hospital.com/" "Mozilla/5.0 (Windows NT 6.1; Win64; x64) AppleWebKit/537.36 (KHTML, like Gecko) Chrome/126.0.6478.114 Safari/537.36"
43.173.175.52 - - [15/Dec/2025:16:15:50 +0000] "GET /wp-content/themes/imedica/js/custom.js HTTP/1.1" 200 5994 "http://delta-hospital.com/" "Mozilla/5.0 (Windows NT 6.1; Win64; x64) AppleWebKit/537.36 (KHTML, like Gecko) Chrome/126.0.6478.114 Safari/537.36"
43.173.181.111 - - [15/Dec/2025:16:15:54 +0000] "GET /wp-includes/js/masonry.min.js HTTP/1.1" 200 8538 "http://delta-hospital.com/" "Mozilla/5.0 (Windows NT 6.1; Win64; x64) AppleWebKit/537.36 (KHTML, like Gecko) Chrome/126.0.6478.114 Safari/537.36"
52.167.144.238 - - [15/Dec/2025:15:41:24 +0000] "GET /department/cardiology/index/pragmatic-play.png HTTP/1.1" 302 0 "-" "Mozilla/5.0 AppleWebKit/537.36 (KHTML, like Gecko; compatible; bingbot/2.0; +http://www.bing.com/bingbot.htm) Chrome/116.0.1938.76 Safari/537.36"
52.167.144.238 - - [15/Dec/2025:15:41:34 +0000] "GET /amp.php HTTP/1.1" 200 12792 "-" "Mozilla/5.0 AppleWebKit/537.36 (KHTML, like Gecko; compatible; bingbot/2.0; +http://www.bing.com/bingbot.htm) Chrome/116.0.1938.76 Safari/537.36"
52.167.144.219 - - [15/Dec/2025:15:45:35 +0000] "GET /amp.php HTTP/1.1" 200 12792 "-" "Mozilla/5.0 AppleWebKit/537.36 (KHTML, like Gecko; compatible; bingbot/2.0; +http://www.bing.com/bingbot.htm) Chrome/116.0.1938.76 Safari/537.36"
45.141.215.10 - - [15/Dec/2025:15:49:53 +0000] "GET /style.php HTTP/1.1" 404 83049 "-" "Go-http-client/1.1"
45.141.215.10 - - [15/Dec/2025:15:49:57 +0000] "GET /wp-content/style.php HTTP/1.1" 404 83174 "-" "Go-http-client/1.1"
45.141.215.10 - - [15/Dec/2025:15:49:59 +0000] "GET /wp-content/themes/style.php HTTP/1.1" 404 83167 "-" "Go-http-client/1.1"
45.141.215.10 - - [15/Dec/2025:15:50:00 +0000] "GET /wp-admin/style.php HTTP/1.1" 404 83174 "-" "Go-http-client/1.1"
45.141.215.10 - - [15/Dec/2025:15:50:00 +0000] "GET /wp-includes/style.php HTTP/1.1" 404 83060 "-" "Go-http-client/1.1"
45.141.215.10 - - [15/Dec/2025:15:50:02 +0000] "GET /chosen.php?p= HTTP/1.1" 301 0 "-" "Go-http-client/1.1"
45.141.215.10 - - [15/Dec/2025:15:50:03 +0000] "GET /chosen.php HTTP/1.1" 404 83161 "http://delta-hospital.com/chosen.php?p=" "Go-http-client/1.1"
45.141.215.10 - - [15/Dec/2025:15:50:04 +0000] "GET /file.php HTTP/1.1" 404 83165 "-" "Go-http-client/1.1"
69.171.249.112 - - [15/Dec/2025:15:55:07 +0000] "GET / HTTP/1.1" 302 0 "-" "facebookexternalhit/1.1 (+http://www.facebook.com/externalhit_uatext.php)"
178.20.43.173 - - [15/Dec/2025:15:58:21 +0000] "POST /wp-json/contact-form-7/v1/contact-forms/4/feedback HTTP/1.0" 200 106 "http://delta-hospital.com/contact-us/" "Mozilla/5.0 (Windows NT 10.0; Win64; x64) AppleWebKit/537.36 (KHTML, like Gecko) Chrome/130.0.0.0 Safari/537.36"
178.20.43.173 - - [15/Dec/2025:15:58:21 +0000] "POST /wp-json/contact-form-7/v1/contact-forms/4/feedback HTTP/1.0" 200 106 "http://delta-hospital.com/contact-us/" "Mozilla/5.0 (Windows NT 10.0; Win64; x64) AppleWebKit/537.36 (KHTML, like Gecko) Chrome/130.0.0.0 Safari/537.36"
178.20.43.173 - - [15/Dec/2025:16:05:49 +0000] "GET /contact-us/ HTTP/1.0" 200 402731 "http://delta-hospital.com/contact-us/" "Mozilla/5.0 (Windows NT 10.0; Win64; x64) AppleWebKit/537.36 (KHTML, like Gecko) Chrome/129.0.0.0 Safari/537.36"
112.86.225.205 - - [15/Dec/2025:16:08:41 +0000] "GET /department/oncology/ HTTP/1.1" 302 0 "-" "Sogou web spider/4.0(+http://www.sogou.com/docs/help/webmasters.htm#07)"
112.86.225.205 - - [15/Dec/2025:16:08:41 +0000] "GET /amp.php HTTP/1.1" 200 14631 "-" "Sogou web spider/4.0(+http://www.sogou.com/docs/help/webmasters.htm#07)"
43.173.175.140 - - [15/Dec/2025:16:15:50 +0000] "GET /wp-content/plugins/Ultimate_VC_Addons/assets/min-js/slick.min.js HTTP/1.1" 200 10073 "http://delta-hospital.com/" "Mozilla/5.0 (Windows NT 6.1; Win64; x64) AppleWebKit/537.36 (KHTML, like Gecko) Chrome/126.0.6478.114 Safari/537.36"
43.173.182.59 - - [15/Dec/2025:16:15:54 +0000] "GET /wp-content/themes/imedica/js/jquery.justifiedGallery.min.js HTTP/1.1" 200 3364 "http://delta-hospital.com/" "Mozilla/5.0 (Windows NT 6.1; Win64; x64) AppleWebKit/537.36 (KHTML, like Gecko) Chrome/126.0.6478.114 Safari/537.36"
43.173.176.97 - - [15/Dec/2025:16:15:54 +0000] "GET /wp-includes/js/jquery/jquery.masonry.min.js HTTP/1.1" 200 715 "http://delta-hospital.com/" "Mozilla/5.0 (Windows NT 6.1; Win64; x64) AppleWebKit/537.36 (KHTML, like Gecko) Chrome/126.0.6478.114 Safari/537.36"
43.173.179.49 - - [15/Dec/2025:16:15:54 +0000] "GET /wp-includes/js/wp-embed.min.js HTTP/1.1" 200 756 "http://delta-hospital.com/" "Mozilla/5.0 (Windows NT 6.1; Win64; x64) AppleWebKit/537.36 (KHTML, like Gecko) Chrome/126.0.6478.114 Safari/537.36"
94.103.90.150 - - [15/Dec/2025:15:57:46 +0000] "GET /contact-us/ HTTP/1.0" 200 402727 "http://delta-hospital.com/contact-us/" "Mozilla/5.0 (Windows NT 10.0; Win64; x64) AppleWebKit/537.36 (KHTML, like Gecko) Chrome/129.0.0.0 Safari/537.36"
94.103.90.150 - - [15/Dec/2025:15:57:47 +0000] "POST /wp-json/contact-form-7/v1/contact-forms/4/feedback HTTP/1.0" 200 106 "http://delta-hospital.com/contact-us/" "Mozilla/5.0 (Windows NT 10.0; Win64; x64) AppleWebKit/537.36 (KHTML, like Gecko) Chrome/129.0.0.0 Safari/537.36"
178.20.43.173 - - [15/Dec/2025:16:05:50 +0000] "POST /wp-json/contact-form-7/v1/contact-forms/4/feedback HTTP/1.0" 200 106 "http://delta-hospital.com/contact-us/" "Mozilla/5.0 (Windows NT 10.0; Win64; x64) AppleWebKit/537.36 (KHTML, like Gecko) Chrome/129.0.0.0 Safari/537.36"
43.173.172.112 - - [15/Dec/2025:16:15:45 +0000] "GET / HTTP/1.1" 200 93861 "-" "Mozilla/5.0 (Windows NT 6.1; Win64; x64) AppleWebKit/537.36 (KHTML, like Gecko) Chrome/126.0.6478.114 Safari/537.36"
43.173.179.57 - - [15/Dec/2025:16:15:53 +0000] "GET /wp-includes/js/jquery/jquery-migrate.min.js HTTP/1.1" 200 4034 "http://delta-hospital.com/" "Mozilla/5.0 (Windows NT 6.1; Win64; x64) AppleWebKit/537.36 (KHTML, like Gecko) Chrome/126.0.6478.114 Safari/537.36"
43.173.173.245 - - [15/Dec/2025:16:15:53 +0000] "GET /wp-content/plugins/contact-form-7/includes/js/scripts.js HTTP/1.1" 200 4042 "http://delta-hospital.com/" "Mozilla/5.0 (Windows NT 6.1; Win64; x64) AppleWebKit/537.36 (KHTML, like Gecko) Chrome/126.0.6478.114 Safari/537.36"
43.173.180.29 - - [15/Dec/2025:16:15:55 +0000] "GET /wp-content/themes/imedica/js/appear.js HTTP/1.1" 200 1352 "http://delta-hospital.com/" "Mozilla/5.0 (Windows NT 6.1; Win64; x64) AppleWebKit/537.36 (KHTML, like Gecko) Chrome/126.0.6478.114 Safari/537.36"
114.119.153.16 - - [15/Dec/2025:16:16:20 +0000] "GET /amp.php HTTP/1.1" 200 14631 "http://delta-hospital.com/wp-includes/?SD" "Mozilla/5.0 (Linux; Android 7.0;) AppleWebKit/537.36 (KHTML, like Gecko) Mobile Safari/537.36 (compatible; PetalBot;+https://webmaster.petalsearch.com/site/petalbot)"
47.128.59.63 - - [15/Dec/2025:16:30:06 +0000] "GET /department/internal-medicine-pulmonology/ HTTP/1.1" 200 83511 "-" "Mozilla/5.0 (Linux; Android 5.0) AppleWebKit/537.36 (KHTML, like Gecko) Mobile Safari/537.36 (compatible; Bytespider; spider-feedback@bytedance.com)"
47.128.59.63 - - [15/Dec/2025:16:30:07 +0000] "GET /wp-content/plugins/contact-form-7/includes/css/styles.css HTTP/1.1" 200 676 "http://delta-hospital.com/department/internal-medicine-pulmonology/" "Mozilla/5.0 (Linux; Android 5.0) AppleWebKit/537.36 (KHTML, like Gecko) Mobile Safari/537.36 (compatible; Bytespider; spider-feedback@bytedance.com)"
47.128.59.63 - - [15/Dec/2025:16:30:07 +0000] "GET /wp-content/themes/imedica/style.css HTTP/1.1" 200 372 "http://delta-hospital.com/department/internal-medicine-pulmonology/" "Mozilla/5.0 (Linux; Android 5.0) AppleWebKit/537.36 (KHTML, like Gecko) Mobile Safari/537.36 (compatible; Bytespider; spider-feedback@bytedance.com)"
47.128.59.63 - - [15/Dec/2025:16:30:07 +0000] "GET /wp-content/plugins/post-slider-carousel/css/psc_grid.css HTTP/1.1" 200 3309 "http://delta-hospital.com/department/internal-medicine-pulmonology/" "Mozilla/5.0 (Linux; Android 5.0) AppleWebKit/537.36 (KHTML, like Gecko) Mobile Safari/537.36 (compatible; Bytespider; spider-feedback@bytedance.com)"
47.128.59.63 - - [15/Dec/2025:16:30:07 +0000] "GET /wp-content/plugins/imedica-core/framework/static/libs/font-awesome/css/font-awesome.min.css HTTP/1.1" 200 6027 "http://delta-hospital.com/department/internal-medicine-pulmonology/" "Mozilla/5.0 (Linux; Android 5.0) AppleWebKit/537.36 (KHTML, like Gecko) Mobile Safari/537.36 (compatible; Bytespider; spider-feedback@bytedance.com)"
43.173.181.11 - - [15/Dec/2025:16:15:55 +0000] "GET /wp-content/themes/imedica/js/bootstrap.min.js HTTP/1.1" 200 8558 "http://delta-hospital.com/" "Mozilla/5.0 (Windows NT 6.1; Win64; x64) AppleWebKit/537.36 (KHTML, like Gecko) Chrome/126.0.6478.114 Safari/537.36"
43.173.182.254 - - [15/Dec/2025:16:15:55 +0000] "GET /wp-content/plugins/Ultimate_VC_Addons/assets/min-js/ultimate-params.min.js HTTP/1.1" 200 536 "http://delta-hospital.com/" "Mozilla/5.0 (Windows NT 6.1; Win64; x64) AppleWebKit/537.36 (KHTML, like Gecko) Chrome/126.0.6478.114 Safari/537.36"
114.119.153.16 - - [15/Dec/2025:16:16:19 +0000] "GET /wp-includes/class-wp-theme-json-schema.php HTTP/1.1" 302 0 "http://delta-hospital.com/wp-includes/?SD" "Mozilla/5.0 (Linux; Android 7.0;) AppleWebKit/537.36 (KHTML, like Gecko) Mobile Safari/537.36 (compatible; PetalBot;+https://webmaster.petalsearch.com/site/petalbot)"
103.42.117.165 - - [15/Dec/2025:16:27:11 +0000] "POST /xmlrpc.php HTTP/1.1" 200 232 "-" "Mozilla/5.0 (X11; Ubuntu; Linux x86_64; rv:85.0) Gecko/20100101 Firefox/91.0"
47.128.59.63 - - [15/Dec/2025:16:30:07 +0000] "GET /wp-content/plugins/fancy-gallery/assets/css/gallery-manager.css HTTP/1.1" 200 1906 "http://delta-hospital.com/department/internal-medicine-pulmonology/" "Mozilla/5.0 (Linux; Android 5.0) AppleWebKit/537.36 (KHTML, like Gecko) Mobile Safari/537.36 (compatible; Bytespider; spider-feedback@bytedance.com)"
47.128.59.63 - - [15/Dec/2025:16:30:07 +0000] "GET /wp-content/plugins/post-slider-carousel/css/p_s_c_bx.css HTTP/1.1" 200 1925 "http://delta-hospital.com/department/internal-medicine-pulmonology/" "Mozilla/5.0 (Linux; Android 5.0) AppleWebKit/537.36 (KHTML, like Gecko) Mobile Safari/537.36 (compatible; Bytespider; spider-feedback@bytedance.com)"
47.128.59.63 - - [15/Dec/2025:16:30:07 +0000] "GET /wp-content/plugins/wp-job-manager/assets/css/chosen.css HTTP/1.1" 200 2230 "http://delta-hospital.com/department/internal-medicine-pulmonology/" "Mozilla/5.0 (Linux; Android 5.0) AppleWebKit/537.36 (KHTML, like Gecko) Mobile Safari/537.36 (compatible; Bytespider; spider-feedback@bytedance.com)"
47.128.59.63 - - [15/Dec/2025:16:30:07 +0000] "GET /wp-content/plugins/wp-job-manager/assets/css/frontend.css HTTP/1.1" 200 4293 "http://delta-hospital.com/department/internal-medicine-pulmonology/" "Mozilla/5.0 (Linux; Android 5.0) AppleWebKit/537.36 (KHTML, like Gecko) Mobile Safari/537.36 (compatible; Bytespider; spider-feedback@bytedance.com)"
47.128.59.63 - - [15/Dec/2025:16:30:07 +0000] "GET /wp-content/themes/imedica-child/style.css HTTP/1.1" 200 279 "http://delta-hospital.com/department/internal-medicine-pulmonology/" "Mozilla/5.0 (Linux; Android 5.0) AppleWebKit/537.36 (KHTML, like Gecko) Mobile Safari/537.36 (compatible; Bytespider; spider-feedback@bytedance.com)"
47.128.59.63 - - [15/Dec/2025:16:30:07 +0000] "GET /wp-content/plugins/js_composer/assets/css/js_composer.min.css HTTP/1.1" 200 44282 "http://delta-hospital.com/department/internal-medicine-pulmonology/" "Mozilla/5.0 (Linux; Android 5.0) AppleWebKit/537.36 (KHTML, like Gecko) Mobile Safari/537.36 (compatible; Bytespider; spider-feedback@bytedance.com)"
47.128.59.63 - - [15/Dec/2025:16:30:07 +0000] "GET /wp-content/uploads/2018/02/logo-medical2.png HTTP/1.1" 206 500 "http://delta-hospital.com/department/internal-medicine-pulmonology/" "Mozilla/5.0 (Linux; Android 5.0) AppleWebKit/537.36 (KHTML, like Gecko) Mobile Safari/537.36 (compatible; Bytespider; spider-feedback@bytedance.com)"
114.119.156.74 - - [15/Dec/2025:16:31:39 +0000] "GET /wp-includes/js/jquery/ui/dialog.js HTTP/1.1" 302 0 "http://delta-hospital.com/wp-includes/js/jquery/ui/?MA" "Mozilla/5.0 (Linux; Android 7.0;) AppleWebKit/537.36 (KHTML, like Gecko) Mobile Safari/537.36 (compatible; PetalBot;+https://webmaster.petalsearch.com/site/petalbot)"
47.128.59.63 - - [15/Dec/2025:16:30:07 +0000] "GET /wp-content/uploads/smile_fonts/Defaults/Defaults.css HTTP/1.1" 200 4717 "http://delta-hospital.com/department/internal-medicine-pulmonology/" "Mozilla/5.0 (Linux; Android 5.0) AppleWebKit/537.36 (KHTML, like Gecko) Mobile Safari/537.36 (compatible; Bytespider; spider-feedback@bytedance.com)"
104.28.246.113 - - [15/Dec/2025:16:32:45 +0000] "GET /style.php HTTP/1.1" 404 83091 "-" "Go-http-client/1.1"
104.28.246.113 - - [15/Dec/2025:16:32:46 +0000] "GET /wp-content/style.php HTTP/1.1" 404 83186 "-" "Go-http-client/1.1"
104.28.246.113 - - [15/Dec/2025:16:32:46 +0000] "GET /wp-content/themes/style.php HTTP/1.1" 404 83217 "-" "Go-http-client/1.1"
104.28.246.113 - - [15/Dec/2025:16:32:46 +0000] "GET /wp-admin/style.php HTTP/1.1" 404 83193 "-" "Go-http-client/1.1"
104.28.246.113 - - [15/Dec/2025:16:32:47 +0000] "GET /wp-includes/style.php HTTP/1.1" 404 83094 "-" "Go-http-client/1.1"
104.28.246.113 - - [15/Dec/2025:16:32:48 +0000] "GET /chosen.php?p= HTTP/1.1" 301 0 "-" "Go-http-client/1.1"
104.28.246.113 - - [15/Dec/2025:16:32:48 +0000] "GET /chosen.php HTTP/1.1" 404 83071 "http://delta-hospital.com/chosen.php?p=" "Go-http-client/1.1"
104.28.246.113 - - [15/Dec/2025:16:32:48 +0000] "GET /file.php HTTP/1.1" 404 83156 "-" "Go-http-client/1.1"
104.28.246.113 - - [15/Dec/2025:16:32:49 +0000] "GET /flower.php HTTP/1.1" 404 83191 "-" "Go-http-client/1.1"
104.28.246.113 - - [15/Dec/2025:16:32:50 +0000] "GET /gifclass.php HTTP/1.1" 404 83189 "-" "Go-http-client/1.1"
104.28.246.113 - - [15/Dec/2025:16:32:50 +0000] "GET /bless.php HTTP/1.1" 404 83208 "-" "Go-http-client/1.1"
104.28.246.113 - - [15/Dec/2025:16:32:50 +0000] "GET /class-t.api.php HTTP/1.1" 404 83052 "-" "Go-http-client/1.1"
104.28.246.113 - - [15/Dec/2025:16:32:51 +0000] "GET /blurbs.php HTTP/1.1" 404 83158 "-" "Go-http-client/1.1"
104.28.246.113 - - [15/Dec/2025:16:32:52 +0000] "GET /akcc.php HTTP/1.1" 404 83118 "-" "Go-http-client/1.1"
104.28.246.113 - - [15/Dec/2025:16:32:52 +0000] "GET /abcd.php HTTP/1.1" 404 83184 "-" "Go-http-client/1.1"
104.28.246.113 - - [15/Dec/2025:16:32:52 +0000] "GET /shelp.php HTTP/1.1" 404 83061 "-" "Go-http-client/1.1"
104.28.246.113 - - [15/Dec/2025:16:32:53 +0000] "GET /cord.php HTTP/1.1" 404 83070 "-" "Go-http-client/1.1"
104.28.246.113 - - [15/Dec/2025:16:32:54 +0000] "GET /dex.php HTTP/1.1" 404 83161 "-" "Go-http-client/1.1"
104.28.246.113 - - [15/Dec/2025:16:32:54 +0000] "GET /wp-admin/admin-ajax.php HTTP/1.1" 400 21 "-" "Go-http-client/1.1"
104.28.246.113 - - [15/Dec/2025:16:32:54 +0000] "GET /file2.php HTTP/1.1" 404 83145 "-" "Go-http-client/1.1"
104.28.246.113 - - [15/Dec/2025:16:32:55 +0000] "GET //zwso.php HTTP/1.1" 301 0 "-" "Go-http-client/1.1"
104.28.246.113 - - [15/Dec/2025:16:32:57 +0000] "GET /zwso.php HTTP/1.1" 404 83070 "http://delta-hospital.com//zwso.php" "Go-http-client/1.1"
104.28.246.113 - - [15/Dec/2025:16:32:58 +0000] "GET /wp-admin/zwso.php HTTP/1.1" 404 83122 "-" "Go-http-client/1.1"
104.28.246.113 - - [15/Dec/2025:16:32:58 +0000] "GET /wp-content/plugins/hellopress/wp_mna.php HTTP/1.1" 404 83069 "-" "Go-http-client/1.1"
104.28.246.113 - - [15/Dec/2025:16:32:58 +0000] "GET /bolt.php HTTP/1.1" 404 83168 "-" "Go-http-client/1.1"
104.28.246.113 - - [15/Dec/2025:16:32:58 +0000] "GET /shlo.php HTTP/1.1" 404 83191 "-" "Go-http-client/1.1"
104.28.246.113 - - [15/Dec/2025:16:32:59 +0000] "GET /133.php HTTP/1.1" 404 83137 "-" "Go-http-client/1.1"
104.28.246.113 - - [15/Dec/2025:16:33:00 +0000] "GET /ahax.php HTTP/1.1" 404 83148 "-" "Go-http-client/1.1"
104.28.246.113 - - [15/Dec/2025:16:33:00 +0000] "GET /php8.php HTTP/1.1" 404 83167 "-" "Go-http-client/1.1"
104.28.246.113 - - [15/Dec/2025:16:33:00 +0000] "GET /lufix1.php HTTP/1.1" 404 83174 "-" "Go-http-client/1.1"
104.28.246.113 - - [15/Dec/2025:16:33:00 +0000] "GET /witmm.php HTTP/1.1" 404 83126 "-" "Go-http-client/1.1"
104.28.246.113 - - [15/Dec/2025:16:33:01 +0000] "GET /wp-admin/css/index.php HTTP/1.1" 301 0 "-" "Go-http-client/1.1"
43.173.169.81 - - [15/Dec/2025:16:15:54 +0000] "GET /wp-includes/js/imagesloaded.min.js HTTP/1.1" 200 2471 "http://delta-hospital.com/" "Mozilla/5.0 (Windows NT 6.1; Win64; x64) AppleWebKit/537.36 (KHTML, like Gecko) Chrome/126.0.6478.114 Safari/537.36"
43.173.177.33 - - [15/Dec/2025:16:15:54 +0000] "GET /wp-content/themes/imedica/vc_templates/js/imedica-buttons.js HTTP/1.1" 200 290 "http://delta-hospital.com/" "Mozilla/5.0 (Windows NT 6.1; Win64; x64) AppleWebKit/537.36 (KHTML, like Gecko) Chrome/126.0.6478.114 Safari/537.36"
43.173.177.102 - - [15/Dec/2025:16:15:54 +0000] "GET /wp-content/themes/imedica/vc_templates/js/imedica_feature_box.js HTTP/1.1" 200 312 "http://delta-hospital.com/" "Mozilla/5.0 (Windows NT 6.1; Win64; x64) AppleWebKit/537.36 (KHTML, like Gecko) Chrome/126.0.6478.114 Safari/537.36"
146.190.223.90 - - [15/Dec/2025:16:22:35 +0000] "GET /wp-content/uploads/psc_post_slider_carousel/Image_220_220.jpg HTTP/1.1" 200 2538 "http://delta-hospital.com/wp-content/uploads/psc_post_slider_carousel/Image_220_220.jpg" "Mozilla/5.0 (Windows NT 10.0; Win64; x64) AppleWebKit/537.36 (KHTML, like Gecko) Chrome/124.0.0.0 Safari/537.36"
67.205.175.67 - - [15/Dec/2025:16:22:35 +0000] "GET /wp-content/uploads/psc_post_slider_carousel/Dr-Jahidul-Alam_220_220.jpg HTTP/1.1" 200 9913 "http://delta-hospital.com/wp-content/uploads/psc_post_slider_carousel/Dr-Jahidul-Alam_220_220.jpg" "Mozilla/5.0 (Windows NT 10.0; Win64; x64) AppleWebKit/537.36 (KHTML, like Gecko) Chrome/109.0.0.0 Safari/537.36"
47.128.59.63 - - [15/Dec/2025:16:30:07 +0000] "GET /wp-content/plugins/post-slider-carousel/css/font-awesome/css/font-awesome.min.css HTTP/1.1" 200 6191 "http://delta-hospital.com/department/internal-medicine-pulmonology/" "Mozilla/5.0 (Linux; Android 5.0) AppleWebKit/537.36 (KHTML, like Gecko) Mobile Safari/537.36 (compatible; Bytespider; spider-feedback@bytedance.com)"
66.249.69.37 - - [15/Dec/2025:16:32:56 +0000] "GET /app-ads.txt HTTP/1.1" 302 0 "-" "Google-adstxt"
66.249.69.37 - - [15/Dec/2025:16:32:58 +0000] "GET /amp.php HTTP/1.1" 200 12792 "-" "Google-adstxt"
52.167.144.137 - - [15/Dec/2025:16:35:05 +0000] "GET /department/medicine/ HTTP/1.1" 302 0 "-" "Mozilla/5.0 AppleWebKit/537.36 (KHTML, like Gecko; compatible; bingbot/2.0; +http://www.bing.com/bingbot.htm) Chrome/116.0.1938.76 Safari/537.36"
18.97.14.81 - - [15/Dec/2025:16:38:19 +0000] "GET /robots.txt HTTP/1.1" 200 200 "-" "CCBot/2.0 (https://commoncrawl.org/faq/)"
18.97.14.81 - - [15/Dec/2025:16:38:19 +0000] "GET /department/physical-medicine/ HTTP/1.1" 200 68916 "-" "CCBot/2.0 (https://commoncrawl.org/faq/)"
52.167.144.137 - - [15/Dec/2025:16:43:30 +0000] "GET /amp.php HTTP/1.1" 200 12792 "-" "Mozilla/5.0 AppleWebKit/537.36 (KHTML, like Gecko; compatible; bingbot/2.0; +http://www.bing.com/bingbot.htm) Chrome/116.0.1938.76 Safari/537.36"
57.141.6.2 - - [15/Dec/2025:16:49:47 +0000] "GET /department/orthopedic-surgery/ HTTP/1.1" 200 399055 "-" "meta-externalagent/1.1 (+https://developers.facebook.com/docs/sharing/webmasters/crawler)"
67.205.168.165 - - [15/Dec/2025:16:54:59 +0000] "GET /wp-content/uploads/psc_post_slider_carousel/Prof.-Dr.-Zannatul-Ferdause_220_220.jpg HTTP/1.1" 200 11275 "http://delta-hospital.com/wp-content/uploads/psc_post_slider_carousel/Prof.-Dr.-Zannatul-Ferdause_220_220.jpg" "Mozilla/5.0 (Windows NT 10.0; Win64; x64) AppleWebKit/537.36 (KHTML, like Gecko) Chrome/124.0.0.0 Safari/537.36"
40.77.167.44 - - [15/Dec/2025:16:57:01 +0000] "GET /amp.php HTTP/1.1" 200 12792 "-" "Mozilla/5.0 AppleWebKit/537.36 (KHTML, like Gecko; compatible; bingbot/2.0; +http://www.bing.com/bingbot.htm) Chrome/116.0.1938.76 Safari/537.36"
57.141.6.36 - - [15/Dec/2025:16:59:25 +0000] "GET /department/gastroenterology/ HTTP/1.1" 200 399035 "-" "meta-externalagent/1.1 (+https://developers.facebook.com/docs/sharing/webmasters/crawler)"
18.97.14.81 - - [15/Dec/2025:17:00:36 +0000] "GET /news-media/media/ HTTP/1.1" 200 68686 "-" "CCBot/2.0 (https://commoncrawl.org/faq/)"
104.28.246.113 - - [15/Dec/2025:16:33:01 +0000] "GET /wp-admin/css/ HTTP/1.1" 200 3722 "http://delta-hospital.com/wp-admin/css/index.php" "Go-http-client/1.1"
104.28.246.113 - - [15/Dec/2025:16:33:01 +0000] "GET /wp-content/plugins/index.php HTTP/1.1" 200 0 "-" "Go-http-client/1.1"
104.28.246.113 - - [15/Dec/2025:16:33:01 +0000] "GET /wp-content/index.php HTTP/1.1" 200 0 "-" "Go-http-client/1.1"
104.28.246.113 - - [15/Dec/2025:16:33:01 +0000] "GET /ioxi-o.php HTTP/1.1" 404 83144 "-" "Go-http-client/1.1"
104.28.246.113 - - [15/Dec/2025:16:33:01 +0000] "GET /222.php HTTP/1.1" 404 82984 "-" "Go-http-client/1.1"
104.28.246.113 - - [15/Dec/2025:16:33:02 +0000] "GET /files.php HTTP/1.1" 404 83175 "-" "Go-http-client/1.1"
104.28.246.113 - - [15/Dec/2025:16:33:03 +0000] "GET /wp-editor.php HTTP/1.1" 404 83083 "-" "Go-http-client/1.1"
104.28.246.113 - - [15/Dec/2025:16:33:03 +0000] "GET /txets.php HTTP/1.1" 404 83117 "-" "Go-http-client/1.1"
104.28.246.113 - - [15/Dec/2025:16:33:03 +0000] "GET /wp-content/txets.php HTTP/1.1" 404 83182 "-" "Go-http-client/1.1"
104.28.246.113 - - [15/Dec/2025:16:33:04 +0000] "GET /wp-admin/txets.php HTTP/1.1" 404 83135 "-" "Go-http-client/1.1"
104.28.246.113 - - [15/Dec/2025:16:33:04 +0000] "GET /postnews.php HTTP/1.1" 404 83074 "-" "Go-http-client/1.1"
104.28.246.113 - - [15/Dec/2025:16:33:04 +0000] "GET /wp-content/postnews.php HTTP/1.1" 404 83189 "-" "Go-http-client/1.1"
104.28.246.113 - - [15/Dec/2025:16:33:04 +0000] "GET /wp-admin/postnews.php HTTP/1.1" 404 83157 "-" "Go-http-client/1.1"
52.167.144.137 - - [15/Dec/2025:16:35:14 +0000] "GET /amp.php HTTP/1.1" 200 12792 "-" "Mozilla/5.0 AppleWebKit/537.36 (KHTML, like Gecko; compatible; bingbot/2.0; +http://www.bing.com/bingbot.htm) Chrome/116.0.1938.76 Safari/537.36"
66.249.69.39 - - [15/Dec/2025:16:39:22 +0000] "GET /services/pathology-services/ HTTP/1.1" 302 0 "-" "Mozilla/5.0 (Linux; Android 6.0.1; Nexus 5X Build/MMB29P) AppleWebKit/537.36 (KHTML, like Gecko) Chrome/141.0.7390.122 Mobile Safari/537.36 (compatible; Googlebot/2.1; +http://www.google.com/bot.html)"
52.167.144.137 - - [15/Dec/2025:16:43:20 +0000] "GET /department/oncology/index/playtech.png HTTP/1.1" 302 0 "-" "Mozilla/5.0 AppleWebKit/537.36 (KHTML, like Gecko; compatible; bingbot/2.0; +http://www.bing.com/bingbot.htm) Chrome/116.0.1938.76 Safari/537.36"
40.77.167.44 - - [15/Dec/2025:16:56:51 +0000] "GET /department/cardiology/index/game.png HTTP/1.1" 302 0 "-" "Mozilla/5.0 AppleWebKit/537.36 (KHTML, like Gecko; compatible; bingbot/2.0; +http://www.bing.com/bingbot.htm) Chrome/116.0.1938.76 Safari/537.36"
170.10.162.208 - - [15/Dec/2025:16:59:28 +0000] "POST /wp-cron.php?doing_wp_cron=1765817968.3089630603790283203125 HTTP/1.1" 200 0 "http://delta-hospital.com/wp-cron.php?doing_wp_cron=1765817968.3089630603790283203125" "37HoTdl8ENU7"
57.141.6.20 - - [15/Dec/2025:17:00:57 +0000] "GET /doctor/dr-nazirum-mubin/ HTTP/1.1" 200 399974 "-" "meta-externalagent/1.1 (+https://developers.facebook.com/docs/sharing/webmasters/crawler)"
52.167.144.160 - - [15/Dec/2025:17:02:33 +0000] "GET /doctor/dr-md-atiqul-islam/assets/index.png HTTP/1.1" 302 0 "-" "Mozilla/5.0 AppleWebKit/537.36 (KHTML, like Gecko; compatible; bingbot/2.0; +http://www.bing.com/bingbot.htm) Chrome/116.0.1938.76 Safari/537.36"
170.10.162.208 - - [15/Dec/2025:17:06:02 +0000] "POST /wp-cron.php?doing_wp_cron=1765818362.7195580005645751953125 HTTP/1.1" 200 0 "http://delta-hospital.com/wp-cron.php?doing_wp_cron=1765818362.7195580005645751953125" "BDDcWNEREBUl"
18.97.14.81 - - [15/Dec/2025:17:09:28 +0000] "GET /annual-reports/ HTTP/1.1" 200 68739 "-" "CCBot/2.0 (https://commoncrawl.org/faq/)"
114.119.153.16 - - [15/Dec/2025:17:11:50 +0000] "GET /amp.php HTTP/1.1" 200 14631 "http://delta-hospital.com/wp-includes/sodium_compat/src/Core/ChaCha20/?SA" "Mozilla/5.0 (Linux; Android 7.0;) AppleWebKit/537.36 (KHTML, like Gecko) Mobile Safari/537.36 (compatible; PetalBot;+https://webmaster.petalsearch.com/site/petalbot)"
52.167.144.160 - - [15/Dec/2025:17:02:43 +0000] "GET /amp.php HTTP/1.1" 200 12792 "-" "Mozilla/5.0 AppleWebKit/537.36 (KHTML, like Gecko; compatible; bingbot/2.0; +http://www.bing.com/bingbot.htm) Chrome/116.0.1938.76 Safari/537.36"
43.159.128.247 - - [15/Dec/2025:17:06:01 +0000] "GET / HTTP/1.1" 200 78778 "-" "Mozilla/5.0 (iPhone; CPU iPhone OS 13_2_3 like Mac OS X) AppleWebKit/605.1.15 (KHTML, like Gecko) Version/13.0.3 Mobile/15E148 Safari/604.1"
18.97.14.81 - - [15/Dec/2025:17:15:14 +0000] "GET /department/paediatrics/ HTTP/1.1" 200 69424 "-" "CCBot/2.0 (https://commoncrawl.org/faq/)"
114.119.135.206 - - [15/Dec/2025:17:13:13 +0000] "GET /amp.php HTTP/1.1" 200 14683 "http://delta-hospital.com/wp-includes/sodium_compat/src/Core/?NA" "Mozilla/5.0 (Linux; Android 7.0;) AppleWebKit/537.36 (KHTML, like Gecko) Mobile Safari/537.36 (compatible; PetalBot;+https://webmaster.petalsearch.com/site/petalbot)"
43.135.160.121 - - [15/Dec/2025:17:17:19 +0000] "GET /wp-content/uploads/2018/02/logo-medical3.png HTTP/1.1" 200 4579 "-" "Mozilla/5.0 (Windows NT 10.0; Win64; x64) AppleWebKit/537.36 (KHTML, like Gecko) Chrome/101.0.4951.67 Safari/537.36"
66.249.75.67 - - [15/Dec/2025:17:19:15 +0000] "GET /robots.txt HTTP/1.1" 200 200 "-" "Mozilla/5.0 (compatible; Googlebot/2.1; +http://www.google.com/bot.html)"
66.249.75.69 - - [15/Dec/2025:17:19:15 +0000] "GET /amp.php HTTP/1.1" 200 12811 "-" "Mozilla/5.0 (Linux; Android 6.0.1; Nexus 5X Build/MMB29P) AppleWebKit/537.36 (KHTML, like Gecko) Chrome/141.0.7390.122 Mobile Safari/537.36 (compatible; Googlebot/2.1; +http://www.google.com/bot.html)"
66.249.75.67 - - [15/Dec/2025:17:19:25 +0000] "GET /index/bootstrap.min.js.indir HTTP/1.1" 302 0 "http://www.delta-hospital.com/amp.php" "Mozilla/5.0 (Linux; Android 6.0.1; Nexus 5X Build/MMB29P) AppleWebKit/537.36 (KHTML, like Gecko) Chrome/141.0.7390.122 Mobile Safari/537.36 (compatible; Googlebot/2.1; +http://www.google.com/bot.html)"
