| Server IP : 170.10.162.208 / Your IP : 216.73.216.181 Web Server : LiteSpeed System : Linux altar19.supremepanel19.com 4.18.0-553.69.1.lve.el8.x86_64 #1 SMP Wed Aug 13 19:53:59 UTC 2025 x86_64 User : deltahospital ( 1806) PHP Version : 7.4.33 Disable Function : NONE MySQL : OFF | cURL : ON | WGET : ON | Perl : ON | Python : ON | Sudo : OFF | Pkexec : OFF Directory : /home/deltahospital/access-logs/ |
Upload File : |
74.7.242.14 - - [14/Dec/2025:12:01:57 +0000] "GET /wp-content/plugins/wp-job-manager/assets/font/jm-logo/jm.ttf?ycsbky HTTP/1.1" 200 741 "-" "Mozilla/5.0 AppleWebKit/537.36 (KHTML, like Gecko; compatible; GPTBot/1.3; +https://openai.com/gptbot)"
74.7.242.14 - - [14/Dec/2025:12:02:02 +0000] "GET /wp-content/plugins/Ultimate_VC_Addons/assets/min-css/fonts/slick.ttf HTTP/1.1" 200 951 "-" "Mozilla/5.0 AppleWebKit/537.36 (KHTML, like Gecko; compatible; GPTBot/1.3; +https://openai.com/gptbot)"
74.7.242.14 - - [14/Dec/2025:12:02:07 +0000] "GET /wp-content/plugins/Ultimate_VC_Addons/assets/min-css/fonts/slick.eot HTTP/1.1" 200 998 "-" "Mozilla/5.0 AppleWebKit/537.36 (KHTML, like Gecko; compatible; GPTBot/1.3; +https://openai.com/gptbot)"
74.7.242.14 - - [14/Dec/2025:12:02:12 +0000] "GET /wp-content/plugins/wp-job-manager/assets/font/jm-logo/jm.svg?ycsbky HTTP/1.1" 200 723 "-" "Mozilla/5.0 AppleWebKit/537.36 (KHTML, like Gecko; compatible; GPTBot/1.3; +https://openai.com/gptbot)"
74.7.242.14 - - [14/Dec/2025:12:02:17 +0000] "GET /wp-content/plugins/wp-job-manager/assets/font/jm-logo/jm.woff?ycsbky HTTP/1.1" 200 1388 "-" "Mozilla/5.0 AppleWebKit/537.36 (KHTML, like Gecko; compatible; GPTBot/1.3; +https://openai.com/gptbot)"
74.7.242.14 - - [14/Dec/2025:12:02:22 +0000] "GET /wp-content/plugins/Ultimate_VC_Addons/assets/min-css/fonts/ult-silk.svg HTTP/1.1" 200 1537 "-" "Mozilla/5.0 AppleWebKit/537.36 (KHTML, like Gecko; compatible; GPTBot/1.3; +https://openai.com/gptbot)"
74.7.242.14 - - [14/Dec/2025:12:02:28 +0000] "GET /wp-content/plugins/Ultimate_VC_Addons/assets/min-css/fonts/ult-silk.woff HTTP/1.1" 200 2504 "-" "Mozilla/5.0 AppleWebKit/537.36 (KHTML, like Gecko; compatible; GPTBot/1.3; +https://openai.com/gptbot)"
74.7.242.14 - - [14/Dec/2025:12:02:33 +0000] "GET /wp-content/plugins/wp-job-manager/assets/font/job-manager.svg?4963673 HTTP/1.1" 200 7570 "-" "Mozilla/5.0 AppleWebKit/537.36 (KHTML, like Gecko; compatible; GPTBot/1.3; +https://openai.com/gptbot)"
74.7.242.14 - - [14/Dec/2025:12:02:38 +0000] "GET /wp-content/plugins/wp-job-manager/assets/font/job-manager.ttf?4963673 HTTP/1.1" 200 8943 "-" "Mozilla/5.0 AppleWebKit/537.36 (KHTML, like Gecko; compatible; GPTBot/1.3; +https://openai.com/gptbot)"
74.7.242.14 - - [14/Dec/2025:12:02:44 +0000] "GET /wp-content/plugins/wp-job-manager/assets/font/job-manager.eot?4963673 HTTP/1.1" 200 9019 "-" "Mozilla/5.0 AppleWebKit/537.36 (KHTML, like Gecko; compatible; GPTBot/1.3; +https://openai.com/gptbot)"
74.7.242.14 - - [14/Dec/2025:12:02:49 +0000] "GET /wp-content/plugins/wp-job-manager/assets/font/job-manager.woff?4963673 HTTP/1.1" 200 9012 "-" "Mozilla/5.0 AppleWebKit/537.36 (KHTML, like Gecko; compatible; GPTBot/1.3; +https://openai.com/gptbot)"
74.7.242.14 - - [14/Dec/2025:12:02:55 +0000] "GET /wp-content/plugins/Ultimate_VC_Addons/assets/min-css/fonts/slick.woff HTTP/1.1" 200 1380 "-" "Mozilla/5.0 AppleWebKit/537.36 (KHTML, like Gecko; compatible; GPTBot/1.3; +https://openai.com/gptbot)"
74.7.242.14 - - [14/Dec/2025:12:03:00 +0000] "GET /wp-content/plugins/Ultimate_VC_Addons/assets/min-css/fonts/slick.svg HTTP/1.1" 200 860 "-" "Mozilla/5.0 AppleWebKit/537.36 (KHTML, like Gecko; compatible; GPTBot/1.3; +https://openai.com/gptbot)"
74.7.242.14 - - [14/Dec/2025:12:03:06 +0000] "GET /wp-content/plugins/post-slider-carousel/css/font-awesome/fonts/fontawesome-webfont.eot HTTP/1.1" 200 70812 "-" "Mozilla/5.0 AppleWebKit/537.36 (KHTML, like Gecko; compatible; GPTBot/1.3; +https://openai.com/gptbot)"
74.7.242.14 - - [14/Dec/2025:12:03:11 +0000] "GET /wp-content/themes/imedica/css/fonts/fontawesome-webfont.ttf?v=4.6.3 HTTP/1.1" 200 88387 "-" "Mozilla/5.0 AppleWebKit/537.36 (KHTML, like Gecko; compatible; GPTBot/1.3; +https://openai.com/gptbot)"
74.7.242.14 - - [14/Dec/2025:12:03:16 +0000] "GET /wp-content/themes/imedica/css/fonts/fontawesome-webfont.woff?v=4.6.3 HTTP/1.1" 200 90412 "-" "Mozilla/5.0 AppleWebKit/537.36 (KHTML, like Gecko; compatible; GPTBot/1.3; +https://openai.com/gptbot)"
74.7.242.14 - - [14/Dec/2025:12:03:21 +0000] "GET /wp-content/themes/imedica/css/fonts/fontawesome-webfont.svg?v=4.6.3 HTTP/1.1" 200 115312 "-" "Mozilla/5.0 AppleWebKit/537.36 (KHTML, like Gecko; compatible; GPTBot/1.3; +https://openai.com/gptbot)"
74.7.242.14 - - [14/Dec/2025:12:03:26 +0000] "GET /wp-content/themes/imedica/css/fonts/imedica-extra-fonts.svg?-ofzjm3 HTTP/1.1" 200 1015 "-" "Mozilla/5.0 AppleWebKit/537.36 (KHTML, like Gecko; compatible; GPTBot/1.3; +https://openai.com/gptbot)"
74.7.242.14 - - [14/Dec/2025:12:03:31 +0000] "GET /wp-content/plugins/post-slider-carousel/css/font-awesome/fonts/fontawesome-webfont.woff2?v=4.5.0 HTTP/1.1" 200 66624 "-" "Mozilla/5.0 AppleWebKit/537.36 (KHTML, like Gecko; compatible; GPTBot/1.3; +https://openai.com/gptbot)"
74.7.242.14 - - [14/Dec/2025:12:03:36 +0000] "GET /wp-content/plugins/post-slider-carousel/css/font-awesome/fonts/fontawesome-webfont.woff?v=4.5.0 HTTP/1.1" 200 83588 "-" "Mozilla/5.0 AppleWebKit/537.36 (KHTML, like Gecko; compatible; GPTBot/1.3; +https://openai.com/gptbot)"
74.7.242.14 - - [14/Dec/2025:12:03:42 +0000] "GET /wp-content/plugins/post-slider-carousel/css/font-awesome/fonts/fontawesome-webfont.ttf?v=4.5.0 HTTP/1.1" 200 81861 "-" "Mozilla/5.0 AppleWebKit/537.36 (KHTML, like Gecko; compatible; GPTBot/1.3; +https://openai.com/gptbot)"
74.7.242.14 - - [14/Dec/2025:12:03:47 +0000] "GET /wp-content/plugins/post-slider-carousel/css/font-awesome/fonts/fontawesome-webfont.eot?v=4.5.0 HTTP/1.1" 200 70812 "-" "Mozilla/5.0 AppleWebKit/537.36 (KHTML, like Gecko; compatible; GPTBot/1.3; +https://openai.com/gptbot)"
74.7.242.14 - - [14/Dec/2025:12:03:52 +0000] "GET /wp-content/plugins/post-slider-carousel/css/font-awesome/fonts/fontawesome-webfont.svg?v=4.5.0 HTTP/1.1" 200 106023 "-" "Mozilla/5.0 AppleWebKit/537.36 (KHTML, like Gecko; compatible; GPTBot/1.3; +https://openai.com/gptbot)"
65.111.28.85 - - [14/Dec/2025:12:07:49 +0000] "GET /wp-content/plugins/contact-form-7/includes/js/scripts.js HTTP/1.1" 200 3792 "http://delta-hospital.com/contact-us/" "Mozilla/5.0 (Macintosh; Intel Mac OS X 12_5) AppleWebKit/537.36 (KHTML, like Gecko) Chrome/114.0.0.0 Safari/537.36"
114.119.146.4 - - [14/Dec/2025:12:16:09 +0000] "GET /amp.php HTTP/1.1" 200 14631 "http://delta-hospital.com/wp-includes/js/jquery/ui/?MA" "Mozilla/5.0 (Linux; Android 7.0;) AppleWebKit/537.36 (KHTML, like Gecko) Mobile Safari/537.36 (compatible; PetalBot;+https://webmaster.petalsearch.com/site/petalbot)"
145.239.15.241 - - [14/Dec/2025:12:18:55 +0000] "GET /wp-content/uploads/2019/02/slider-medical-malpractice.jpg HTTP/1.1" 200 53131 "-" "python-urllib3/1.26.18"
47.82.11.79 - - [14/Dec/2025:12:30:46 +0000] "GET /department/gastroenterology HTTP/1.1" 301 0 "http://delta-hospital.com/" "Mozilla/5.0 (Windows NT 10.0; Win64; x64) AppleWebKit/537.36 (KHTML, like Gecko) Chrome/135.0.0.0 Safari/537.36 Edg/135.0.0.0"
47.82.11.79 - - [14/Dec/2025:12:30:47 +0000] "GET /department/gastroenterology/ HTTP/1.1" 200 69392 "http://delta-hospital.com/" "Mozilla/5.0 (Windows NT 10.0; Win64; x64) AppleWebKit/537.36 (KHTML, like Gecko) Chrome/135.0.0.0 Safari/537.36 Edg/135.0.0.0"
51.91.250.17 - - [14/Dec/2025:12:31:50 +0000] "GET /doctor/md-towfique-hasan-firoz/ HTTP/1.1" 200 69832 "-" "Mozilla/5.0 (Windows NT 10.0; Win64; x64) AppleWebKit/537.36 (KHTML, like Gecko) Chrome/139.0.0.0 Safari/537.36"
114.119.156.74 - - [14/Dec/2025:12:39:00 +0000] "GET /wp-includes/class-walker-nav-menu.php HTTP/1.1" 500 0 "http://delta-hospital.com/wp-includes/?SD" "Mozilla/5.0 (Linux; Android 7.0;) AppleWebKit/537.36 (KHTML, like Gecko) Mobile Safari/537.36 (compatible; PetalBot;+https://webmaster.petalsearch.com/site/petalbot)"
114.119.134.49 - - [14/Dec/2025:12:40:23 +0000] "GET /wp-includes/bookmark.php HTTP/1.1" 200 0 "http://delta-hospital.com/wp-includes/?SD" "Mozilla/5.0 (Linux; Android 7.0;) AppleWebKit/537.36 (KHTML, like Gecko) Mobile Safari/537.36 (compatible; PetalBot;+https://webmaster.petalsearch.com/site/petalbot)"
170.10.162.208 - - [14/Dec/2025:12:07:48 +0000] "POST /wp-cron.php?doing_wp_cron=1765714068.7322859764099121093750 HTTP/1.1" 200 0 "http://delta-hospital.com/wp-cron.php?doing_wp_cron=1765714068.7322859764099121093750" "mXapGDVCebIu"
104.207.63.65 - - [14/Dec/2025:12:07:48 +0000] "GET /contact-us/ HTTP/1.1" 200 70275 "-" "Mozilla/5.0 (Macintosh; Intel Mac OS X 12_5) AppleWebKit/537.36 (KHTML, like Gecko) Chrome/114.0.0.0 Safari/537.36"
216.73.216.181 - - [14/Dec/2025:12:08:05 +0000] "GET /robots.txt HTTP/1.1" 200 200 "-" "Mozilla/5.0 AppleWebKit/537.36 (KHTML, like Gecko; compatible; ClaudeBot/1.0; +claudebot@anthropic.com)"
216.73.216.181 - - [14/Dec/2025:12:08:05 +0000] "GET /about-us/mission HTTP/1.1" 301 0 "-" "Mozilla/5.0 AppleWebKit/537.36 (KHTML, like Gecko; compatible; ClaudeBot/1.0; +claudebot@anthropic.com)"
216.73.216.181 - - [14/Dec/2025:12:08:05 +0000] "GET /about-us/mission/ HTTP/1.1" 200 69282 "http://delta-hospital.com/about-us/mission" "Mozilla/5.0 AppleWebKit/537.36 (KHTML, like Gecko; compatible; ClaudeBot/1.0; +claudebot@anthropic.com)"
57.129.81.225 - - [14/Dec/2025:12:30:58 +0000] "GET /services/diagnostic-facilities/ HTTP/1.1" 200 69240 "-" "Mozilla/5.0 (Windows NT 10.0; Win64; x64) AppleWebKit/537.36 (KHTML, like Gecko) Chrome/139.0.0.0 Safari/537.36"
149.202.51.38 - - [14/Dec/2025:12:30:58 +0000] "GET /wp-content/uploads/2018/02/4.png HTTP/1.1" 200 12428 "-" "Mozilla/5.0 (Windows NT 10.0; Win64; x64) AppleWebKit/537.36 (KHTML, like Gecko) Chrome/139.0.0.0 Safari/537.36"
195.2.71.225 - - [14/Dec/2025:12:40:59 +0000] "GET /contact-us/ HTTP/1.0" 200 402766 "http://delta-hospital.com/contact-us/" "Mozilla/5.0 (Windows NT 10.0; Win64; x64) AppleWebKit/537.36 (KHTML, like Gecko) Chrome/131.0.0.0 Safari/537.36"
114.119.156.74 - - [14/Dec/2025:12:41:46 +0000] "GET /r-h-p/ HTTP/1.1" 302 0 "http://delta-hospital.com/category/uncategorized/" "Mozilla/5.0 (Linux; Android 7.0;) AppleWebKit/537.36 (KHTML, like Gecko) Mobile Safari/537.36 (compatible; PetalBot;+https://webmaster.petalsearch.com/site/petalbot)"
173.252.83.2 - - [14/Dec/2025:12:43:49 +0000] "GET /wp-content/uploads/2017/01/Dr-Hasina-Alam.jpg HTTP/1.1" 200 33680 "-" "facebookexternalhit/1.1 (+http://www.facebook.com/externalhit_uatext.php)"
114.119.135.206 - - [14/Dec/2025:12:55:49 +0000] "GET /department/icu-pain-specialist HTTP/1.1" 302 0 "http://delta-hospital.com/" "Mozilla/5.0 (Linux; Android 7.0;) AppleWebKit/537.36 (KHTML, like Gecko) Mobile Safari/537.36 (compatible; PetalBot;+https://webmaster.petalsearch.com/site/petalbot)"
114.119.156.74 - - [14/Dec/2025:12:58:36 +0000] "GET /department/orthopedic-surgery/ HTTP/1.1" 302 0 "http://delta-hospital.com/category/uncategorized/" "Mozilla/5.0 (Linux; Android 7.0;) AppleWebKit/537.36 (KHTML, like Gecko) Mobile Safari/537.36 (compatible; PetalBot;+https://webmaster.petalsearch.com/site/petalbot)"
114.119.156.74 - - [14/Dec/2025:12:58:37 +0000] "GET /amp.php HTTP/1.1" 200 14631 "http://delta-hospital.com/category/uncategorized/" "Mozilla/5.0 (Linux; Android 7.0;) AppleWebKit/537.36 (KHTML, like Gecko) Mobile Safari/537.36 (compatible; PetalBot;+https://webmaster.petalsearch.com/site/petalbot)"
18.208.140.214 - - [14/Dec/2025:13:04:55 +0000] "POST /ALFA_DATA/alfacgiapi/perl.alfa HTTP/1.1" 404 394298 "www.google.com" "Mozlila/5.0 (Linux; Android 7.0; SM-G892A Bulid/NRD90M; wv) AppleWebKit/537.36 (KHTML, like Gecko) Version/4.0 Chrome/60.0.3112.107 Moblie Safari/537.36"
18.208.140.214 - - [14/Dec/2025:13:04:55 +0000] "POST /alfacgiapi/perl.alfa HTTP/1.1" 404 394230 "www.google.com" "Mozlila/5.0 (Linux; Android 7.0; SM-G892A Bulid/NRD90M; wv) AppleWebKit/537.36 (KHTML, like Gecko) Version/4.0 Chrome/60.0.3112.107 Moblie Safari/537.36"
103.72.0.207 - - [14/Dec/2025:13:05:34 +0000] "GET http://delta-hospital.com/department/icu-pain-specialist/ HTTP/1.1" 200 83979 "-" "Mozilla/5.0 (Windows NT 10.0; WOW64) AppleWebKit/537.36 (KHTML, like Gecko) Chrome/79.0.3945.130 Safari/537.36 AOLShield/79.0.3945.5"
8.217.214.152 - - [14/Dec/2025:13:05:42 +0000] "GET /robots.txt HTTP/1.1" 200 200 "-" "AliyunSecBot/Aliyun (AliyunSecBot@service.alibaba.com)"
114.119.151.89 - - [14/Dec/2025:13:19:36 +0000] "GET /wp-includes/theme-compat/error_log HTTP/1.1" 403 1242 "http://delta-hospital.com/wp-includes/theme-compat/?SD" "Mozilla/5.0 (Linux; Android 7.0;) AppleWebKit/537.36 (KHTML, like Gecko) Mobile Safari/537.36 (compatible; PetalBot;+https://webmaster.petalsearch.com/site/petalbot)"
31.13.115.3 - - [14/Dec/2025:13:20:57 +0000] "GET /amp.php HTTP/1.1" 200 69287 "-" "facebookexternalhit/1.1 (+http://www.facebook.com/externalhit_uatext.php)"
65.111.28.85 - - [14/Dec/2025:12:07:49 +0000] "POST /wp-json/contact-form-7/v1/contact-forms/4/feedback HTTP/1.1" 200 92 "http://delta-hospital.com/contact-us/" "Mozilla/5.0 (Macintosh; Intel Mac OS X 12_5) AppleWebKit/537.36 (KHTML, like Gecko) Chrome/114.0.0.0 Safari/537.36"
114.119.129.254 - - [14/Dec/2025:12:14:46 +0000] "GET /wp-includes/js/mediaelement/mediaelementplayer-legacy.min.css HTTP/1.1" 200 2575 "http://delta-hospital.com/wp-includes/js/mediaelement/?DD" "Mozilla/5.0 (Linux; Android 7.0;) AppleWebKit/537.36 (KHTML, like Gecko) Mobile Safari/537.36 (compatible; PetalBot;+https://webmaster.petalsearch.com/site/petalbot)"
114.119.146.4 - - [14/Dec/2025:12:16:09 +0000] "GET /wp-includes/js/jquery/ui/effect-puff.js HTTP/1.1" 302 0 "http://delta-hospital.com/wp-includes/js/jquery/ui/?MA" "Mozilla/5.0 (Linux; Android 7.0;) AppleWebKit/537.36 (KHTML, like Gecko) Mobile Safari/537.36 (compatible; PetalBot;+https://webmaster.petalsearch.com/site/petalbot)"
145.239.15.241 - - [14/Dec/2025:12:20:23 +0000] "GET /wp-content/uploads/psc_post_slider_carousel/Dr.-Md.-Nazmul-Kayes_220_220.jpg HTTP/1.1" 200 9523 "-" "python-urllib3/1.26.18"
145.239.15.241 - - [14/Dec/2025:12:20:33 +0000] "GET /wp-content/uploads/psc_post_slider_carousel/Dr.-Niger-Mahjabin_220_220.jpg HTTP/1.1" 200 13663 "-" "python-urllib3/1.26.18"
145.239.15.241 - - [14/Dec/2025:12:20:44 +0000] "GET /wp-content/uploads/2018/02/6-2.jpg HTTP/1.1" 200 4624 "-" "python-urllib3/1.26.18"
103.172.15.241 - - [14/Dec/2025:12:52:12 +0000] "GET /doctor/dr-tania-hoq-lira/ HTTP/1.1" 200 84232 "-" "Mozilla/5.0 (Linux; Android 11; moto e30 Build/ROP31.166-27; wv) AppleWebKit/537.36 (KHTML, like Gecko) Version/4.0 Chrome/142.0.7444.171 Mobile Safari/537.36 SessionId/ef93f01ccbd8e4887a07aa52af264e09"
45.161.5.99 - - [14/Dec/2025:12:59:05 +0000] "GET http://delta-hospital.com/amp.php HTTP/1.1" 200 14683 "-" "Mozilla/5.0 (Macintosh; Intel Mac OS X 11_2_3) AppleWebKit/537.36 (KHTML, like Gecko) Chrome/89.0.4389.90 Safari/537.36"
18.208.140.214 - - [14/Dec/2025:13:04:55 +0000] "GET /wp-content/themes/seotheme/db.php?u HTTP/1.1" 404 394270 "www.google.com" "Mozlila/5.0 (Linux; Android 7.0; SM-G892A Bulid/NRD90M; wv) AppleWebKit/537.36 (KHTML, like Gecko) Version/4.0 Chrome/60.0.3112.107 Moblie Safari/537.36"
31.13.115.2 - - [14/Dec/2025:13:20:56 +0000] "GET / HTTP/1.1" 302 0 "-" "facebookexternalhit/1.1 (+http://www.facebook.com/externalhit_uatext.php)"
78.153.140.222 - - [14/Dec/2025:13:20:56 +0000] "GET /.env HTTP/1.1" 301 0 "-" "Mozilla/5.0 (X11; U; Linux i686; en-US; rv:1.8.0.1) Gecko/20060313 Debian/1.5.dfsg+1.5.0.1-4 Firefox/1.5.0.1"
195.2.71.225 - - [14/Dec/2025:12:41:00 +0000] "POST /wp-json/contact-form-7/v1/contact-forms/4/feedback HTTP/1.0" 200 106 "http://delta-hospital.com/contact-us/" "Mozilla/5.0 (Windows NT 10.0; Win64; x64) AppleWebKit/537.36 (KHTML, like Gecko) Chrome/131.0.0.0 Safari/537.36"
114.119.156.74 - - [14/Dec/2025:12:41:47 +0000] "GET /amp.php HTTP/1.1" 200 14631 "http://delta-hospital.com/category/uncategorized/" "Mozilla/5.0 (Linux; Android 7.0;) AppleWebKit/537.36 (KHTML, like Gecko) Mobile Safari/537.36 (compatible; PetalBot;+https://webmaster.petalsearch.com/site/petalbot)"
35.205.163.228 - - [14/Dec/2025:12:43:12 +0000] "GET / HTTP/1.1" 301 0 "-" "Mozilla/5.0 (Windows NT 10.0; Win64; x64) AppleWebKit/537.36 (KHTML, like Gecko) Chrome/84.0.4147.105 Safari/537.36"
35.205.163.228 - - [14/Dec/2025:12:43:14 +0000] "GET / HTTP/1.1" 200 508245 "-" "Mozilla/5.0 (Windows NT 10.0; Win64; x64) AppleWebKit/537.36 (KHTML, like Gecko) Chrome/84.0.4147.105 Safari/537.36"
115.79.32.136 - - [14/Dec/2025:12:47:36 +0000] "GET /wp-login.php HTTP/1.1" 404 83174 "-" "Mozilla/5.0 (X11; Ubuntu; Linux x86_64; rv:85.0) Gecko/20100101 Firefox/91.0"
115.79.32.136 - - [14/Dec/2025:12:47:37 +0000] "POST /wp-login.php HTTP/1.1" 404 83172 "-" "Mozilla/5.0 (X11; Ubuntu; Linux x86_64; rv:85.0) Gecko/20100101 Firefox/91.0"
114.119.135.206 - - [14/Dec/2025:12:55:50 +0000] "GET /amp.php HTTP/1.1" 200 14631 "http://delta-hospital.com/" "Mozilla/5.0 (Linux; Android 7.0;) AppleWebKit/537.36 (KHTML, like Gecko) Mobile Safari/537.36 (compatible; PetalBot;+https://webmaster.petalsearch.com/site/petalbot)"
114.119.134.49 - - [14/Dec/2025:12:57:11 +0000] "GET /wp-includes/css/wp-auth-check.min.css HTTP/1.1" 200 780 "http://delta-hospital.com/wp-includes/css/?MD" "Mozilla/5.0 (Linux; Android 7.0;) AppleWebKit/537.36 (KHTML, like Gecko) Mobile Safari/537.36 (compatible; PetalBot;+https://webmaster.petalsearch.com/site/petalbot)"
18.208.140.214 - - [14/Dec/2025:13:04:55 +0000] "POST /wp-plain.php HTTP/1.1" 404 394278 "www.google.com" "Mozilla/5.0 (Linux; Android 7.0; SM-G892A Bulid/NRD90M; wv) AppleWebKit/537.36 (KHTML, like Gecko) Version/4.0 Chrome/60.0.3112.107 Moblie Safari/537.36"
18.208.140.214 - - [14/Dec/2025:13:04:55 +0000] "GET /vmpedbpy.php?Fox=d3wL7 HTTP/1.1" 404 394274 "www.google.com" "Mozilla/5.0 (Linux; Android 7.0; SM-G892A Bulid/NRD90M; wv) AppleWebKit/537.36 (KHTML, like Gecko) Version/4.0 Chrome/60.0.3112.107 Moblie Safari/537.36"
18.208.140.214 - - [14/Dec/2025:13:04:55 +0000] "GET / HTTP/1.1" 200 508244 "-" "Mozlila/5.0 (Linux; Android 7.0; SM-G892A Bulid/NRD90M; wv) AppleWebKit/537.36 (KHTML, like Gecko) Version/4.0 Chrome/60.0.3112.107 Moblie Safari/537.36"
18.208.140.214 - - [14/Dec/2025:13:04:56 +0000] "GET /wp-content/plugins/apikey/apikey.php?test=hello HTTP/1.1" 404 394315 "-" "Mozlila/5.0 (Linux; Android 7.0; SM-G892A Bulid/NRD90M; wv) AppleWebKit/537.36 (KHTML, like Gecko) Version/4.0 Chrome/60.0.3112.107 Moblie Safari/537.36"
18.208.140.214 - - [14/Dec/2025:13:04:56 +0000] "GET /plugins/content/apismtp/apismtp.php?test=hello HTTP/1.1" 404 394318 "-" "Mozlila/5.0 (Linux; Android 7.0; SM-G892A Bulid/NRD90M; wv) AppleWebKit/537.36 (KHTML, like Gecko) Version/4.0 Chrome/60.0.3112.107 Moblie Safari/537.36"
18.208.140.214 - - [14/Dec/2025:13:04:57 +0000] "GET /wp-content/plugins/apikey/apikey.php.suspected?test=hello HTTP/1.1" 404 394313 "-" "Mozlila/5.0 (Linux; Android 7.0; SM-G892A Bulid/NRD90M; wv) AppleWebKit/537.36 (KHTML, like Gecko) Version/4.0 Chrome/60.0.3112.107 Moblie Safari/537.36"
18.208.140.214 - - [14/Dec/2025:13:04:57 +0000] "GET /plugins/content/apismtp/apismtp.php.suspected?test=hello HTTP/1.1" 404 394301 "-" "Mozlila/5.0 (Linux; Android 7.0; SM-G892A Bulid/NRD90M; wv) AppleWebKit/537.36 (KHTML, like Gecko) Version/4.0 Chrome/60.0.3112.107 Moblie Safari/537.36"
8.217.213.185 - - [14/Dec/2025:13:05:43 +0000] "GET /wp-content/plugins/post-slider-carousel/css/font-awesome/css/font-awesome.min.css HTTP/1.1" 200 5878 "-" "AliyunSecBot/Aliyun (AliyunSecBot@service.alibaba.com)"
66.249.69.14 - - [14/Dec/2025:13:44:03 +0000] "GET /favicon.ico HTTP/1.1" 404 1251 "-" "Googlebot-Image/1.0"
74.113.250.38 - - [14/Dec/2025:13:44:52 +0000] "GET /wp-login.php HTTP/1.1" 404 83037 "-" "Mozilla/5.0 (X11; Ubuntu; Linux x86_64; rv:85.0) Gecko/20100101 Firefox/91.0"
74.113.250.38 - - [14/Dec/2025:13:44:55 +0000] "POST /wp-login.php HTTP/1.1" 404 83202 "-" "Mozilla/5.0 (X11; Ubuntu; Linux x86_64; rv:85.0) Gecko/20100101 Firefox/91.0"
162.142.125.118 - - [14/Dec/2025:13:53:46 +0000] "GET / HTTP/1.1" 301 0 "-" "Mozilla/5.0 (compatible; CensysInspect/1.1; +https://about.censys.io/)"
114.119.128.14 - - [14/Dec/2025:14:05:52 +0000] "GET /amp.php HTTP/1.1" 200 14631 "http://delta-hospital.com/wp-includes/js/jquery/ui/?MA" "Mozilla/5.0 (Linux; Android 7.0;) AppleWebKit/537.36 (KHTML, like Gecko) Mobile Safari/537.36 (compatible; PetalBot;+https://webmaster.petalsearch.com/site/petalbot)"
114.119.134.49 - - [14/Dec/2025:14:10:05 +0000] "GET /wp-includes/css/dist/preferences/style.min.css HTTP/1.1" 302 0 "http://delta-hospital.com/wp-includes/css/dist/preferences/?SA" "Mozilla/5.0 (Linux; Android 7.0;) AppleWebKit/537.36 (KHTML, like Gecko) Mobile Safari/537.36 (compatible; PetalBot;+https://webmaster.petalsearch.com/site/petalbot)"
114.119.129.254 - - [14/Dec/2025:14:11:27 +0000] "GET /amp.php HTTP/1.1" 200 14631 "http://delta-hospital.com/wp-includes/?SD" "Mozilla/5.0 (Linux; Android 7.0;) AppleWebKit/537.36 (KHTML, like Gecko) Mobile Safari/537.36 (compatible; PetalBot;+https://webmaster.petalsearch.com/site/petalbot)"
114.119.156.74 - - [14/Dec/2025:14:15:37 +0000] "GET /wp-includes/js/dist/annotations.min.js HTTP/1.1" 302 0 "http://delta-hospital.com/wp-includes/js/dist/" "Mozilla/5.0 (Linux; Android 7.0;) AppleWebKit/537.36 (KHTML, like Gecko) Mobile Safari/537.36 (compatible; PetalBot;+https://webmaster.petalsearch.com/site/petalbot)"
114.119.156.74 - - [14/Dec/2025:14:15:37 +0000] "GET /amp.php HTTP/1.1" 200 14683 "http://delta-hospital.com/wp-includes/js/dist/" "Mozilla/5.0 (Linux; Android 7.0;) AppleWebKit/537.36 (KHTML, like Gecko) Mobile Safari/537.36 (compatible; PetalBot;+https://webmaster.petalsearch.com/site/petalbot)"
176.117.212.121 - - [14/Dec/2025:14:16:15 +0000] "GET /contact-us/ HTTP/1.0" 200 402660 "-" "Mozilla/5.0 (Windows NT 6.3; Win64; x64) AppleWebKit/537.36 (KHTML, like Gecko) Chrome/75.0.3770.100 Safari/537.36"
114.119.151.89 - - [14/Dec/2025:14:42:57 +0000] "GET /services/diagnostic-facilities/ HTTP/1.1" 302 0 "https://dayofdifference.org.au/d-medical/delta-medical-centre-dhaka.html" "Mozilla/5.0 (Linux; Android 7.0;) AppleWebKit/537.36 (KHTML, like Gecko) Mobile Safari/537.36 (compatible; PetalBot;+https://webmaster.petalsearch.com/site/petalbot)"
114.119.151.89 - - [14/Dec/2025:14:42:58 +0000] "GET /amp.php HTTP/1.1" 200 14631 "https://dayofdifference.org.au/d-medical/delta-medical-centre-dhaka.html" "Mozilla/5.0 (Linux; Android 7.0;) AppleWebKit/537.36 (KHTML, like Gecko) Mobile Safari/537.36 (compatible; PetalBot;+https://webmaster.petalsearch.com/site/petalbot)"
66.249.69.14 - - [14/Dec/2025:14:47:51 +0000] "GET /login.php HTTP/1.1" 200 900 "-" "Mozilla/5.0 (Linux; Android 6.0.1; Nexus 5X Build/MMB29P) AppleWebKit/537.36 (KHTML, like Gecko) Chrome/141.0.7390.122 Mobile Safari/537.36 (compatible; Googlebot/2.1; +http://www.google.com/bot.html)"
66.249.69.12 - - [14/Dec/2025:14:47:52 +0000] "GET /SpryAssets/SpryValidationPassword.js HTTP/1.1" 302 0 "http://delta-hospital.com/login.php" "Mozilla/5.0 (Linux; Android 6.0.1; Nexus 5X Build/MMB29P) AppleWebKit/537.36 (KHTML, like Gecko) Chrome/141.0.7390.122 Mobile Safari/537.36 (compatible; Googlebot/2.1; +http://www.google.com/bot.html)"
66.249.69.12 - - [14/Dec/2025:14:47:53 +0000] "GET /SpryAssets/SpryValidationTextField.js HTTP/1.1" 302 0 "http://delta-hospital.com/login.php" "Mozilla/5.0 (Linux; Android 6.0.1; Nexus 5X Build/MMB29P) AppleWebKit/537.36 (KHTML, like Gecko) Chrome/141.0.7390.122 Mobile Safari/537.36 (compatible; Googlebot/2.1; +http://www.google.com/bot.html)"
114.119.146.4 - - [14/Dec/2025:13:35:19 +0000] "GET /doctor/dr-foujia-sharmin/ HTTP/1.1" 302 0 "http://delta-hospital.com/" "Mozilla/5.0 (Linux; Android 7.0;) AppleWebKit/537.36 (KHTML, like Gecko) Mobile Safari/537.36 (compatible; PetalBot;+https://webmaster.petalsearch.com/site/petalbot)"
114.119.146.4 - - [14/Dec/2025:13:35:20 +0000] "GET /amp.php HTTP/1.1" 200 14683 "http://delta-hospital.com/" "Mozilla/5.0 (Linux; Android 7.0;) AppleWebKit/537.36 (KHTML, like Gecko) Mobile Safari/537.36 (compatible; PetalBot;+https://webmaster.petalsearch.com/site/petalbot)"
66.249.69.13 - - [14/Dec/2025:13:44:03 +0000] "GET /robots.txt HTTP/1.1" 200 200 "-" "Mozilla/5.0 (compatible; Googlebot/2.1; +http://www.google.com/bot.html)"
162.142.125.118 - - [14/Dec/2025:13:53:48 +0000] "GET /favicon.ico HTTP/1.1" 404 1251 "-" "Mozilla/5.0 (compatible; CensysInspect/1.1; +https://about.censys.io/)"
114.119.156.74 - - [14/Dec/2025:14:04:29 +0000] "GET /wp-includes/sodium_compat/src/SodiumException.php HTTP/1.1" 302 0 "http://delta-hospital.com/wp-includes/sodium_compat/src/?NA" "Mozilla/5.0 (Linux; Android 7.0;) AppleWebKit/537.36 (KHTML, like Gecko) Mobile Safari/537.36 (compatible; PetalBot;+https://webmaster.petalsearch.com/site/petalbot)"
114.119.156.74 - - [14/Dec/2025:14:04:29 +0000] "GET /amp.php HTTP/1.1" 200 14631 "http://delta-hospital.com/wp-includes/sodium_compat/src/?NA" "Mozilla/5.0 (Linux; Android 7.0;) AppleWebKit/537.36 (KHTML, like Gecko) Mobile Safari/537.36 (compatible; PetalBot;+https://webmaster.petalsearch.com/site/petalbot)"
114.119.146.4 - - [14/Dec/2025:14:07:21 +0000] "GET /wp-includes/js/dist/warning.min.js HTTP/1.1" 302 0 "http://delta-hospital.com/wp-includes/js/dist/" "Mozilla/5.0 (Linux; Android 7.0;) AppleWebKit/537.36 (KHTML, like Gecko) Mobile Safari/537.36 (compatible; PetalBot;+https://webmaster.petalsearch.com/site/petalbot)"
114.119.134.49 - - [14/Dec/2025:14:10:06 +0000] "GET /amp.php HTTP/1.1" 200 14631 "http://delta-hospital.com/wp-includes/css/dist/preferences/?SA" "Mozilla/5.0 (Linux; Android 7.0;) AppleWebKit/537.36 (KHTML, like Gecko) Mobile Safari/537.36 (compatible; PetalBot;+https://webmaster.petalsearch.com/site/petalbot)"
114.119.134.49 - - [14/Dec/2025:14:12:50 +0000] "GET /amp.php HTTP/1.1" 200 14631 "http://delta-hospital.com/wp-includes/PHPMailer/?SD" "Mozilla/5.0 (Linux; Android 7.0;) AppleWebKit/537.36 (KHTML, like Gecko) Mobile Safari/537.36 (compatible; PetalBot;+https://webmaster.petalsearch.com/site/petalbot)"
114.119.128.14 - - [14/Dec/2025:14:14:13 +0000] "GET /about-us/vision HTTP/1.1" 302 0 "http://delta-hospital.com/" "Mozilla/5.0 (Linux; Android 7.0;) AppleWebKit/537.36 (KHTML, like Gecko) Mobile Safari/537.36 (compatible; PetalBot;+https://webmaster.petalsearch.com/site/petalbot)"
216.228.127.128 - - [14/Dec/2025:14:25:22 +0000] "GET /wp-content/uploads/psc_post_slider_carousel/Image-1_220_220.jpg HTTP/1.1" 200 2538 "-" "Mozilla/5.0 (X11; Ubuntu; Linux x86_64; rv:72.0) Gecko/20100101 Firefox/72.0"
62.60.130.228 - - [14/Dec/2025:14:28:02 +0000] "GET /wp-login.php HTTP/1.1" 404 68469 "https://www.google.com/search?q=wordpress" "Mozilla/5.0 (Windows NT 11.0; Win64; x64) AppleWebKit/537.36 (KHTML, like Gecko) Chrome/120.0.0.0 Safari/537.36"
98.84.70.201 - - [14/Dec/2025:14:48:15 +0000] "GET /department/physical-medicine/ HTTP/1.1" 200 83571 "-" "Mozilla/5.0 AppleWebKit/537.36 (KHTML, like Gecko; compatible; Amazonbot/0.1; +https://developer.amazon.com/support/amazonbot) Chrome/119.0.6045.214 Safari/537.36"
66.249.69.14 - - [14/Dec/2025:14:51:52 +0000] "GET /doctor/dr-mohammad-shafiul-alam/ HTTP/1.1" 302 0 "-" "Mozilla/5.0 (Linux; Android 6.0.1; Nexus 5X Build/MMB29P) AppleWebKit/537.36 (KHTML, like Gecko) Chrome/141.0.7390.122 Mobile Safari/537.36 (compatible; Googlebot/2.1; +http://www.google.com/bot.html)"
162.142.125.118 - - [14/Dec/2025:13:53:47 +0000] "GET / HTTP/1.1" 200 54690 "-" "Mozilla/5.0 (compatible; CensysInspect/1.1; +https://about.censys.io/)"
162.142.125.118 - - [14/Dec/2025:13:53:47 +0000] "GET /wp-content/uploads/2018/02/logo-medical3.png HTTP/1.1" 200 4579 "-" "Mozilla/5.0 (compatible; CensysInspect/1.1; +https://about.censys.io/)"
114.119.128.14 - - [14/Dec/2025:14:05:52 +0000] "GET /wp-includes/js/jquery/ui/button.js HTTP/1.1" 302 0 "http://delta-hospital.com/wp-includes/js/jquery/ui/?MA" "Mozilla/5.0 (Linux; Android 7.0;) AppleWebKit/537.36 (KHTML, like Gecko) Mobile Safari/537.36 (compatible; PetalBot;+https://webmaster.petalsearch.com/site/petalbot)"
114.119.146.4 - - [14/Dec/2025:14:07:22 +0000] "GET /amp.php HTTP/1.1" 200 14631 "http://delta-hospital.com/wp-includes/js/dist/" "Mozilla/5.0 (Linux; Android 7.0;) AppleWebKit/537.36 (KHTML, like Gecko) Mobile Safari/537.36 (compatible; PetalBot;+https://webmaster.petalsearch.com/site/petalbot)"
114.119.151.89 - - [14/Dec/2025:14:08:39 +0000] "GET /wp-includes/functions.wp-styles.php HTTP/1.1" 200 0 "http://delta-hospital.com/wp-includes/?SD" "Mozilla/5.0 (Linux; Android 7.0;) AppleWebKit/537.36 (KHTML, like Gecko) Mobile Safari/537.36 (compatible; PetalBot;+https://webmaster.petalsearch.com/site/petalbot)"
114.119.129.254 - - [14/Dec/2025:14:11:26 +0000] "GET /wp-includes/class-wp-block-list.php HTTP/1.1" 302 0 "http://delta-hospital.com/wp-includes/?SD" "Mozilla/5.0 (Linux; Android 7.0;) AppleWebKit/537.36 (KHTML, like Gecko) Mobile Safari/537.36 (compatible; PetalBot;+https://webmaster.petalsearch.com/site/petalbot)"
114.119.134.49 - - [14/Dec/2025:14:12:50 +0000] "GET /wp-includes/PHPMailer/PHPMailer.php HTTP/1.1" 302 0 "http://delta-hospital.com/wp-includes/PHPMailer/?SD" "Mozilla/5.0 (Linux; Android 7.0;) AppleWebKit/537.36 (KHTML, like Gecko) Mobile Safari/537.36 (compatible; PetalBot;+https://webmaster.petalsearch.com/site/petalbot)"
114.119.128.14 - - [14/Dec/2025:14:14:14 +0000] "GET /amp.php HTTP/1.1" 200 14631 "http://delta-hospital.com/" "Mozilla/5.0 (Linux; Android 7.0;) AppleWebKit/537.36 (KHTML, like Gecko) Mobile Safari/537.36 (compatible; PetalBot;+https://webmaster.petalsearch.com/site/petalbot)"
77.90.185.12 - - [14/Dec/2025:14:18:55 +0000] "GET /wp-login.php HTTP/1.1" 404 68508 "https://duckduckgo.com/" "Mozilla/5.0 (Macintosh; Intel Mac OS X 10_15_7; rv:120.0) Gecko/20100101 Firefox/120.0"
114.119.128.14 - - [14/Dec/2025:14:28:33 +0000] "GET /wp-includes/js/colorpicker.js HTTP/1.1" 200 8535 "http://delta-hospital.com/wp-includes/js/colorpicker.js" "Mozilla/5.0 (Linux; Android 7.0;) AppleWebKit/537.36 (KHTML, like Gecko) Mobile Safari/537.36 (compatible; PetalBot;+https://webmaster.petalsearch.com/site/petalbot)"
66.249.69.13 - - [14/Dec/2025:14:47:54 +0000] "GET /SpryAssets/SpryValidationTextField.css HTTP/1.1" 302 0 "http://delta-hospital.com/login.php" "Mozilla/5.0 (Linux; Android 6.0.1; Nexus 5X Build/MMB29P) AppleWebKit/537.36 (KHTML, like Gecko) Chrome/141.0.7390.122 Mobile Safari/537.36 (compatible; Googlebot/2.1; +http://www.google.com/bot.html)"
66.249.69.13 - - [14/Dec/2025:14:51:52 +0000] "GET /amp.php HTTP/1.1" 200 12792 "-" "Mozilla/5.0 (Linux; Android 6.0.1; Nexus 5X Build/MMB29P) AppleWebKit/537.36 (KHTML, like Gecko) Chrome/141.0.7390.122 Mobile Safari/537.36 (compatible; Googlebot/2.1; +http://www.google.com/bot.html)"
54.166.131.188 - - [14/Dec/2025:15:07:41 +0000] "GET /app-ads.txt HTTP/1.1" 404 394290 "-" "Mozilla/5.0 (Windows NT 10.0; Win64; x64) AppleWebKit/537.36 (KHTML, like Gecko) Chrome/124.0.0.0 Safari/537.36"
39.68.0.224 - - [14/Dec/2025:15:10:42 +0000] "GET / HTTP/1.1" 200 93891 "-" "Mozilla/5.0 (Windows NT 10.0; Win64; x64) AppleWebKit/537.36 (KHTML, like Gecko) Chrome/104.0.5112.81 Safari/537.36 Edg/104.0.1293.54"
39.68.0.224 - - [14/Dec/2025:15:10:47 +0000] "GET /xmlrpc.php HTTP/1.1" 405 62 "-" "Mozilla/5.0 (Windows NT 10.0; Win64; x64) AppleWebKit/537.36 (KHTML, like Gecko) Chrome/104.0.5112.81 Safari/537.36 Edg/104.0.1293.54"
66.249.69.14 - - [14/Dec/2025:14:47:54 +0000] "GET /amp.php HTTP/1.1" 200 12792 "http://delta-hospital.com/login.php" "Mozilla/5.0 (Linux; Android 6.0.1; Nexus 5X Build/MMB29P) AppleWebKit/537.36 (KHTML, like Gecko) Chrome/141.0.7390.122 Mobile Safari/537.36 (compatible; Googlebot/2.1; +http://www.google.com/bot.html)"
66.249.69.12 - - [14/Dec/2025:14:47:55 +0000] "GET /amp.php HTTP/1.1" 200 12792 "http://delta-hospital.com/login.php" "Mozilla/5.0 (Linux; Android 6.0.1; Nexus 5X Build/MMB29P) AppleWebKit/537.36 (KHTML, like Gecko) Chrome/141.0.7390.122 Mobile Safari/537.36 (compatible; Googlebot/2.1; +http://www.google.com/bot.html)"
66.249.69.12 - - [14/Dec/2025:14:47:56 +0000] "GET /amp.php HTTP/1.1" 200 12792 "http://delta-hospital.com/login.php" "Mozilla/5.0 (Linux; Android 6.0.1; Nexus 5X Build/MMB29P) AppleWebKit/537.36 (KHTML, like Gecko) Chrome/141.0.7390.122 Mobile Safari/537.36 (compatible; Googlebot/2.1; +http://www.google.com/bot.html)"
66.249.69.12 - - [14/Dec/2025:14:47:56 +0000] "GET /amp.php HTTP/1.1" 200 12792 "http://delta-hospital.com/login.php" "Mozilla/5.0 (Linux; Android 6.0.1; Nexus 5X Build/MMB29P) AppleWebKit/537.36 (KHTML, like Gecko) Chrome/141.0.7390.122 Mobile Safari/537.36 (compatible; Googlebot/2.1; +http://www.google.com/bot.html)"
34.192.67.98 - - [14/Dec/2025:14:48:12 +0000] "GET /robots.txt HTTP/1.1" 200 225 "-" "Mozilla/5.0 AppleWebKit/537.36 (KHTML, like Gecko; compatible; Amazonbot/0.1; +https://developer.amazon.com/support/amazonbot) Chrome/119.0.6045.214 Safari/537.36"
98.83.72.38 - - [14/Dec/2025:14:48:13 +0000] "GET /annual-report-2019/ HTTP/1.1" 200 83331 "-" "Mozilla/5.0 AppleWebKit/537.36 (KHTML, like Gecko; compatible; Amazonbot/0.1; +https://developer.amazon.com/support/amazonbot) Chrome/119.0.6045.214 Safari/537.36"
100.31.53.172 - - [14/Dec/2025:14:49:08 +0000] "GET /app-ads.txt HTTP/1.1" 404 394307 "-" "Mozilla/5.0 (Windows NT 10.0; Win64; x64) AppleWebKit/537.36 (KHTML, like Gecko) Chrome/124.0.0.0 Safari/537.36"
100.31.53.172 - - [14/Dec/2025:15:01:33 +0000] "GET /app-ads.txt HTTP/1.1" 301 0 "-" "Mozilla/5.0 (Windows NT 10.0; Win64; x64) AppleWebKit/537.36 (KHTML, like Gecko) Chrome/124.0.0.0 Safari/537.36"
114.119.134.49 - - [14/Dec/2025:15:02:43 +0000] "GET /wp-includes/default-widgets.php HTTP/1.1" 500 0 "http://delta-hospital.com/wp-includes/?SD" "Mozilla/5.0 (Linux; Android 7.0;) AppleWebKit/537.36 (KHTML, like Gecko) Mobile Safari/537.36 (compatible; PetalBot;+https://webmaster.petalsearch.com/site/petalbot)"
114.119.129.254 - - [14/Dec/2025:15:04:14 +0000] "GET /wp-includes/class-oembed.php HTTP/1.1" 200 0 "http://delta-hospital.com/wp-includes/?SD" "Mozilla/5.0 (Linux; Android 7.0;) AppleWebKit/537.36 (KHTML, like Gecko) Mobile Safari/537.36 (compatible; PetalBot;+https://webmaster.petalsearch.com/site/petalbot)"
39.68.0.224 - - [14/Dec/2025:15:10:53 +0000] "GET /wp-includes/wlwmanifest.xml HTTP/1.1" 200 461 "-" "Mozilla/5.0 (Windows NT 10.0; Win64; x64) AppleWebKit/537.36 (KHTML, like Gecko) Chrome/104.0.5112.81 Safari/537.36 Edg/104.0.1293.54"
39.68.0.224 - - [14/Dec/2025:15:10:58 +0000] "GET /wp-json/oembed/1.0/embed?url=http%3a%2f%2fdelta-hospital.com%2f HTTP/1.1" 200 1129 "-" "Mozilla/5.0 (Windows NT 10.0; Win64; x64) AppleWebKit/537.36 (KHTML, like Gecko) Chrome/104.0.5112.81 Safari/537.36 Edg/104.0.1293.54"
95.142.47.113 - - [14/Dec/2025:15:11:15 +0000] "GET /contact-us/ HTTP/1.0" 200 402746 "http://delta-hospital.com/contact-us/" "Mozilla/5.0 (Windows NT 10.0; Win64; x64) AppleWebKit/537.36 (KHTML, like Gecko) Chrome/130.0.0.0 Safari/537.36 CCleaner/130.0.0.0"
66.249.69.14 - - [14/Dec/2025:15:13:22 +0000] "GET /amp.php HTTP/1.1" 200 12792 "-" "Mozilla/5.0 (compatible; Googlebot/2.1; +http://www.google.com/bot.html)"
66.249.69.14 - - [14/Dec/2025:15:13:23 +0000] "GET /amp.php HTTP/1.1" 200 12792 "-" "Mozilla/5.0 (Linux; Android 6.0.1; Nexus 5X Build/MMB29P) AppleWebKit/537.36 (KHTML, like Gecko) Chrome/99.0.4844.84 Mobile Safari/537.36 (compatible; Googlebot/2.1; +http://www.google.com/bot.html)"
39.68.0.224 - - [14/Dec/2025:15:10:50 +0000] "GET /comments/feed/ HTTP/1.1" 200 421 "-" "Mozilla/5.0 (Windows NT 10.0; Win64; x64) AppleWebKit/537.36 (KHTML, like Gecko) Chrome/104.0.5112.81 Safari/537.36 Edg/104.0.1293.54"
39.68.0.224 - - [14/Dec/2025:15:10:59 +0000] "GET /wp-json/oembed/1.0/embed?url=http%3a%2f%2fdelta-hospital.com%2f& HTTP/1.1" 200 1129 "-" "Mozilla/5.0 (Windows NT 10.0; Win64; x64) AppleWebKit/537.36 (KHTML, like Gecko) Chrome/104.0.5112.81 Safari/537.36 Edg/104.0.1293.54"
66.249.69.13 - - [14/Dec/2025:15:13:21 +0000] "GET /doctor/prof-dr-shaikh-shofiur-rahman/ HTTP/1.1" 302 0 "-" "Mozilla/5.0 (compatible; Googlebot/2.1; +http://www.google.com/bot.html)"
66.249.69.13 - - [14/Dec/2025:15:13:22 +0000] "GET /doctor/prof-dr-shaikh-shofiur-rahman/ HTTP/1.1" 302 0 "-" "Mozilla/5.0 (Linux; Android 6.0.1; Nexus 5X Build/MMB29P) AppleWebKit/537.36 (KHTML, like Gecko) Chrome/99.0.4844.84 Mobile Safari/537.36 (compatible; Googlebot/2.1; +http://www.google.com/bot.html)"
4.194.51.10 - - [14/Dec/2025:15:17:14 +0000] "GET /wp-content/plugins/hellopress/wp_filemanager.php HTTP/1.1" 403 1242 "-" "-"
4.194.51.10 - - [14/Dec/2025:15:17:14 +0000] "GET /domains.php HTTP/1.1" 403 1242 "-" "-"
4.194.51.10 - - [14/Dec/2025:15:17:14 +0000] "GET /55b76.php HTTP/1.1" 403 1242 "-" "-"
4.194.51.10 - - [14/Dec/2025:15:17:15 +0000] "GET /asa.php HTTP/1.1" 403 1242 "-" "-"
4.194.51.10 - - [14/Dec/2025:15:17:15 +0000] "GET /4fk6.php HTTP/1.1" 403 1242 "-" "-"
4.194.51.10 - - [14/Dec/2025:15:17:15 +0000] "GET /z123.php HTTP/1.1" 403 1242 "-" "-"
4.194.51.10 - - [14/Dec/2025:15:17:15 +0000] "GET /dox.php HTTP/1.1" 403 1242 "-" "-"
4.194.51.10 - - [14/Dec/2025:15:17:16 +0000] "GET /ccea.php HTTP/1.1" 403 1242 "-" "-"
4.194.51.10 - - [14/Dec/2025:15:17:16 +0000] "GET /a5e0a.php HTTP/1.1" 403 1242 "-" "-"
4.194.51.10 - - [14/Dec/2025:15:17:16 +0000] "GET /qaez.php56 HTTP/1.1" 403 1242 "-" "-"
4.194.51.10 - - [14/Dec/2025:15:17:16 +0000] "GET /s.php HTTP/1.1" 403 1242 "-" "-"
4.194.51.10 - - [14/Dec/2025:15:17:17 +0000] "GET /admin.php HTTP/1.1" 403 1242 "-" "-"
4.194.51.10 - - [14/Dec/2025:15:17:17 +0000] "GET /s121ws2s.php HTTP/1.1" 403 1242 "-" "-"
4.194.51.10 - - [14/Dec/2025:15:17:17 +0000] "GET /ww1.php?= HTTP/1.1" 403 1242 "-" "-"
4.194.51.10 - - [14/Dec/2025:15:17:17 +0000] "GET /cc.php HTTP/1.1" 403 1242 "-" "-"
4.194.51.10 - - [14/Dec/2025:15:17:17 +0000] "GET /ww3.php?p= HTTP/1.1" 403 1242 "-" "-"
4.194.51.10 - - [14/Dec/2025:15:17:18 +0000] "GET /783de.php HTTP/1.1" 403 1242 "-" "-"
4.194.51.10 - - [14/Dec/2025:15:17:18 +0000] "GET /lm15.php HTTP/1.1" 403 1242 "-" "-"
4.194.51.10 - - [14/Dec/2025:15:17:18 +0000] "GET /gdn.php HTTP/1.1" 403 1242 "-" "-"
4.194.51.10 - - [14/Dec/2025:15:17:18 +0000] "GET /file5.php HTTP/1.1" 403 1242 "-" "-"
4.194.51.10 - - [14/Dec/2025:15:17:19 +0000] "GET /3i8som87avh59dosfymtvCakc.php HTTP/1.1" 403 1242 "-" "-"
4.194.51.10 - - [14/Dec/2025:15:17:19 +0000] "GET /rzki.php HTTP/1.1" 403 1242 "-" "-"
4.194.51.10 - - [14/Dec/2025:15:17:19 +0000] "GET /sx.php HTTP/1.1" 403 1242 "-" "-"
4.194.51.10 - - [14/Dec/2025:15:17:19 +0000] "GET /0x.php HTTP/1.1" 403 1242 "-" "-"
4.194.51.10 - - [14/Dec/2025:15:17:20 +0000] "GET /zc-729.php HTTP/1.1" 403 1242 "-" "-"
4.194.51.10 - - [14/Dec/2025:15:17:20 +0000] "GET /file30.php HTTP/1.1" 403 1242 "-" "-"
4.194.51.10 - - [14/Dec/2025:15:17:20 +0000] "GET /rp8zi.php HTTP/1.1" 403 1242 "-" "-"
4.194.51.10 - - [14/Dec/2025:15:17:20 +0000] "GET /cc3.php HTTP/1.1" 403 1242 "-" "-"
4.194.51.10 - - [14/Dec/2025:15:17:21 +0000] "GET /wp-mail.php HTTP/1.1" 403 1242 "-" "-"
4.194.51.10 - - [14/Dec/2025:15:17:21 +0000] "GET /wps.php HTTP/1.1" 403 1242 "-" "-"
4.194.51.10 - - [14/Dec/2025:15:17:21 +0000] "GET /qV9GbcJwZgK.php HTTP/1.1" 403 1242 "-" "-"
4.194.51.10 - - [14/Dec/2025:15:17:21 +0000] "GET /qsntqiho.php HTTP/1.1" 403 1242 "-" "-"
4.194.51.10 - - [14/Dec/2025:15:17:21 +0000] "GET /qjaqjahu.php HTTP/1.1" 403 1242 "-" "-"
4.194.51.10 - - [14/Dec/2025:15:17:22 +0000] "GET /qhLaGswd9DS.php HTTP/1.1" 403 1242 "-" "-"
66.249.69.14 - - [14/Dec/2025:14:51:55 +0000] "GET /index/main.js.indir HTTP/1.1" 302 0 "http://delta-hospital.com/amp.php" "Mozilla/5.0 (Linux; Android 6.0.1; Nexus 5X Build/MMB29P) AppleWebKit/537.36 (KHTML, like Gecko) Chrome/141.0.7390.122 Mobile Safari/537.36 (compatible; Googlebot/2.1; +http://www.google.com/bot.html)"
100.31.53.172 - - [14/Dec/2025:15:03:31 +0000] "GET /app-ads.txt HTTP/1.1" 404 394289 "-" "Mozilla/5.0 (Windows NT 10.0; Win64; x64) AppleWebKit/537.36 (KHTML, like Gecko) Chrome/124.0.0.0 Safari/537.36"
54.166.131.188 - - [14/Dec/2025:15:10:35 +0000] "GET /app-ads.txt HTTP/1.1" 301 0 "-" "Mozilla/5.0 (Windows NT 10.0; Win64; x64) AppleWebKit/537.36 (KHTML, like Gecko) Chrome/124.0.0.0 Safari/537.36"
39.68.0.224 - - [14/Dec/2025:15:10:49 +0000] "GET /feed/ HTTP/1.1" 200 671 "-" "Mozilla/5.0 (Windows NT 10.0; Win64; x64) AppleWebKit/537.36 (KHTML, like Gecko) Chrome/104.0.5112.81 Safari/537.36 Edg/104.0.1293.54"
39.68.0.224 - - [14/Dec/2025:15:10:51 +0000] "GET /wp-json/ HTTP/1.1" 200 5978 "-" "Mozilla/5.0 (Windows NT 10.0; Win64; x64) AppleWebKit/537.36 (KHTML, like Gecko) Chrome/104.0.5112.81 Safari/537.36 Edg/104.0.1293.54"
39.68.0.224 - - [14/Dec/2025:15:10:52 +0000] "GET /xmlrpc.php?rsd HTTP/1.1" 200 319 "-" "Mozilla/5.0 (Windows NT 10.0; Win64; x64) AppleWebKit/537.36 (KHTML, like Gecko) Chrome/104.0.5112.81 Safari/537.36 Edg/104.0.1293.54"
39.68.0.224 - - [14/Dec/2025:15:10:54 +0000] "GET / HTTP/1.1" 200 93985 "-" "Mozilla/5.0 (Windows NT 10.0; Win64; x64) AppleWebKit/537.36 (KHTML, like Gecko) Chrome/104.0.5112.81 Safari/537.36 Edg/104.0.1293.54"
54.166.131.188 - - [14/Dec/2025:15:11:10 +0000] "GET /app-ads.txt HTTP/1.1" 404 394299 "-" "Mozilla/5.0 (Windows NT 10.0; Win64; x64) AppleWebKit/537.36 (KHTML, like Gecko) Chrome/124.0.0.0 Safari/537.36"
95.142.47.113 - - [14/Dec/2025:15:11:16 +0000] "POST /wp-json/contact-form-7/v1/contact-forms/4/feedback HTTP/1.0" 200 106 "http://delta-hospital.com/contact-us/" "Mozilla/5.0 (Windows NT 10.0; Win64; x64) AppleWebKit/537.36 (KHTML, like Gecko) Chrome/130.0.0.0 Safari/537.36 CCleaner/130.0.0.0"
100.31.53.172 - - [14/Dec/2025:15:12:01 +0000] "GET /app-ads.txt HTTP/1.1" 404 394260 "-" "Mozilla/5.0 (Windows NT 10.0; Win64; x64) AppleWebKit/537.36 (KHTML, like Gecko) Chrome/124.0.0.0 Safari/537.36"
34.106.16.20 - - [14/Dec/2025:15:33:34 +0000] "GET /wp-content/uploads/2018/02/logo-medical3.png HTTP/1.1" 200 4579 "-" "Mozilla/5.0 (Linux; Android 8.1.0; Moto G (4)) AppleWebKit/537.36 (KHTML, like Gecko) Chrome/143.0.0.0 Mobile Safari/537.36 PTST/251202.154650"
34.106.16.20 - - [14/Dec/2025:15:34:10 +0000] "GET /wp-content/uploads/2018/02/logo-medical3.png HTTP/1.1" 200 4579 "-" "Mozilla/5.0 (Linux; Android 8.1.0; Moto G (4)) AppleWebKit/537.36 (KHTML like Gecko) Chrome/143.0.0.0 Mobile Safari/537.36 PTST/251202.154650"
100.31.53.172 - - [14/Dec/2025:15:38:53 +0000] "GET /app-ads.txt HTTP/1.1" 404 394286 "-" "Mozilla/5.0 (Windows NT 10.0; Win64; x64) AppleWebKit/537.36 (KHTML, like Gecko) Chrome/124.0.0.0 Safari/537.36"
100.31.53.172 - - [14/Dec/2025:15:44:01 +0000] "GET /app-ads.txt HTTP/1.1" 404 394272 "-" "Mozilla/5.0 (Windows NT 10.0; Win64; x64) AppleWebKit/537.36 (KHTML, like Gecko) Chrome/124.0.0.0 Safari/537.36"
66.249.72.68 - - [14/Dec/2025:15:45:34 +0000] "GET /amp.php HTTP/1.1" 200 12811 "-" "Mozilla/5.0 (Linux; Android 6.0.1; Nexus 5X Build/MMB29P) AppleWebKit/537.36 (KHTML, like Gecko) Chrome/141.0.7390.122 Mobile Safari/537.36 (compatible; Googlebot/2.1; +http://www.google.com/bot.html)"
3.145.208.234 - - [14/Dec/2025:15:56:04 +0000] "GET /wp-content/themes/seotheme/db.php?u HTTP/1.1" 404 394305 "www.google.com" "Mozlila/5.0 (Linux; Android 7.0; SM-G892A Bulid/NRD90M; wv) AppleWebKit/537.36 (KHTML, like Gecko) Version/4.0 Chrome/60.0.3112.107 Moblie Safari/537.36"
173.252.87.25 - - [14/Dec/2025:15:58:12 +0000] "GET /robots.txt HTTP/1.1" 206 288 "-" "facebookexternalhit/1.1 (+http://www.facebook.com/externalhit_uatext.php)"
66.249.69.14 - - [14/Dec/2025:15:13:24 +0000] "GET /index/swiper.js.indir HTTP/1.1" 302 0 "http://delta-hospital.com/amp.php" "Mozilla/5.0 AppleWebKit/537.36 (KHTML, like Gecko; compatible; Googlebot/2.1; +http://www.google.com/bot.html) Chrome/141.0.7390.122 Safari/537.36"
223.109.255.171 - - [14/Dec/2025:15:17:32 +0000] "GET / HTTP/1.1" 302 0 "-" "Sogou web spider/4.0(+http://www.sogou.com/docs/help/webmasters.htm#07)"
223.109.255.171 - - [14/Dec/2025:15:17:32 +0000] "GET /amp.php HTTP/1.1" 200 14634 "-" "Sogou web spider/4.0(+http://www.sogou.com/docs/help/webmasters.htm#07)"
100.31.53.172 - - [14/Dec/2025:15:17:39 +0000] "GET /app-ads.txt HTTP/1.1" 404 394277 "-" "Mozilla/5.0 (Windows NT 10.0; Win64; x64) AppleWebKit/537.36 (KHTML, like Gecko) Chrome/124.0.0.0 Safari/537.36"
100.31.53.172 - - [14/Dec/2025:15:19:44 +0000] "GET /app-ads.txt HTTP/1.1" 301 0 "-" "Mozilla/5.0 (Windows NT 10.0; Win64; x64) AppleWebKit/537.36 (KHTML, like Gecko) Chrome/124.0.0.0 Safari/537.36"
100.31.53.172 - - [14/Dec/2025:15:20:09 +0000] "GET /app-ads.txt HTTP/1.1" 404 394261 "-" "Mozilla/5.0 (Windows NT 10.0; Win64; x64) AppleWebKit/537.36 (KHTML, like Gecko) Chrome/124.0.0.0 Safari/537.36"
185.102.115.93 - - [14/Dec/2025:15:36:13 +0000] "POST /myk.php HTTP/1.1" 404 68632 "-" "Mozilla/4.0 (compatible; MSIE 6.0; Windows NT 5.1; SV1)"
100.31.53.172 - - [14/Dec/2025:15:42:59 +0000] "GET /app-ads.txt HTTP/1.1" 301 0 "-" "Mozilla/5.0 (Windows NT 10.0; Win64; x64) AppleWebKit/537.36 (KHTML, like Gecko) Chrome/124.0.0.0 Safari/537.36"
66.249.69.14 - - [14/Dec/2025:15:43:45 +0000] "GET /services/pathology-services/ HTTP/1.1" 302 0 "-" "Mozilla/5.0 (Linux; Android 6.0.1; Nexus 5X Build/MMB29P) AppleWebKit/537.36 (KHTML, like Gecko) Chrome/141.0.7390.122 Mobile Safari/537.36 (compatible; Googlebot/2.1; +http://www.google.com/bot.html)"
3.145.208.234 - - [14/Dec/2025:15:56:04 +0000] "GET / HTTP/1.1" 200 508256 "-" "Mozlila/5.0 (Linux; Android 7.0; SM-G892A Bulid/NRD90M; wv) AppleWebKit/537.36 (KHTML, like Gecko) Version/4.0 Chrome/60.0.3112.107 Moblie Safari/537.36"
3.145.208.234 - - [14/Dec/2025:15:56:05 +0000] "GET /wp-content/plugins/apikey/apikey.php?test=hello HTTP/1.1" 404 394318 "-" "Mozlila/5.0 (Linux; Android 7.0; SM-G892A Bulid/NRD90M; wv) AppleWebKit/537.36 (KHTML, like Gecko) Version/4.0 Chrome/60.0.3112.107 Moblie Safari/537.36"
3.145.208.234 - - [14/Dec/2025:15:56:05 +0000] "GET /plugins/content/apismtp/apismtp.php?test=hello HTTP/1.1" 404 394291 "-" "Mozlila/5.0 (Linux; Android 7.0; SM-G892A Bulid/NRD90M; wv) AppleWebKit/537.36 (KHTML, like Gecko) Version/4.0 Chrome/60.0.3112.107 Moblie Safari/537.36"
3.145.208.234 - - [14/Dec/2025:15:56:06 +0000] "GET /wp-content/plugins/apikey/apikey.php.suspected?test=hello HTTP/1.1" 404 394301 "-" "Mozlila/5.0 (Linux; Android 7.0; SM-G892A Bulid/NRD90M; wv) AppleWebKit/537.36 (KHTML, like Gecko) Version/4.0 Chrome/60.0.3112.107 Moblie Safari/537.36"
3.145.208.234 - - [14/Dec/2025:15:56:06 +0000] "GET /plugins/content/apismtp/apismtp.php.suspected?test=hello HTTP/1.1" 404 394311 "-" "Mozlila/5.0 (Linux; Android 7.0; SM-G892A Bulid/NRD90M; wv) AppleWebKit/537.36 (KHTML, like Gecko) Version/4.0 Chrome/60.0.3112.107 Moblie Safari/537.36"
170.10.162.208 - - [14/Dec/2025:16:04:35 +0000] "POST /wp-cron.php?doing_wp_cron=1765728275.0073640346527099609375 HTTP/1.1" 200 0 "http://delta-hospital.com/wp-cron.php?doing_wp_cron=1765728275.0073640346527099609375" "51lx50VXsVkf"
104.207.34.142 - - [14/Dec/2025:16:04:34 +0000] "GET /contact-us/ HTTP/1.1" 200 70380 "-" "Mozilla/5.0 (Macintosh; Intel Mac OS X 12_5) AppleWebKit/537.36 (KHTML, like Gecko) Chrome/114.0.0.0 Safari/537.36"
220.181.51.118 - - [14/Dec/2025:16:13:02 +0000] "GET /assets/index.png HTTP/1.1" 404 393216 "http://delta-hospital.com/" "Mozilla/5.0 (Windows NT 10.0; WOW64) AppleWebKit/537.36 (KHTML, like Gecko) Chrome/48.0.2564.116 Safari/537.36"
4.194.51.10 - - [14/Dec/2025:15:17:22 +0000] "GET /pwyjwrfr.php HTTP/1.1" 403 1242 "-" "-"
4.194.51.10 - - [14/Dec/2025:15:17:22 +0000] "GET /pNRzcP6wtYy.php HTTP/1.1" 403 1242 "-" "-"
4.194.51.10 - - [14/Dec/2025:15:17:22 +0000] "GET /ox8xhkkw.php HTTP/1.1" 403 1242 "-" "-"
4.194.51.10 - - [14/Dec/2025:15:17:23 +0000] "GET /oc460l3x.php HTTP/1.1" 403 1242 "-" "-"
4.194.51.10 - - [14/Dec/2025:15:17:23 +0000] "GET /NWqz649FIe7.php HTTP/1.1" 403 1242 "-" "-"
4.194.51.10 - - [14/Dec/2025:15:17:23 +0000] "GET /nucqsqeg.php HTTP/1.1" 403 1242 "-" "-"
4.194.51.10 - - [14/Dec/2025:15:17:23 +0000] "GET /mhpglaje.php HTTP/1.1" 403 1242 "-" "-"
4.194.51.10 - - [14/Dec/2025:15:17:24 +0000] "GET /LvCBeZWaSgQ.php HTTP/1.1" 403 1242 "-" "-"
4.194.51.10 - - [14/Dec/2025:15:17:24 +0000] "GET /KV7EGJmhHzX.php HTTP/1.1" 403 1242 "-" "-"
4.194.51.10 - - [14/Dec/2025:15:17:24 +0000] "GET /ijNdPI1Orya.php HTTP/1.1" 403 1242 "-" "-"
4.194.51.10 - - [14/Dec/2025:15:17:24 +0000] "GET /HPum4ZEBJRC.php HTTP/1.1" 403 1242 "-" "-"
4.194.51.10 - - [14/Dec/2025:15:17:25 +0000] "GET /hplfuns.php HTTP/1.1" 403 1242 "-" "-"
4.194.51.10 - - [14/Dec/2025:15:17:25 +0000] "GET /6kDPjgFTmvS.php HTTP/1.1" 403 1242 "-" "-"
4.194.51.10 - - [14/Dec/2025:15:17:25 +0000] "GET /8xg5Bv6XIUw.php HTTP/1.1" 403 1242 "-" "-"
4.194.51.10 - - [14/Dec/2025:15:17:25 +0000] "GET /admin-header.php HTTP/1.1" 403 1242 "-" "-"
4.194.51.10 - - [14/Dec/2025:15:17:26 +0000] "GET /aGeTbFjB5Zu.php HTTP/1.1" 403 1242 "-" "-"
4.194.51.10 - - [14/Dec/2025:15:17:26 +0000] "GET /BMjXQkgwpeb.php HTTP/1.1" 403 1242 "-" "-"
4.194.51.10 - - [14/Dec/2025:15:17:26 +0000] "GET /FSCMNvnjPX4.php HTTP/1.1" 403 1242 "-" "-"
4.194.51.10 - - [14/Dec/2025:15:17:26 +0000] "GET /wp-good.php HTTP/1.1" 403 1242 "-" "-"
112.86.225.174 - - [14/Dec/2025:15:36:10 +0000] "GET / HTTP/1.1" 302 0 "-" "Sogou web spider/4.0(+http://www.sogou.com/docs/help/webmasters.htm#07)"
112.86.225.174 - - [14/Dec/2025:15:36:10 +0000] "GET /amp.php HTTP/1.1" 200 14631 "-" "Sogou web spider/4.0(+http://www.sogou.com/docs/help/webmasters.htm#07)"
114.119.129.254 - - [14/Dec/2025:15:45:22 +0000] "GET /wp-includes/assets/script-loader-react-refresh-entry.min.php HTTP/1.1" 302 0 "http://delta-hospital.com/wp-includes/assets/?MD" "Mozilla/5.0 (Linux; Android 7.0;) AppleWebKit/537.36 (KHTML, like Gecko) Mobile Safari/537.36 (compatible; PetalBot;+https://webmaster.petalsearch.com/site/petalbot)"
